{"id":1320,"date":"2023-06-09T10:45:36","date_gmt":"2023-06-09T08:45:36","guid":{"rendered":"https:\/\/agora.xtec.cat\/cfarafaelfarre\/?page_id=1320"},"modified":"2023-06-12T20:40:51","modified_gmt":"2023-06-12T18:40:51","slug":"estrategia-digital","status":"publish","type":"page","link":"https:\/\/agora.xtec.cat\/cfarafaelfarre\/pla-digital-de-centre\/estrategia-digital\/","title":{"rendered":"Estrat\u00e8gia digital"},"content":{"rendered":"<p>L\u2019Estrat\u00e8gia Digital de Centre (EDC) \u00e9s un document que recull totes les accions que es realitzen en el CFA Rafael Farr\u00e9, i les que es realitzaran a mitj\u00e0 termini, per aconseguir la m\u00e0xima compet\u00e8ncia digital de l\u2019alumnat i el professorat.<\/p>\n<ul class=\"sub-menu\">\n<li id=\"menu-item-1313\" class=\"menu-item menu-item-type-post_type menu-item-object-page menu-item-1313\"><a href=\"https:\/\/agora.xtec.cat\/cfarafaelfarre\/pla-digital-de-centre\/estrategia-digital\/diagnosi\/\">Diagnosi<\/a><\/li>\n<li id=\"menu-item-1312\" class=\"menu-item menu-item-type-post_type menu-item-object-page menu-item-1312\"><a href=\"https:\/\/docs.google.com\/spreadsheets\/d\/13FsShLP43oDSpe7VR_3NRotCPKS0EpUsk5J20tshUO0\/edit?usp=sharing\">Objectius i planificaci\u00f3<\/a><\/li>\n<li id=\"menu-item-1311\" class=\"menu-item menu-item-type-post_type menu-item-object-page menu-item-1311\"><a href=\"https:\/\/docs.google.com\/spreadsheets\/d\/1TDqKxA8bTLb7cUzZ1eghYaj1O4n_ZQuG24eDnCOwlO0\/edit?usp=sharing\">Activitats<\/a><\/li>\n<li id=\"menu-item-1310\" class=\"menu-item menu-item-type-post_type menu-item-object-page menu-item-1310\"><a href=\"https:\/\/agora.xtec.cat\/cfarafaelfarre\/pla-digital-de-centre\/estrategia-digital\/avaluacio\/\">Avaluaci\u00f3<\/a><\/li>\n<\/ul>\n","protected":false},"excerpt":{"rendered":"<p>L\u2019Estrat\u00e8gia Digital de Centre (EDC) \u00e9s un document que recull totes les accions que es realitzen en el CFA Rafael Farr\u00e9, i les que es realitzaran a mitj\u00e0 termini, per aconseguir la m\u00e0xima compet\u00e8ncia digital de l\u2019alumnat i el professorat.<\/p>\n<ul class=\"sub-menu\">\n<li id=\"menu-item-1313\" class=\"menu-item menu-item-type-post_type menu-item-object-page&hellip;  <a href=\"https:\/\/agora.xtec.cat\/cfarafaelfarre\/pla-digital-de-centre\/estrategia-digital\/\" title=\"Read Estrat\u00e8gia digital\">Llegeix m\u00e9s\u00bb<\/a><br \/>\n","protected":false},"author":1,"featured_media":0,"parent":1296,"menu_order":0,"comment_status":"closed","ping_status":"closed","template":"","meta":{"_bbp_topic_count":0,"_bbp_reply_count":0,"_bbp_total_topic_count":0,"_bbp_total_reply_count":0,"_bbp_voice_count":0,"_bbp_anonymous_reply_count":0,"_bbp_topic_count_hidden":0,"_bbp_reply_count_hidden":0,"_bbp_forum_subforum_count":0,"footnotes":""},"class_list":["post-1320","page","type-page","status-publish","hentry"],"post_mailing_queue_ids":[],"_links":{"self":[{"href":"https:\/\/agora.xtec.cat\/cfarafaelfarre\/wp-json\/wp\/v2\/pages\/1320","targetHints":{"allow":["GET"]}}],"collection":[{"href":"https:\/\/agora.xtec.cat\/cfarafaelfarre\/wp-json\/wp\/v2\/pages"}],"about":[{"href":"https:\/\/agora.xtec.cat\/cfarafaelfarre\/wp-json\/wp\/v2\/types\/page"}],"author":[{"embeddable":true,"href":"https:\/\/agora.xtec.cat\/cfarafaelfarre\/wp-json\/wp\/v2\/users\/1"}],"replies":[{"embeddable":true,"href":"https:\/\/agora.xtec.cat\/cfarafaelfarre\/wp-json\/wp\/v2\/comments?post=1320"}],"version-history":[{"count":3,"href":"https:\/\/agora.xtec.cat\/cfarafaelfarre\/wp-json\/wp\/v2\/pages\/1320\/revisions"}],"predecessor-version":[{"id":1361,"href":"https:\/\/agora.xtec.cat\/cfarafaelfarre\/wp-json\/wp\/v2\/pages\/1320\/revisions\/1361"}],"up":[{"embeddable":true,"href":"https:\/\/agora.xtec.cat\/cfarafaelfarre\/wp-json\/wp\/v2\/pages\/1296"}],"wp:attachment":[{"href":"https:\/\/agora.xtec.cat\/cfarafaelfarre\/wp-json\/wp\/v2\/media?parent=1320"}],"curies":[{"name":"wp","href":"https:\/\/api.w.org\/{rel}","templated":true}]}}