{"id":1302,"date":"2023-06-09T09:57:53","date_gmt":"2023-06-09T07:57:53","guid":{"rendered":"https:\/\/agora.xtec.cat\/cfarafaelfarre\/?page_id=1302"},"modified":"2023-06-09T11:41:47","modified_gmt":"2023-06-09T09:41:47","slug":"metodologia-i-recursos-digitals","status":"publish","type":"page","link":"https:\/\/agora.xtec.cat\/cfarafaelfarre\/pla-digital-de-centre\/cultura-digital\/metodologia-i-recursos-digitals\/","title":{"rendered":"Metodologia i recursos digitals"},"content":{"rendered":"<p><span style=\"font-weight: 400;\">Al CFA Rafael Farr\u00e9 es fan servir quatre entorns virtuals d\u2019aprenentatge (<\/span><b>EVA<\/b><span style=\"font-weight: 400;\">), espais de trobada i de comunicaci\u00f3 telem\u00e0tica que serveixen de plataforma d\u2019ensenyament i aprenentatge.<\/span><\/p>\n<p><b>Classroom (GES)<\/b><\/p>\n<p><span style=\"font-weight: 400;\">Cada membre del centre t\u00e9 un compte de correu propi amb l\u2019extensi\u00f3 <\/span><i><span style=\"font-weight: 400;\">@cfarafaelfarre.cat<\/span><\/i><span style=\"font-weight: 400;\">, que es crea tan bon punt hi ha un nou alumne matriculat a GES. \u00c9s a trav\u00e9s d\u2019aquest correu corporatiu que es gestiona aquesta EVA.<\/span><\/p>\n<p><span style=\"font-weight: 400;\">Els cursos els crea cada professor, per\u00f2 formen part del material pedag\u00f2gic del centre, per la qual cosa es poden fer servir totalment o parcialment en diferents cursos, independentment de si hi ha algun canvi en el professorat.<\/span><\/p>\n<p><b>Moodle (Proves d\u2019acc\u00e9s)<\/b><\/p>\n<p><span style=\"font-weight: 400;\">Cada membre del professorat del centre t\u00e9 un compte propi amb contrasenya per gestionar els cursos. El coordinador TIC i el secretari s\u2019encarreguen de la seva gesti\u00f3 general i de la creaci\u00f3 d\u2019usuaris quan hi ha noves matr\u00edcules.<\/span><\/p>\n<p><span style=\"font-weight: 400;\">Els cursos els gestiona cada professor, per\u00f2 formen part del material pedag\u00f2gic del centre, per la qual cosa es poden fer servir totalment o parcialment en diferents cursos, independentment de si hi ha algun canvi en el professorat.<\/span><\/p>\n<p><span style=\"font-weight: 400;\">Tot i que actualment \u00e9s una EVA d\u2019\u00fas b\u00e0sicament per part dels cursos de preparaci\u00f3 de proves d\u2019acc\u00e9s, tamb\u00e9 es pot fer servir per qualsevol altre ensenyament; de fet, per als cursos de llengua anglesa tamb\u00e9 es fa servir de manera puntual.<\/span><\/p>\n<p><b>Plataformes espec\u00edfiques (Lleng\u00fces)<\/b><\/p>\n<p><span style=\"font-weight: 400;\">Als ensenyaments espec\u00edfics de lleng\u00fces (Castell\u00e0 i Angl\u00e8s), es fan servir unes plataformes espec\u00edfiques, complement del material did\u00e0ctic de les editorials Difusi\u00f3n i Oxford, respectivament.<\/span><\/p>\n<p><b>Ordinadors disponibles<\/b><span style=\"font-weight: 400;\"><br \/>\n<\/span><span style=\"font-weight: 400;\"><br \/>\n<\/span><span style=\"font-weight: 400;\">El CFA Rafael Farr\u00e9 t\u00e9 2 aules d\u2019Inform\u00e0tica disponibles:<\/span><span style=\"font-weight: 400;\"><br \/>\n<\/span><span style=\"font-weight: 400;\">&#8211; Aula d\u2019inform\u00e0tica 1: 17 ordinadors<\/span><span style=\"font-weight: 400;\"><br \/>\n<\/span><span style=\"font-weight: 400;\">&#8211; Aula d\u2019inform\u00e0tica 2: 18 ordinadors<\/span><\/p>\n<p><span style=\"font-weight: 400;\">Tamb\u00e9 hi ha ordinadors disponibles a les aules de GES:<\/span><span style=\"font-weight: 400;\"><br \/>\n<\/span><span style=\"font-weight: 400;\">&#8211; Aula 1: 8 ordinadors<\/span><span style=\"font-weight: 400;\"><br \/>\n<\/span><span style=\"font-weight: 400;\">&#8211; Aula 2: 7 ordinadors<\/span><\/p>\n<p><span style=\"font-weight: 400;\">Val a dir, aix\u00ed mateix, que totes les aules estan equipades amb ordinador d\u2019aula, projector,\u00a0 altaveus i connexi\u00f3 a Internet per LAN i per Wi-Fi. Tamb\u00e9 hi ha un despatx pel professorat amb dos ordinadors i dues fotocopiadores.<\/span><\/p>\n","protected":false},"excerpt":{"rendered":"<p>Al CFA Rafael Farr\u00e9 es fan servir quatre entorns virtuals d\u2019aprenentatge (EVA), espais de trobada i de comunicaci\u00f3 telem\u00e0tica que serveixen de plataforma d\u2019ensenyament i aprenentatge.<br \/>\nClassroom (GES)<br \/>\nCada membre del centre t\u00e9 un compte de correu propi amb l\u2019extensi\u00f3 @cfarafaelfarre.cat, que es crea tan bon punt&hellip;  <a href=\"https:\/\/agora.xtec.cat\/cfarafaelfarre\/pla-digital-de-centre\/cultura-digital\/metodologia-i-recursos-digitals\/\" title=\"Read Metodologia i recursos digitals\">Llegeix m\u00e9s\u00bb<\/a><\/p>\n","protected":false},"author":1,"featured_media":0,"parent":1298,"menu_order":0,"comment_status":"closed","ping_status":"closed","template":"","meta":{"_bbp_topic_count":0,"_bbp_reply_count":0,"_bbp_total_topic_count":0,"_bbp_total_reply_count":0,"_bbp_voice_count":0,"_bbp_anonymous_reply_count":0,"_bbp_topic_count_hidden":0,"_bbp_reply_count_hidden":0,"_bbp_forum_subforum_count":0,"footnotes":""},"class_list":["post-1302","page","type-page","status-publish","hentry"],"post_mailing_queue_ids":[],"_links":{"self":[{"href":"https:\/\/agora.xtec.cat\/cfarafaelfarre\/wp-json\/wp\/v2\/pages\/1302","targetHints":{"allow":["GET"]}}],"collection":[{"href":"https:\/\/agora.xtec.cat\/cfarafaelfarre\/wp-json\/wp\/v2\/pages"}],"about":[{"href":"https:\/\/agora.xtec.cat\/cfarafaelfarre\/wp-json\/wp\/v2\/types\/page"}],"author":[{"embeddable":true,"href":"https:\/\/agora.xtec.cat\/cfarafaelfarre\/wp-json\/wp\/v2\/users\/1"}],"replies":[{"embeddable":true,"href":"https:\/\/agora.xtec.cat\/cfarafaelfarre\/wp-json\/wp\/v2\/comments?post=1302"}],"version-history":[{"count":1,"href":"https:\/\/agora.xtec.cat\/cfarafaelfarre\/wp-json\/wp\/v2\/pages\/1302\/revisions"}],"predecessor-version":[{"id":1303,"href":"https:\/\/agora.xtec.cat\/cfarafaelfarre\/wp-json\/wp\/v2\/pages\/1302\/revisions\/1303"}],"up":[{"embeddable":true,"href":"https:\/\/agora.xtec.cat\/cfarafaelfarre\/wp-json\/wp\/v2\/pages\/1298"}],"wp:attachment":[{"href":"https:\/\/agora.xtec.cat\/cfarafaelfarre\/wp-json\/wp\/v2\/media?parent=1302"}],"curies":[{"name":"wp","href":"https:\/\/api.w.org\/{rel}","templated":true}]}}

<p><span style="font-weight: 400;">Al CFA Rafael Farré es fan servir quatre entorns virtuals d’aprenentatge (</span><b>EVA</b><span style="font-weight: 400;">), espais de trobada i de comunicació telemàtica que serveixen de plataforma d’ensenyament i aprenentatge.</span></p>
<p><b>Classroom (GES)</b></p>
<p><span style="font-weight: 400;">Cada membre del centre té un compte de correu propi amb l’extensió </span><i><span style="font-weight: 400;">@cfarafaelfarre.cat</span></i><span style="font-weight: 400;">, que es crea tan bon punt hi ha un nou alumne matriculat a GES. És a través d’aquest correu corporatiu que es gestiona aquesta EVA.</span></p>
<p><span style="font-weight: 400;">Els cursos els crea cada professor, però formen part del material pedagògic del centre, per la qual cosa es poden fer servir totalment o parcialment en diferents cursos, independentment de si hi ha algun canvi en el professorat.</span></p>
<p><b>Moodle (Proves d’accés)</b></p>
<p><span style="font-weight: 400;">Cada membre del professorat del centre té un compte propi amb contrasenya per gestionar els cursos. El coordinador TIC i el secretari s’encarreguen de la seva gestió general i de la creació d’usuaris quan hi ha noves matrícules.</span></p>
<p><span style="font-weight: 400;">Els cursos els gestiona cada professor, però formen part del material pedagògic del centre, per la qual cosa es poden fer servir totalment o parcialment en diferents cursos, independentment de si hi ha algun canvi en el professorat.</span></p>
<p><span style="font-weight: 400;">Tot i que actualment és una EVA d’ús bàsicament per part dels cursos de preparació de proves d’accés, també es pot fer servir per qualsevol altre ensenyament; de fet, per als cursos de llengua anglesa també es fa servir de manera puntual.</span></p>
<p><b>Plataformes específiques (Llengües)</b></p>
<p><span style="font-weight: 400;">Als ensenyaments específics de llengües (Castellà i Anglès), es fan servir unes plataformes específiques, complement del material didàctic de les editorials Difusión i Oxford, respectivament.</span></p>
<p><b>Ordinadors disponibles</b><span style="font-weight: 400;"><br />
</span><span style="font-weight: 400;"><br />
</span><span style="font-weight: 400;">El CFA Rafael Farré té 2 aules d’Informàtica disponibles:</span><span style="font-weight: 400;"><br />
</span><span style="font-weight: 400;">&#8211; Aula d’informàtica 1: 17 ordinadors</span><span style="font-weight: 400;"><br />
</span><span style="font-weight: 400;">&#8211; Aula d’informàtica 2: 18 ordinadors</span></p>
<p><span style="font-weight: 400;">També hi ha ordinadors disponibles a les aules de GES:</span><span style="font-weight: 400;"><br />
</span><span style="font-weight: 400;">&#8211; Aula 1: 8 ordinadors</span><span style="font-weight: 400;"><br />
</span><span style="font-weight: 400;">&#8211; Aula 2: 7 ordinadors</span></p>
<p><span style="font-weight: 400;">Val a dir, així mateix, que totes les aules estan equipades amb ordinador d’aula, projector,  altaveus i connexió a Internet per LAN i per Wi-Fi. També hi ha un despatx pel professorat amb dos ordinadors i dues fotocopiadores.</span></p>

<p>Al CFA Rafael Farré es fan servir quatre entorns virtuals d’aprenentatge (EVA), espais de trobada i de comunicació telemàtica que serveixen de plataforma d’ensenyament i aprenentatge.<br />
Classroom (GES)<br />
Cada membre del centre té un compte de correu propi amb l’extensió @cfarafaelfarre.cat, que es crea tan bon punt&hellip;  <a href="https://agora.xtec.cat/cfarafaelfarre/pla-digital-de-centre/cultura-digital/metodologia-i-recursos-digitals/" title="Read Metodologia i recursos digitals">Llegeix més»</a></p>
