{"id":779,"date":"2019-04-04T15:04:05","date_gmt":"2019-04-04T13:04:05","guid":{"rendered":"http:\/\/agora.xtec.cat\/cfaplaestany\/?page_id=779"},"modified":"2019-04-04T15:04:05","modified_gmt":"2019-04-04T13:04:05","slug":"converses-per-aprendre","status":"publish","type":"page","link":"https:\/\/agora.xtec.cat\/cfaplaestany\/projecte-educatiu\/converses-per-aprendre\/","title":{"rendered":"Converses per aprendre"},"content":{"rendered":"<p><a href=\"https:\/\/agora.xtec.cat\/cfaplaestany\/wp-content\/uploads\/usu1886\/2019\/04\/converses.jpg\"><img loading=\"lazy\" decoding=\"async\" class=\"size-full wp-image-781 alignleft\" src=\"https:\/\/agora.xtec.cat\/cfaplaestany\/wp-content\/uploads\/usu1886\/2019\/04\/converses.jpg\" alt=\"\" width=\"184\" height=\"129\" \/><\/a><\/p>\n<p><span style=\"font-size: medium;\">El projecte \u2018Converses per aprendre\u2019 va n\u00e9ixer de la necessitat que tenen els nostres alumnes de posar en pr\u00e0ctica la llengua que estan aprenent a l\u2019escola. Per aix\u00f2, posem en contacte dues o m\u00e9s persones, una de les quals t\u00e9 com a llengua\u00a0 materna la llengua que es desitja practicar. Les parelles o grups, es troben un cop per setmana per parlar, passejar, anar a fer un caf\u00e8, etc.<\/span><\/p>\n<p><span style=\"font-size: medium;\">Aquest projecte es va iniciar el febrer del 2013 amb la participaci\u00f3 de 32 persones que van practicar el catal\u00e0, el castell\u00e0 i l\u2019angl\u00e8s. Cada curs augmenten els participants i aix\u00f2 ens anima a continuar-lo. \u00a0<\/span><\/p>\n<p><span style=\"font-size: medium;\">Si esteu interessats en participar-hi, parleu amb el vostre tutor o tutora.<\/span><\/p>\n","protected":false},"excerpt":{"rendered":"<p><a href=\"https:\/\/agora.xtec.cat\/cfaplaestany\/wp-content\/uploads\/usu1886\/2019\/04\/converses.jpg\"><\/a><br \/>\nEl projecte \u2018Converses per aprendre\u2019 va n\u00e9ixer de la necessitat que tenen els nostres alumnes de posar en pr\u00e0ctica la llengua que estan aprenent a l\u2019escola. Per aix\u00f2, posem en contacte dues o m\u00e9s persones, una de les quals t\u00e9 com a llengua\u00a0 materna&hellip;  <a href=\"https:\/\/agora.xtec.cat\/cfaplaestany\/projecte-educatiu\/converses-per-aprendre\/\" title=\"Read Converses per aprendre\">Llegeix m\u00e9s\u00bb<\/a><\/p>\n","protected":false},"author":3,"featured_media":0,"parent":57,"menu_order":0,"comment_status":"closed","ping_status":"closed","template":"page-templates\/side-menu.php","meta":{"_bbp_topic_count":0,"_bbp_reply_count":0,"_bbp_total_topic_count":0,"_bbp_total_reply_count":0,"_bbp_voice_count":0,"_bbp_anonymous_reply_count":0,"_bbp_topic_count_hidden":0,"_bbp_reply_count_hidden":0,"_bbp_forum_subforum_count":0,"footnotes":""},"class_list":["post-779","page","type-page","status-publish","hentry"],"post_mailing_queue_ids":[],"_links":{"self":[{"href":"https:\/\/agora.xtec.cat\/cfaplaestany\/wp-json\/wp\/v2\/pages\/779","targetHints":{"allow":["GET"]}}],"collection":[{"href":"https:\/\/agora.xtec.cat\/cfaplaestany\/wp-json\/wp\/v2\/pages"}],"about":[{"href":"https:\/\/agora.xtec.cat\/cfaplaestany\/wp-json\/wp\/v2\/types\/page"}],"author":[{"embeddable":true,"href":"https:\/\/agora.xtec.cat\/cfaplaestany\/wp-json\/wp\/v2\/users\/3"}],"replies":[{"embeddable":true,"href":"https:\/\/agora.xtec.cat\/cfaplaestany\/wp-json\/wp\/v2\/comments?post=779"}],"version-history":[{"count":2,"href":"https:\/\/agora.xtec.cat\/cfaplaestany\/wp-json\/wp\/v2\/pages\/779\/revisions"}],"predecessor-version":[{"id":782,"href":"https:\/\/agora.xtec.cat\/cfaplaestany\/wp-json\/wp\/v2\/pages\/779\/revisions\/782"}],"up":[{"embeddable":true,"href":"https:\/\/agora.xtec.cat\/cfaplaestany\/wp-json\/wp\/v2\/pages\/57"}],"wp:attachment":[{"href":"https:\/\/agora.xtec.cat\/cfaplaestany\/wp-json\/wp\/v2\/media?parent=779"}],"curies":[{"name":"wp","href":"https:\/\/api.w.org\/{rel}","templated":true}]}}