{"id":1081,"date":"2025-07-02T08:00:25","date_gmt":"2025-07-02T06:00:25","guid":{"rendered":"https:\/\/agora.xtec.cat\/cfaplaestany\/?page_id=1081"},"modified":"2025-07-08T12:31:35","modified_gmt":"2025-07-08T10:31:35","slug":"recursos-professorat","status":"publish","type":"page","link":"https:\/\/agora.xtec.cat\/cfaplaestany\/recursos\/recursos-professorat\/","title":{"rendered":"RECURSOS PROFESSORAT"},"content":{"rendered":"<div id=\"post-body-7426474814756985307\" class=\"post-body entry-content\"><b><\/b><b>RECURSOS DEL DEPARTAMENT D&#8217;ENSENYAMENT:<\/b><br \/>\n<b><br \/>\n<\/b><a href=\"http:\/\/alexandria.xtec.cat\/\" target=\"_blank\" rel=\"noopener noreferrer\">ALEXANDRIA<\/a>\u00a0: Biblioteca de recursos digitals per a l&#8217;aula<\/div>\n<div><\/div>\n<div><\/div>\n<div><\/div>\n<div><\/div>\n<div class=\"post-body entry-content\"><a href=\"https:\/\/merli.xtec.cat\/merli\/cerca\/directoriInicial.jsp\" target=\"_blank\" rel=\"noopener noreferrer\">MERL\u00cd<\/a>\u00a0: Cercador de recursos educatius<\/div>\n<div><\/div>\n<div><\/div>\n<div><\/div>\n<div><\/div>\n<div class=\"post-body entry-content\"><a href=\"https:\/\/projectes.xtec.cat\/xarxadults\/\">Servei d&#8217;educaci\u00f3 al llarg de la vida<\/a><br \/>\n<b><br \/>\n<\/b><b><br \/>\n<\/b><b><br \/>\n<\/b><b>RECURSOS PER A FORMACI\u00d3 INSTRUMENTAL<\/b><\/div>\n<div><\/div>\n<div class=\"post-body entry-content\">Quaderns de Formaci\u00f3 Instrumental del CFA Pla de l&#8217;Estany:<\/div>\n<div><\/div>\n<div class=\"post-body entry-content\">\n<p><b><u>Formaci\u00f3 Instrumental 1<\/u><\/b><\/p>\n<ul>\n<li><a href=\"https:\/\/drive.google.com\/file\/d\/1hsJcjFjRnnmknMMgWFGuuS8U_Tis6mOS\/view?usp=sharing\" target=\"_blank\" rel=\"noopener noreferrer\">Quadern 1<\/a><\/li>\n<li><a href=\"https:\/\/drive.google.com\/file\/d\/1IyG7VlyNBV0rsBmydI6yIki25B_J2hIo\/view?usp=sharing\" target=\"_blank\" rel=\"noopener noreferrer\">Quadern 2<\/a><\/li>\n<li><a href=\"https:\/\/drive.google.com\/file\/d\/1UFT39CgvOBq5Vg2sNyWhpXk6hswkJHqI\/view?usp=sharing\" target=\"_blank\" rel=\"noopener noreferrer\">Quadern 3<\/a><\/li>\n<\/ul>\n<p>Altres recursos:<\/p>\n<ul>\n<li><a href=\"http:\/\/xtec.gencat.cat\/ca\/projectes\/alumnat-origen-estranger\/alumnatnou\/\">XTEC Projectes alumnat nouvingut<\/a><\/li>\n<li><a href=\"http:\/\/www.xtec.cat\/~figlesi2\/fotos\/mataro\/cercles.htm\">L\u00e0mines Conversa del Pla Local de Salt<\/a><\/li>\n<li><a href=\"http:\/\/www20.gencat.cat\/portal\/site\/Llengcat\/menuitem.91021952ed2301e7a129d410b0c0e1a0\/?vgnextoid=05c6a46ac9a62110VgnVCM1000008d0c1e0aRCRD&amp;vgnextchannel=05c6a46ac9a62110VgnVCM1000008d0c1e0aRCRD&amp;vgnextfmt=default\">Viure a Catalunya. L\u00e0mines i guia did\u00e0ctica<\/a><\/li>\n<li><a href=\"https:\/\/blocs.xtec.cat\/recursosee\/2021\/10\/11\/nota-dacces-als-materials\/comment-page-1\/#comment-4071\" target=\"_blank\" rel=\"noopener noreferrer\">Materials per l&#8217;expressi\u00f3 oral<\/a><\/li>\n<li><a href=\"https:\/\/sites.google.com\/site\/materialdauladacollida\/home\/dossiers\/ara-i-ades\">ARA I AD\u00c9S <\/a>&#8211; Material aula d&#8217;acollida<\/li>\n<li><a href=\"http:\/\/www.mclibre.org\/consultar\/primaria\/copia\/copia_1.html\">CAL\u00b7LIGRAFIA<\/a>\u00a0&#8211; Generador de fulls pautats.<\/li>\n<\/ul>\n<p><u><b><br \/>\n<\/b><\/u><u><b>FI2<\/b><\/u><\/p>\n<ul>\n<li><a href=\"https:\/\/sites.google.com\/site\/materialdauladacollida\/home\/dossiers\/comencem-dossier-alumnat\">COMENCEM<\/a>\u00a0&#8211; Quaderns de treball per alumnat nouvingut<\/li>\n<\/ul>\n<p><u><b>MATEM\u00c0TIQUES<\/b><\/u><\/p>\n<ul>\n<li><a href=\"http:\/\/www.genmagic.org\/repositorio\/thumbnails.php?album=14&amp;page=1\">Banc de recursos multim\u00e8dia<\/a>\u00a0&#8211; amb generador de problemes muts entre d&#8217;altres.<\/li>\n<\/ul>\n<p><b><br \/>\n<\/b><b>RECURSOS PER A CATAL\u00c0<\/b><\/p>\n<ul>\n<li><a href=\"http:\/\/www.edu365.cat\/agora\/\">\u00c0GORA<\/a>\u00a0&#8211;\u00a0diccionaris biling\u00fces en diversos idiomes: xin\u00e8s, urd\u00fa, amazic i \u00e0rab. Amb imatges i \u00e0udio.<\/li>\n<\/ul>\n<ul>\n<li>Bloc de &#8216;Coses per a l&#8217;aprenentatge de lleng\u00fces&#8217;:\u00a0<a href=\"http:\/\/desclassificats.cat\/\" target=\"_blank\" rel=\"noopener noreferrer\">Desclassificats\u00a0<\/a><\/li>\n<\/ul>\n<p><b><br \/>\n<\/b><b><br \/>\n<\/b><b>RECURSOS PER A CASTELL\u00c0<\/b><\/p>\n<ul>\n<li><a href=\"http:\/\/www.todoele.net\/\">http:\/\/www.todoele.net\/<\/a>\u00a0&#8211; Recursos, materiales e informaci\u00f3n para profesores de lengua espa\u00f1ola como lengua extranjera y segunda.<\/li>\n<\/ul>\n<ul>\n<li><a href=\"http:\/\/marcoele.com\/\">Revista de did\u00e1ctica espa\u00f1ol lengua extranjera<\/a><\/li>\n<\/ul>\n<div><\/div>\n<div><b>RECURSOS PER A GES<\/b><\/div>\n<div><\/div>\n<div>\n<ul>\n<li><a href=\"http:\/\/www.ccoo.cat\/escolaadults\/index.aspx\" target=\"_blank\" rel=\"noopener noreferrer\">CFA Manuel Sacrist\u00e1n (recursos educatius)\u00a0<\/a><\/li>\n<\/ul>\n<\/div>\n<\/div>\n","protected":false},"excerpt":{"rendered":"<p>RECURSOS DEL DEPARTAMENT D&#8217;ENSENYAMENT:<\/p>\n<p><a href=\"http:\/\/alexandria.xtec.cat\/\" target=\"_blank\" rel=\"noopener noreferrer\">ALEXANDRIA<\/a>\u00a0: Biblioteca de recursos digitals per a l&#8217;aula<\/p>\n<p><a href=\"https:\/\/merli.xtec.cat\/merli\/cerca\/directoriInicial.jsp\" target=\"_blank\" rel=\"noopener noreferrer\">MERL\u00cd<\/a>\u00a0: Cercador de recursos educatius<\/p>\n<p><a href=\"https:\/\/projectes.xtec.cat\/xarxadults\/\">Servei d&#8217;educaci\u00f3 al llarg de la vida<\/a><\/p>\n<p>RECURSOS PER A FORMACI\u00d3 INSTRUMENTAL<\/p>\n<p>Quaderns de Formaci\u00f3 Instrumental del CFA Pla de l&#8217;Estany:<\/p>\n<p>Formaci\u00f3 Instrumental 1<\/p>\n<ul>\n<li><a href=\"https:\/\/drive.google.com\/file\/d\/1hsJcjFjRnnmknMMgWFGuuS8U_Tis6mOS\/view?usp=sharing\"&hellip;  <a href=\"https:\/\/agora.xtec.cat\/cfaplaestany\/recursos\/recursos-professorat\/\" title=\"Read RECURSOS PROFESSORAT\">Llegeix m\u00e9s\u00bb<\/a><br \/>\n","protected":false},"author":3,"featured_media":0,"parent":790,"menu_order":10,"comment_status":"closed","ping_status":"closed","template":"page-templates\/side-menu.php","meta":{"_bbp_topic_count":0,"_bbp_reply_count":0,"_bbp_total_topic_count":0,"_bbp_total_reply_count":0,"_bbp_voice_count":0,"_bbp_anonymous_reply_count":0,"_bbp_topic_count_hidden":0,"_bbp_reply_count_hidden":0,"_bbp_forum_subforum_count":0,"footnotes":""},"class_list":["post-1081","page","type-page","status-publish","hentry"],"post_mailing_queue_ids":[],"_links":{"self":[{"href":"https:\/\/agora.xtec.cat\/cfaplaestany\/wp-json\/wp\/v2\/pages\/1081","targetHints":{"allow":["GET"]}}],"collection":[{"href":"https:\/\/agora.xtec.cat\/cfaplaestany\/wp-json\/wp\/v2\/pages"}],"about":[{"href":"https:\/\/agora.xtec.cat\/cfaplaestany\/wp-json\/wp\/v2\/types\/page"}],"author":[{"embeddable":true,"href":"https:\/\/agora.xtec.cat\/cfaplaestany\/wp-json\/wp\/v2\/users\/3"}],"replies":[{"embeddable":true,"href":"https:\/\/agora.xtec.cat\/cfaplaestany\/wp-json\/wp\/v2\/comments?post=1081"}],"version-history":[{"count":6,"href":"https:\/\/agora.xtec.cat\/cfaplaestany\/wp-json\/wp\/v2\/pages\/1081\/revisions"}],"predecessor-version":[{"id":1842,"href":"https:\/\/agora.xtec.cat\/cfaplaestany\/wp-json\/wp\/v2\/pages\/1081\/revisions\/1842"}],"up":[{"embeddable":true,"href":"https:\/\/agora.xtec.cat\/cfaplaestany\/wp-json\/wp\/v2\/pages\/790"}],"wp:attachment":[{"href":"https:\/\/agora.xtec.cat\/cfaplaestany\/wp-json\/wp\/v2\/media?parent=1081"}],"curies":[{"name":"wp","href":"https:\/\/api.w.org\/{rel}","templated":true}]}}