{"id":943,"date":"2020-06-12T11:16:43","date_gmt":"2020-06-12T09:16:43","guid":{"rendered":"http:\/\/agora.xtec.cat\/cfaperecalders\/?page_id=943"},"modified":"2026-03-05T12:31:59","modified_gmt":"2026-03-05T11:31:59","slug":"escoles-per-la-igualtat-i-la-diversitat","status":"publish","type":"page","link":"https:\/\/agora.xtec.cat\/cfaperecalders\/projecte-educatiu\/escoles-per-la-igualtat-i-la-diversitat\/","title":{"rendered":"Punt de partida: programes d&#8217;innovaci\u00f3 implementats"},"content":{"rendered":"<div class=\"kc_column_inner kc_col-sm-6\">\n<div class=\"kc_wrapper kc-col-inner-container\">\n<div class=\"kc_text_block\">\n<p><a href=\"https:\/\/agora.xtec.cat\/cfaperecalders\/wp-content\/uploads\/usu1874\/2020\/02\/igualtat.jpg\"><img loading=\"lazy\" decoding=\"async\" class=\"alignright size-full wp-image-638\" src=\"https:\/\/agora.xtec.cat\/cfaperecalders\/wp-content\/uploads\/usu1874\/2020\/02\/igualtat.jpg\" alt=\"\" width=\"313\" height=\"161\" srcset=\"https:\/\/agora.xtec.cat\/cfaperecalders\/wp-content\/uploads\/usu1874\/2020\/02\/igualtat.jpg 313w, https:\/\/agora.xtec.cat\/cfaperecalders\/wp-content\/uploads\/usu1874\/2020\/02\/igualtat-300x154.jpg 300w\" sizes=\"auto, (max-width: 313px) 100vw, 313px\" \/><\/a>Escoles per la Igualtat i la Diversitat \u00e9s un programa de formaci\u00f3, assessorament i acompanyament als\u00a0centres p\u00fablics i concertats, basat en la Mesura de Govern de l\u2019Ajuntament de Barcelona de juliol de 2014, per a la implementaci\u00f3 d\u2019un programa de\u00a0prevenci\u00f3 de les relacions abusives, la viol\u00e8ncia masclista, la discriminaci\u00f3 racial, i la discriminaci\u00f3 per diversitat funcional, sexual, de g\u00e8nere, identitat, orientaci\u00f3 sexual, etnicocultural i religiosa,\u00a0adre\u00e7at a les comunitats educatives de centres p\u00fablics i concertats d\u2019infantil, prim\u00e0ria i secund\u00e0ria de la ciutat de Barcelona.<\/p>\n<\/div>\n<\/div>\n<\/div>\n<div class=\"kc_column_inner kc_col-sm-6\">\n<div class=\"kc_wrapper kc-col-inner-container\">\n<div class=\"kc_text_block\">\n<p>El programa, de tres anys de durada, pivota sobre tres eixos (diversitat afectiva sexual i de g\u00e8nere; diversitat d\u2019origen, cultural i religiosa; diversitat funcional) per tal de\u00a0potenciar unes actituds i uns comportaments en les relacions interpersonals que facin efectius els valors de la igualtat, l\u2019equitat i el respecte\u00a0en els infants i adolescents de 3 a 16 anys, en el seu entorn proper i les seves fam\u00edlies.<\/p>\n<p>Es treballa per tal d\u2019evitar l\u2019aparici\u00f3, i fer-ne una identificaci\u00f3 preco\u00e7, d\u2019actituds i comportaments abusius, discriminatoris i\/o xen\u00f2fobs en les relacions interpersonals, tot oferint, a les escoles i instituts, accions i recursos per treballar determinades tem\u00e0tiques, dins els objectius i prioritats del seu Projecte Educatiu de Centre (PEC), del Programa de Conviv\u00e8ncia i del Pla de Direcci\u00f3.<\/p>\n<p>M\u00e9s informaci\u00f3 a la p\u00e0gina d&#8217;<a href=\"https:\/\/igualtatidiversitat.edubcn.cat\/\" target=\"_blank\" rel=\"noopener noreferrer\">Escoles per la igualtat i la diversitat<\/a>.<\/p>\n<\/div>\n<\/div>\n<\/div>\n<div class=\"ast-oembed-container \" style=\"height: 100%;\"><iframe loading=\"lazy\" title=\"Xarxa d&#039;escoles i instituts per la igualtat i la no-discriminaci\u00f3\" width=\"500\" height=\"281\" src=\"https:\/\/www.youtube.com\/embed\/6dOTQuCkxU8?feature=oembed\" frameborder=\"0\" allow=\"accelerometer; autoplay; clipboard-write; encrypted-media; gyroscope; picture-in-picture; web-share\" referrerpolicy=\"strict-origin-when-cross-origin\" allowfullscreen><\/iframe><\/div>\n","protected":false},"excerpt":{"rendered":"<p>Escoles per la Igualtat i la Diversitat \u00e9s un programa de formaci\u00f3, assessorament i acompanyament als\u00a0centres p\u00fablics i concertats, basat en la Mesura de Govern de l\u2019Ajuntament de Barcelona de juliol de 2014, per a la implementaci\u00f3 d\u2019un programa de\u00a0prevenci\u00f3 de les relacions abusives, la viol\u00e8ncia masclista, la discriminaci\u00f3 racial, i la discriminaci\u00f3 per diversitat [&hellip;]<\/p>\n","protected":false},"author":1,"featured_media":0,"parent":57,"menu_order":0,"comment_status":"closed","ping_status":"closed","template":"","meta":{"_bbp_topic_count":0,"_bbp_reply_count":0,"_bbp_total_topic_count":0,"_bbp_total_reply_count":0,"_bbp_voice_count":0,"_bbp_anonymous_reply_count":0,"_bbp_topic_count_hidden":0,"_bbp_reply_count_hidden":0,"_bbp_forum_subforum_count":0,"site-sidebar-layout":"default","site-content-layout":"","ast-site-content-layout":"","site-content-style":"default","site-sidebar-style":"default","ast-global-header-display":"","ast-banner-title-visibility":"","ast-main-header-display":"","ast-hfb-above-header-display":"","ast-hfb-below-header-display":"","ast-hfb-mobile-header-display":"","site-post-title":"","ast-breadcrumbs-content":"","ast-featured-img":"","footer-sml-layout":"","theme-transparent-header-meta":"","adv-header-id-meta":"","stick-header-meta":"","header-above-stick-meta":"","header-main-stick-meta":"","header-below-stick-meta":"","astra-migrate-meta-layouts":"default","ast-page-background-enabled":"default","ast-page-background-meta":{"desktop":{"background-color":"var(--ast-global-color-4)","background-image":"","background-repeat":"repeat","background-position":"center center","background-size":"auto","background-attachment":"scroll","background-type":"","background-media":"","overlay-type":"","overlay-color":"","overlay-opacity":"","overlay-gradient":""},"tablet":{"background-color":"","background-image":"","background-repeat":"repeat","background-position":"center center","background-size":"auto","background-attachment":"scroll","background-type":"","background-media":"","overlay-type":"","overlay-color":"","overlay-opacity":"","overlay-gradient":""},"mobile":{"background-color":"","background-image":"","background-repeat":"repeat","background-position":"center center","background-size":"auto","background-attachment":"scroll","background-type":"","background-media":"","overlay-type":"","overlay-color":"","overlay-opacity":"","overlay-gradient":""}},"ast-content-background-meta":{"desktop":{"background-color":"var(--ast-global-color-5)","background-image":"","background-repeat":"repeat","background-position":"center center","background-size":"auto","background-attachment":"scroll","background-type":"","background-media":"","overlay-type":"","overlay-color":"","overlay-opacity":"","overlay-gradient":""},"tablet":{"background-color":"var(--ast-global-color-5)","background-image":"","background-repeat":"repeat","background-position":"center center","background-size":"auto","background-attachment":"scroll","background-type":"","background-media":"","overlay-type":"","overlay-color":"","overlay-opacity":"","overlay-gradient":""},"mobile":{"background-color":"var(--ast-global-color-5)","background-image":"","background-repeat":"repeat","background-position":"center center","background-size":"auto","background-attachment":"scroll","background-type":"","background-media":"","overlay-type":"","overlay-color":"","overlay-opacity":"","overlay-gradient":""}},"footnotes":""},"class_list":["post-943","page","type-page","status-publish","hentry"],"post_mailing_queue_ids":[],"_links":{"self":[{"href":"https:\/\/agora.xtec.cat\/cfaperecalders\/wp-json\/wp\/v2\/pages\/943","targetHints":{"allow":["GET"]}}],"collection":[{"href":"https:\/\/agora.xtec.cat\/cfaperecalders\/wp-json\/wp\/v2\/pages"}],"about":[{"href":"https:\/\/agora.xtec.cat\/cfaperecalders\/wp-json\/wp\/v2\/types\/page"}],"author":[{"embeddable":true,"href":"https:\/\/agora.xtec.cat\/cfaperecalders\/wp-json\/wp\/v2\/users\/1"}],"replies":[{"embeddable":true,"href":"https:\/\/agora.xtec.cat\/cfaperecalders\/wp-json\/wp\/v2\/comments?post=943"}],"version-history":[{"count":4,"href":"https:\/\/agora.xtec.cat\/cfaperecalders\/wp-json\/wp\/v2\/pages\/943\/revisions"}],"predecessor-version":[{"id":3916,"href":"https:\/\/agora.xtec.cat\/cfaperecalders\/wp-json\/wp\/v2\/pages\/943\/revisions\/3916"}],"up":[{"embeddable":true,"href":"https:\/\/agora.xtec.cat\/cfaperecalders\/wp-json\/wp\/v2\/pages\/57"}],"wp:attachment":[{"href":"https:\/\/agora.xtec.cat\/cfaperecalders\/wp-json\/wp\/v2\/media?parent=943"}],"curies":[{"name":"wp","href":"https:\/\/api.w.org\/{rel}","templated":true}]}}

Punt de partida: programes d&#8217;innovació implementats

<div class="kc_column_inner kc_col-sm-6">
<div class="kc_wrapper kc-col-inner-container">
<div class="kc_text_block">
<p><a href="https://agora.xtec.cat/cfaperecalders/wp-content/uploads/usu1874/2020/02/igualtat.jpg"><img loading="lazy" decoding="async" class="alignright size-full wp-image-638" src="https://agora.xtec.cat/cfaperecalders/wp-content/uploads/usu1874/2020/02/igualtat.jpg" alt="" width="313" height="161" srcset="https://agora.xtec.cat/cfaperecalders/wp-content/uploads/usu1874/2020/02/igualtat.jpg 313w, https://agora.xtec.cat/cfaperecalders/wp-content/uploads/usu1874/2020/02/igualtat-300x154.jpg 300w" sizes="auto, (max-width: 313px) 100vw, 313px" /></a>Escoles per la Igualtat i la Diversitat és un programa de formació, assessorament i acompanyament als centres públics i concertats, basat en la Mesura de Govern de l’Ajuntament de Barcelona de juliol de 2014, per a la implementació d’un programa de prevenció de les relacions abusives, la violència masclista, la discriminació racial, i la discriminació per diversitat funcional, sexual, de gènere, identitat, orientació sexual, etnicocultural i religiosa, adreçat a les comunitats educatives de centres públics i concertats d’infantil, primària i secundària de la ciutat de Barcelona.</p>
</div>
</div>
</div>
<div class="kc_column_inner kc_col-sm-6">
<div class="kc_wrapper kc-col-inner-container">
<div class="kc_text_block">
<p>El programa, de tres anys de durada, pivota sobre tres eixos (diversitat afectiva sexual i de gènere; diversitat d’origen, cultural i religiosa; diversitat funcional) per tal de potenciar unes actituds i uns comportaments en les relacions interpersonals que facin efectius els valors de la igualtat, l’equitat i el respecte en els infants i adolescents de 3 a 16 anys, en el seu entorn proper i les seves famílies.</p>
<p>Es treballa per tal d’evitar l’aparició, i fer-ne una identificació precoç, d’actituds i comportaments abusius, discriminatoris i/o xenòfobs en les relacions interpersonals, tot oferint, a les escoles i instituts, accions i recursos per treballar determinades temàtiques, dins els objectius i prioritats del seu Projecte Educatiu de Centre (PEC), del Programa de Convivència i del Pla de Direcció.</p>
<p>Més informació a la pàgina d&#8217;<a href="https://igualtatidiversitat.edubcn.cat/" target="_blank" rel="noopener noreferrer">Escoles per la igualtat i la diversitat</a>.</p>
</div>
</div>
</div>
<div class="ast-oembed-container " style="height: 100%;"><iframe loading="lazy" title="Xarxa d&#039;escoles i instituts per la igualtat i la no-discriminació" width="500" height="281" src="https://www.youtube.com/embed/6dOTQuCkxU8?feature=oembed" frameborder="0" allow="accelerometer; autoplay; clipboard-write; encrypted-media; gyroscope; picture-in-picture; web-share" referrerpolicy="strict-origin-when-cross-origin" allowfullscreen></iframe></div>

<p>Escoles per la Igualtat i la Diversitat és un programa de formació, assessorament i acompanyament als centres públics i concertats, basat en la Mesura de Govern de l’Ajuntament de Barcelona de juliol de 2014, per a la implementació d’un programa de prevenció de les relacions abusives, la violència masclista, la discriminació racial, i la discriminació per diversitat [&hellip;]</p>
