{"id":3926,"date":"2026-04-24T12:33:37","date_gmt":"2026-04-24T10:33:37","guid":{"rendered":"https:\/\/agora.xtec.cat\/cfaperecalders\/?page_id=3926"},"modified":"2026-04-27T13:57:22","modified_gmt":"2026-04-27T11:57:22","slug":"preinscripcio-26-27-info-previa","status":"publish","type":"page","link":"https:\/\/agora.xtec.cat\/cfaperecalders\/preinscripcio-26-27-info-previa\/","title":{"rendered":"PREINSCRIPCI\u00d3 26\/27"},"content":{"rendered":"\n<p class=\"has-ast-global-color-1-color has-text-color has-link-color has-large-font-size wp-elements-50facc958443cf7f0ea3d6ef27a1e760\"><strong>Del 19 al 29 de juny: en l\u00ednia!<\/strong><\/p>\n\n\n\n<p><\/p>\n\n\n\n<figure class=\"wp-block-image alignleft size-full is-resized\"><a href=\"https:\/\/agora.xtec.cat\/cfaperecalders\/wp-content\/uploads\/usu1874\/2024\/10\/ALERTA.png\"><img loading=\"lazy\" decoding=\"async\" width=\"199\" height=\"178\" src=\"https:\/\/agora.xtec.cat\/cfaperecalders\/wp-content\/uploads\/usu1874\/2024\/10\/ALERTA.png\" alt=\"\" class=\"wp-image-3035\" style=\"width:92px;height:auto\"\/><\/a><\/figure>\n\n\n\n<p>OBRIREM LA PREINSCRIPCI\u00d3 EL DIA 19 A LES 10:00<\/p>\n\n\n\n<p>TANQUEM LA PREINSCRIPCI\u00d3 EL DIA 29 A LES 10:00<\/p>\n\n\n\n<h1 class=\"wp-block-heading\"><strong>\ud83d\udcdd Voleu estudiar amb nosaltres? Guia pas a pas per a la Preinscripci\u00f3 2026-2027<\/strong><\/h1>\n\n\n\n<p>Si est\u00e0s pensant a reprendre els teus estudis o millorar les teves compet\u00e8ncies, al <strong>CFA Pere Calders<\/strong> t&#8217;ajudem a fer el cam\u00ed f\u00e0cil. Preneu nota de com funciona el nostre proc\u00e9s, que combina la comoditat d\u2019internet amb una atenci\u00f3 personalitzada per tel\u00e8fon.<\/p>\n\n\n\n<figure class=\"wp-block-image size-large is-resized\"><a href=\"https:\/\/agora.xtec.cat\/cfaperecalders\/wp-content\/uploads\/usu1874\/2026\/04\/Disseny-sense-titol.jpg\"><img loading=\"lazy\" decoding=\"async\" width=\"1024\" height=\"576\" src=\"https:\/\/agora.xtec.cat\/cfaperecalders\/wp-content\/uploads\/usu1874\/2026\/04\/Disseny-sense-titol-1024x576.jpg\" alt=\"\" class=\"wp-image-3982\" style=\"width:1006px;height:auto\" srcset=\"https:\/\/agora.xtec.cat\/cfaperecalders\/wp-content\/uploads\/usu1874\/2026\/04\/Disseny-sense-titol-1024x576.jpg 1024w, https:\/\/agora.xtec.cat\/cfaperecalders\/wp-content\/uploads\/usu1874\/2026\/04\/Disseny-sense-titol-300x169.jpg 300w, https:\/\/agora.xtec.cat\/cfaperecalders\/wp-content\/uploads\/usu1874\/2026\/04\/Disseny-sense-titol-768x432.jpg 768w, https:\/\/agora.xtec.cat\/cfaperecalders\/wp-content\/uploads\/usu1874\/2026\/04\/Disseny-sense-titol-1536x864.jpg 1536w, https:\/\/agora.xtec.cat\/cfaperecalders\/wp-content\/uploads\/usu1874\/2026\/04\/Disseny-sense-titol.jpg 1920w\" sizes=\"auto, (max-width: 1024px) 100vw, 1024px\" \/><\/a><\/figure>\n\n\n\n<h3 class=\"wp-block-heading\"><strong>\ud83d\uddd3\ufe0f FASE 1: La sol\u00b7licitud (Per internet al www.cfaperecalders.cat)<\/strong><\/h3>\n\n\n\n<p><strong>Dates: Del 19 al 29 de juny de 2026.<\/strong> El primer pas \u00e9s omplir el formulari d\u2019internet de la p\u00e0gina web del centre. <a href=\"http:\/\/www.cfaperecalders.cat\">www.cfaperecalders.cat<\/a> Tamb\u00e9 pots dur el document oficial a consergeria.&nbsp;<\/p>\n\n\n\n<ul class=\"wp-block-list\">\n<li><strong>Punts per proximitat:<\/strong> Si al teu DNI\/NIE no constes com a resident a Barcelona, recorda que pots al\u00b7legar la proximitat del teu <strong>lloc de treball<\/strong> per obtenir els punts corresponents.<\/li>\n<\/ul>\n\n\n\n<h3 class=\"wp-block-heading\"><strong>\ud83d\udcde FASE 2: Orientaci\u00f3 i Prova de Nivell (Via telef\u00f2nica)<\/strong><\/h3>\n\n\n\n<p><strong>Dates: Durant el mes de juny.<\/strong> Un cop feta la preinscripci\u00f3, ens posarem en contacte amb tu:<\/p>\n\n\n\n<ol class=\"wp-block-list\">\n<li><strong>Trucada d&#8217;un docent:<\/strong> Un professor o professora de l&#8217;especialitat que hagis triat (Catal\u00e0, Castell\u00e0, Angl\u00e8s, GES, etc.) et trucar\u00e0 personalment des d\u2019un n\u00famero ocult.<\/li>\n\n\n\n<li><strong>Orientaci\u00f3:<\/strong> Xerrarem amb tu per con\u00e8ixer els teus objectius i el teu punt de partida.<\/li>\n\n\n\n<li><strong>Assignaci\u00f3 de nivell:<\/strong> Mitjan\u00e7ant aquesta entrevista telef\u00f2nica o, si s&#8217;escau, una prova d&#8217;avaluaci\u00f3 inicial (PAI), determinarem el curs que millor s&#8217;adapta a tu per garantir el teu \u00e8xit acad\u00e8mic.<\/li>\n<\/ol>\n\n\n\n<h3 class=\"wp-block-heading\"><strong>\ud83d\udcca FASE 3: Llistes i Resultats<\/strong><\/h3>\n\n\n\n<ul class=\"wp-block-list\">\n<li><strong>6 de juliol:<\/strong> Publicaci\u00f3 de la llista de sol\u00b7licituds amb la puntuaci\u00f3 provisional.<\/li>\n\n\n\n<li><strong>Del 6 al 10 de juliol:<\/strong> Per\u00edode per presentar reclamacions si detectes alguna errada en el barem.<\/li>\n\n\n\n<li><strong>17 de juliol:<\/strong> Llista definitiva d&#8217;admesos i llista d&#8217;espera.<\/li>\n<\/ul>\n\n\n\n<h3 class=\"wp-block-heading\"><strong>\u2705 FASE 4: Matr\u00edcula definitiva (Presencial)<\/strong><\/h3>\n\n\n\n<p><strong>Dates: Del 2 al 10 de setembre de 2026.<\/strong> Si has estat adm\u00e8s\/esa, cal que vinguis al centre per formalitzar la teva pla\u00e7a. Haur\u00e0s de portar:<\/p>\n\n\n\n<ul class=\"wp-block-list\">\n<li>C\u00f2pia del document d\u2019identitat (DNI\/NIE\/Passaport).<\/li>\n\n\n\n<li>Targeta sanit\u00e0ria (TISS).<\/li>\n\n\n\n<li>Una fotografia de carnet.<\/li>\n\n\n\n<li><strong>Aportaci\u00f3 volunt\u00e0ria:<\/strong> L&#8217;escola \u00e9s p\u00fablica, per\u00f2 demanem una aportaci\u00f3 de <strong>10 \u20ac<\/strong> anuals per a materials del centre.<\/li>\n<\/ul>\n\n\n\n<hr class=\"wp-block-separator has-alpha-channel-opacity\"\/>\n\n\n\n<p><strong>Tens dubtes?<\/strong> Visita la nostra web o envia&#8217;ns un correu a <strong>info@cfaperecalders.com<\/strong>. Ens encantar\u00e0 acompanyar-te en el teu aprenentatge al llarg de la vida!<\/p>\n\n\n\n<p>\ud83d\udccd <strong>CFA Pere Calders<\/strong> C\/ Cal\u00e0bria, 66 (Eixample Esquerra)<\/p>\n\n\n\n<hr class=\"wp-block-separator has-alpha-channel-opacity\"\/>\n","protected":false},"excerpt":{"rendered":"<p>Del 19 al 29 de juny: en l\u00ednia! OBRIREM LA PREINSCRIPCI\u00d3 EL DIA 19 A LES 10:00 TANQUEM LA PREINSCRIPCI\u00d3 EL DIA 29 A LES 10:00 \ud83d\udcdd Voleu estudiar amb nosaltres? Guia pas a pas per a la Preinscripci\u00f3 2026-2027 Si est\u00e0s pensant a reprendre els teus estudis o millorar les teves compet\u00e8ncies, al CFA [&hellip;]<\/p>\n","protected":false},"author":1,"featured_media":0,"parent":0,"menu_order":0,"comment_status":"closed","ping_status":"close","template":"","meta":{"_bbp_topic_count":0,"_bbp_reply_count":0,"_bbp_total_topic_count":0,"_bbp_total_reply_count":0,"_bbp_voice_count":0,"_bbp_anonymous_reply_count":0,"_bbp_topic_count_hidden":0,"_bbp_reply_count_hidden":0,"_bbp_forum_subforum_count":0,"site-sidebar-layout":"default","site-content-layout":"","ast-site-content-layout":"default","site-content-style":"default","site-sidebar-style":"default","ast-global-header-display":"","ast-banner-title-visibility":"","ast-main-header-display":"","ast-hfb-above-header-display":"","ast-hfb-below-header-display":"","ast-hfb-mobile-header-display":"","site-post-title":"","ast-breadcrumbs-content":"","ast-featured-img":"","footer-sml-layout":"","theme-transparent-header-meta":"","adv-header-id-meta":"","stick-header-meta":"","header-above-stick-meta":"","header-main-stick-meta":"","header-below-stick-meta":"","astra-migrate-meta-layouts":"set","ast-page-background-enabled":"default","ast-page-background-meta":{"desktop":{"background-color":"var(--ast-global-color-4)","background-image":"","background-repeat":"repeat","background-position":"center center","background-size":"auto","background-attachment":"scroll","background-type":"","background-media":"","overlay-type":"","overlay-color":"","overlay-opacity":"","overlay-gradient":""},"tablet":{"background-color":"","background-image":"","background-repeat":"repeat","background-position":"center center","background-size":"auto","background-attachment":"scroll","background-type":"","background-media":"","overlay-type":"","overlay-color":"","overlay-opacity":"","overlay-gradient":""},"mobile":{"background-color":"","background-image":"","background-repeat":"repeat","background-position":"center center","background-size":"auto","background-attachment":"scroll","background-type":"","background-media":"","overlay-type":"","overlay-color":"","overlay-opacity":"","overlay-gradient":""}},"ast-content-background-meta":{"desktop":{"background-color":"var(--ast-global-color-5)","background-image":"","background-repeat":"repeat","background-position":"center center","background-size":"auto","background-attachment":"scroll","background-type":"","background-media":"","overlay-type":"","overlay-color":"","overlay-opacity":"","overlay-gradient":""},"tablet":{"background-color":"var(--ast-global-color-5)","background-image":"","background-repeat":"repeat","background-position":"center center","background-size":"auto","background-attachment":"scroll","background-type":"","background-media":"","overlay-type":"","overlay-color":"","overlay-opacity":"","overlay-gradient":""},"mobile":{"background-color":"var(--ast-global-color-5)","background-image":"","background-repeat":"repeat","background-position":"center center","background-size":"auto","background-attachment":"scroll","background-type":"","background-media":"","overlay-type":"","overlay-color":"","overlay-opacity":"","overlay-gradient":""}},"footnotes":""},"class_list":["post-3926","page","type-page","status-publish","hentry"],"post_mailing_queue_ids":[],"_links":{"self":[{"href":"https:\/\/agora.xtec.cat\/cfaperecalders\/wp-json\/wp\/v2\/pages\/3926","targetHints":{"allow":["GET"]}}],"collection":[{"href":"https:\/\/agora.xtec.cat\/cfaperecalders\/wp-json\/wp\/v2\/pages"}],"about":[{"href":"https:\/\/agora.xtec.cat\/cfaperecalders\/wp-json\/wp\/v2\/types\/page"}],"author":[{"embeddable":true,"href":"https:\/\/agora.xtec.cat\/cfaperecalders\/wp-json\/wp\/v2\/users\/1"}],"replies":[{"embeddable":true,"href":"https:\/\/agora.xtec.cat\/cfaperecalders\/wp-json\/wp\/v2\/comments?post=3926"}],"version-history":[{"count":5,"href":"https:\/\/agora.xtec.cat\/cfaperecalders\/wp-json\/wp\/v2\/pages\/3926\/revisions"}],"predecessor-version":[{"id":3983,"href":"https:\/\/agora.xtec.cat\/cfaperecalders\/wp-json\/wp\/v2\/pages\/3926\/revisions\/3983"}],"wp:attachment":[{"href":"https:\/\/agora.xtec.cat\/cfaperecalders\/wp-json\/wp\/v2\/media?parent=3926"}],"curies":[{"name":"wp","href":"https:\/\/api.w.org\/{rel}","templated":true}]}}

PREINSCRIPCIÓ 26/27

<p class="has-ast-global-color-1-color has-text-color has-link-color has-large-font-size wp-elements-50facc958443cf7f0ea3d6ef27a1e760"><strong>Del 19 al 29 de juny: en línia!</strong></p>



<p></p>



<figure class="wp-block-image alignleft size-full is-resized"><a href="https://agora.xtec.cat/cfaperecalders/wp-content/uploads/usu1874/2024/10/ALERTA.png"><img loading="lazy" decoding="async" width="199" height="178" src="https://agora.xtec.cat/cfaperecalders/wp-content/uploads/usu1874/2024/10/ALERTA.png" alt="" class="wp-image-3035" style="width:92px;height:auto"/></a></figure>



<p>OBRIREM LA PREINSCRIPCIÓ EL DIA 19 A LES 10:00</p>



<p>TANQUEM LA PREINSCRIPCIÓ EL DIA 29 A LES 10:00</p>



<h1 class="wp-block-heading"><strong>📝 Voleu estudiar amb nosaltres? Guia pas a pas per a la Preinscripció 2026-2027</strong></h1>



<p>Si estàs pensant a reprendre els teus estudis o millorar les teves competències, al <strong>CFA Pere Calders</strong> t&#8217;ajudem a fer el camí fàcil. Preneu nota de com funciona el nostre procés, que combina la comoditat d’internet amb una atenció personalitzada per telèfon.</p>



<figure class="wp-block-image size-large is-resized"><a href="https://agora.xtec.cat/cfaperecalders/wp-content/uploads/usu1874/2026/04/Disseny-sense-titol.jpg"><img loading="lazy" decoding="async" width="1024" height="576" src="https://agora.xtec.cat/cfaperecalders/wp-content/uploads/usu1874/2026/04/Disseny-sense-titol-1024x576.jpg" alt="" class="wp-image-3982" style="width:1006px;height:auto" srcset="https://agora.xtec.cat/cfaperecalders/wp-content/uploads/usu1874/2026/04/Disseny-sense-titol-1024x576.jpg 1024w, https://agora.xtec.cat/cfaperecalders/wp-content/uploads/usu1874/2026/04/Disseny-sense-titol-300x169.jpg 300w, https://agora.xtec.cat/cfaperecalders/wp-content/uploads/usu1874/2026/04/Disseny-sense-titol-768x432.jpg 768w, https://agora.xtec.cat/cfaperecalders/wp-content/uploads/usu1874/2026/04/Disseny-sense-titol-1536x864.jpg 1536w, https://agora.xtec.cat/cfaperecalders/wp-content/uploads/usu1874/2026/04/Disseny-sense-titol.jpg 1920w" sizes="auto, (max-width: 1024px) 100vw, 1024px" /></a></figure>



<h3 class="wp-block-heading"><strong>🗓️ FASE 1: La sol·licitud (Per internet al www.cfaperecalders.cat)</strong></h3>



<p><strong>Dates: Del 19 al 29 de juny de 2026.</strong> El primer pas és omplir el formulari d’internet de la pàgina web del centre. <a href="http://www.cfaperecalders.cat">www.cfaperecalders.cat</a> També pots dur el document oficial a consergeria.&nbsp;</p>



<ul class="wp-block-list">
<li><strong>Punts per proximitat:</strong> Si al teu DNI/NIE no constes com a resident a Barcelona, recorda que pots al·legar la proximitat del teu <strong>lloc de treball</strong> per obtenir els punts corresponents.</li>
</ul>



<h3 class="wp-block-heading"><strong>📞 FASE 2: Orientació i Prova de Nivell (Via telefònica)</strong></h3>



<p><strong>Dates: Durant el mes de juny.</strong> Un cop feta la preinscripció, ens posarem en contacte amb tu:</p>



<ol class="wp-block-list">
<li><strong>Trucada d&#8217;un docent:</strong> Un professor o professora de l&#8217;especialitat que hagis triat (Català, Castellà, Anglès, GES, etc.) et trucarà personalment des d’un número ocult.</li>



<li><strong>Orientació:</strong> Xerrarem amb tu per conèixer els teus objectius i el teu punt de partida.</li>



<li><strong>Assignació de nivell:</strong> Mitjançant aquesta entrevista telefònica o, si s&#8217;escau, una prova d&#8217;avaluació inicial (PAI), determinarem el curs que millor s&#8217;adapta a tu per garantir el teu èxit acadèmic.</li>
</ol>



<h3 class="wp-block-heading"><strong>📊 FASE 3: Llistes i Resultats</strong></h3>



<ul class="wp-block-list">
<li><strong>6 de juliol:</strong> Publicació de la llista de sol·licituds amb la puntuació provisional.</li>



<li><strong>Del 6 al 10 de juliol:</strong> Període per presentar reclamacions si detectes alguna errada en el barem.</li>



<li><strong>17 de juliol:</strong> Llista definitiva d&#8217;admesos i llista d&#8217;espera.</li>
</ul>



<h3 class="wp-block-heading"><strong>✅ FASE 4: Matrícula definitiva (Presencial)</strong></h3>



<p><strong>Dates: Del 2 al 10 de setembre de 2026.</strong> Si has estat admès/esa, cal que vinguis al centre per formalitzar la teva plaça. Hauràs de portar:</p>



<ul class="wp-block-list">
<li>Còpia del document d’identitat (DNI/NIE/Passaport).</li>



<li>Targeta sanitària (TISS).</li>



<li>Una fotografia de carnet.</li>



<li><strong>Aportació voluntària:</strong> L&#8217;escola és pública, però demanem una aportació de <strong>10 €</strong> anuals per a materials del centre.</li>
</ul>



<hr class="wp-block-separator has-alpha-channel-opacity"/>



<p><strong>Tens dubtes?</strong> Visita la nostra web o envia&#8217;ns un correu a <strong>info@cfaperecalders.com</strong>. Ens encantarà acompanyar-te en el teu aprenentatge al llarg de la vida!</p>



<p>📍 <strong>CFA Pere Calders</strong> C/ Calàbria, 66 (Eixample Esquerra)</p>



<hr class="wp-block-separator has-alpha-channel-opacity"/>

<p>Del 19 al 29 de juny: en línia! OBRIREM LA PREINSCRIPCIÓ EL DIA 19 A LES 10:00 TANQUEM LA PREINSCRIPCIÓ EL DIA 29 A LES 10:00 📝 Voleu estudiar amb nosaltres? Guia pas a pas per a la Preinscripció 2026-2027 Si estàs pensant a reprendre els teus estudis o millorar les teves competències, al CFA [&hellip;]</p>
