{"id":3695,"date":"2025-06-27T12:22:17","date_gmt":"2025-06-27T10:22:17","guid":{"rendered":"https:\/\/agora.xtec.cat\/cfaperecalders\/?page_id=3695"},"modified":"2026-02-27T12:48:05","modified_gmt":"2026-02-27T11:48:05","slug":"matricula-25-26","status":"publish","type":"page","link":"https:\/\/agora.xtec.cat\/cfaperecalders\/matricula-25-26\/","title":{"rendered":"MATR\u00cdCULA 25\/26"},"content":{"rendered":"\n<p class=\"has-background\" style=\"background:linear-gradient(135deg,rgb(255,245,203) 0%,rgb(182,227,212) 68%,rgb(51,167,181) 100%)\">\ud83d\udccc <strong>CURSOS AMB PLA\u00c7A <\/strong><\/p>\n\n\n\n<div class=\"wp-block-columns is-layout-flex wp-container-core-columns-is-layout-1 wp-block-columns-is-layout-flex\">\n<div class=\"wp-block-column is-layout-flow wp-block-column-is-layout-flow\">\n<figure class=\"wp-block-image alignleft size-full is-resized\"><a href=\"https:\/\/agora.xtec.cat\/cfaperecalders\/wp-content\/uploads\/usu1874\/2025\/06\/tick.avif\"><img loading=\"lazy\" decoding=\"async\" width=\"626\" height=\"626\" src=\"https:\/\/agora.xtec.cat\/cfaperecalders\/wp-content\/uploads\/usu1874\/2025\/06\/tick.avif\" alt=\"\" class=\"wp-image-3697\" style=\"width:80px\"\/><\/a><\/figure>\n\n\n\n<h2 class=\"wp-block-heading\">Amb pla\u00e7a<\/h2>\n\n\n\n<figure class=\"wp-block-table\"><table class=\"has-fixed-layout\"><tbody><tr><td><strong>Cursos amb pla\u00e7a<\/strong><\/td><td><strong>Qu\u00e8 he de fer?&nbsp;<\/strong><\/td><\/tr><tr><td><strong>CATAL\u00c0 1 <\/strong><br>&#8211; Mat\u00ed: dilluns, dimecres i divendres de 10:30 a 12:30h<br>&#8211; Tarda: dimarts i dijous de 15 a 18h<\/td><td>Envia un correu a <a href=\"mailto:info@cfaperecalders.cat\">info@cfaperecalders.cat<\/a> indicant si prefereixes el torn de mat\u00ed o el de tarda, adjuntant una fotoc\u00f2pia del DNI, NIE o passaport, una fotoc\u00f2pia de la targeta sanit\u00e0ria i el teu n\u00famero de tel\u00e8fon.<\/td><\/tr><tr><td><strong>COMPETIC 3<\/strong> (equivalent a l\u2019ACTIC Avan\u00e7at)<br><\/td><td>Envia al correu <a href=\"mailto:info@cfaperecalders.cat\">info@cfaperecalders.cat<\/a> el certificat de COMPETIC 2 o ACTIC mitj\u00e0 i tria quina compet\u00e8ncia vols fer. En pots combinar dues alhora en modalitat on-line. M\u00e9s informaci\u00f3: clica <a href=\"https:\/\/agora.xtec.cat\/cfaperecalders\/ensenyaments\/competic\/\">aqu\u00ed<\/a>&nbsp;<\/td><\/tr><tr><td><strong>Curs per a les Proves d\u2019Acc\u00e9s a Grau Superior<\/strong><\/td><td>Escriu un correu a <a href=\"mailto:carlos@cfaperecalders.cat\">carlos@cfaperecalders.cat<\/a> i et trucar\u00e0 per concertar una cita.<\/td><\/tr><tr><td><strong>ESO per adults (GES)<\/strong><\/td><td>Escriu un correu a <a href=\"mailto:ges@cfaperecalders.cat\">ges@cfaperecalders.cat<\/a> i et trucarem per saber quin nivell et correspon.<\/td><\/tr><\/tbody><\/table><\/figure>\n<\/div>\n<\/div>\n\n\n\n<p class=\"has-background\" style=\"background:linear-gradient(135deg,rgb(255,245,203) 0%,rgb(182,227,212) 68%,rgb(51,167,181) 100%)\"><a href=\"https:\/\/triaeducativa.gencat.cat\/ca\/al-llarg-vida\/\">Consulta altres centres<\/a><br><\/p>\n\n\n\n<p><\/p>\n","protected":false},"excerpt":{"rendered":"<p>\ud83d\udccc CURSOS AMB PLA\u00c7A Amb pla\u00e7a Cursos amb pla\u00e7a Qu\u00e8 he de fer?&nbsp; CATAL\u00c0 1 &#8211; Mat\u00ed: dilluns, dimecres i divendres de 10:30 a 12:30h&#8211; Tarda: dimarts i dijous de 15 a 18h Envia un correu a info@cfaperecalders.cat indicant si prefereixes el torn de mat\u00ed o el de tarda, adjuntant una fotoc\u00f2pia del DNI, NIE [&hellip;]<\/p>\n","protected":false},"author":1,"featured_media":0,"parent":0,"menu_order":0,"comment_status":"closed","ping_status":"closed","template":"","meta":{"_bbp_topic_count":0,"_bbp_reply_count":0,"_bbp_total_topic_count":0,"_bbp_total_reply_count":0,"_bbp_voice_count":0,"_bbp_anonymous_reply_count":0,"_bbp_topic_count_hidden":0,"_bbp_reply_count_hidden":0,"_bbp_forum_subforum_count":0,"site-sidebar-layout":"no-sidebar","site-content-layout":"","ast-site-content-layout":"default","site-content-style":"default","site-sidebar-style":"default","ast-global-header-display":"","ast-banner-title-visibility":"","ast-main-header-display":"","ast-hfb-above-header-display":"","ast-hfb-below-header-display":"","ast-hfb-mobile-header-display":"","site-post-title":"disabled","ast-breadcrumbs-content":"","ast-featured-img":"","footer-sml-layout":"","theme-transparent-header-meta":"","adv-header-id-meta":"","stick-header-meta":"","header-above-stick-meta":"","header-main-stick-meta":"","header-below-stick-meta":"","astra-migrate-meta-layouts":"set","ast-page-background-enabled":"default","ast-page-background-meta":{"desktop":{"background-color":"var(--ast-global-color-4)","background-image":"","background-repeat":"repeat","background-position":"center center","background-size":"auto","background-attachment":"scroll","background-type":"","background-media":"","overlay-type":"","overlay-color":"","overlay-opacity":"","overlay-gradient":""},"tablet":{"background-color":"","background-image":"","background-repeat":"repeat","background-position":"center center","background-size":"auto","background-attachment":"scroll","background-type":"","background-media":"","overlay-type":"","overlay-color":"","overlay-opacity":"","overlay-gradient":""},"mobile":{"background-color":"","background-image":"","background-repeat":"repeat","background-position":"center center","background-size":"auto","background-attachment":"scroll","background-type":"","background-media":"","overlay-type":"","overlay-color":"","overlay-opacity":"","overlay-gradient":""}},"ast-content-background-meta":{"desktop":{"background-color":"var(--ast-global-color-5)","background-image":"","background-repeat":"repeat","background-position":"center center","background-size":"auto","background-attachment":"scroll","background-type":"","background-media":"","overlay-type":"","overlay-color":"","overlay-opacity":"","overlay-gradient":""},"tablet":{"background-color":"var(--ast-global-color-5)","background-image":"","background-repeat":"repeat","background-position":"center center","background-size":"auto","background-attachment":"scroll","background-type":"","background-media":"","overlay-type":"","overlay-color":"","overlay-opacity":"","overlay-gradient":""},"mobile":{"background-color":"var(--ast-global-color-5)","background-image":"","background-repeat":"repeat","background-position":"center center","background-size":"auto","background-attachment":"scroll","background-type":"","background-media":"","overlay-type":"","overlay-color":"","overlay-opacity":"","overlay-gradient":""}},"footnotes":""},"class_list":["post-3695","page","type-page","status-publish","hentry"],"post_mailing_queue_ids":[],"_links":{"self":[{"href":"https:\/\/agora.xtec.cat\/cfaperecalders\/wp-json\/wp\/v2\/pages\/3695","targetHints":{"allow":["GET"]}}],"collection":[{"href":"https:\/\/agora.xtec.cat\/cfaperecalders\/wp-json\/wp\/v2\/pages"}],"about":[{"href":"https:\/\/agora.xtec.cat\/cfaperecalders\/wp-json\/wp\/v2\/types\/page"}],"author":[{"embeddable":true,"href":"https:\/\/agora.xtec.cat\/cfaperecalders\/wp-json\/wp\/v2\/users\/1"}],"replies":[{"embeddable":true,"href":"https:\/\/agora.xtec.cat\/cfaperecalders\/wp-json\/wp\/v2\/comments?post=3695"}],"version-history":[{"count":6,"href":"https:\/\/agora.xtec.cat\/cfaperecalders\/wp-json\/wp\/v2\/pages\/3695\/revisions"}],"predecessor-version":[{"id":3890,"href":"https:\/\/agora.xtec.cat\/cfaperecalders\/wp-json\/wp\/v2\/pages\/3695\/revisions\/3890"}],"wp:attachment":[{"href":"https:\/\/agora.xtec.cat\/cfaperecalders\/wp-json\/wp\/v2\/media?parent=3695"}],"curies":[{"name":"wp","href":"https:\/\/api.w.org\/{rel}","templated":true}]}}