{"id":27,"date":"2014-09-17T16:24:03","date_gmt":"2014-09-17T16:24:03","guid":{"rendered":"http:\/\/agora.xtec.cat\/cfaperecalders\/?page_id=27"},"modified":"2025-05-27T12:06:49","modified_gmt":"2025-05-27T10:06:49","slug":"historia","status":"publish","type":"page","link":"https:\/\/agora.xtec.cat\/cfaperecalders\/el-centre\/historia\/","title":{"rendered":"Hist\u00f2ria"},"content":{"rendered":"\n<p><span style=\"font-weight: 400;\">El CFA Pere Calders \u00e9s un centre de formaci\u00f3 de persones adultes p\u00fablic situat al barri de Sant Antoni de Barcelona que dep\u00e8n del Departament d\u2019Educaci\u00f3.<\/span><\/p>\n\n\n\n<figure class=\"wp-block-image alignleft is-resized\"><img decoding=\"async\" src=\"https:\/\/upload.wikimedia.org\/wikipedia\/commons\/2\/2f\/132_Antigues_Escoles_Municipals%2C_c._Cal%C3%A0bria_25_%28Barcelona%29.jpg\" alt=\"Resultat d'imatges per a &quot;afa pere calders&quot;\" style=\"width:321px;height:auto\"\/><\/figure>\n\n\n\n<p><span style=\"font-weight: 400;\">Fins als anys 90, el centre s\u2019anomenava <\/span><i><span style=\"font-weight: 400;\">Escola D\u2019Adults Espanya<\/span><\/i><span style=\"font-weight: 400;\"> i s\u2019ubicava a la pla\u00e7a Espanya de Barcelona. Amb la celebraci\u00f3 dels Jocs Ol\u00edmpics de l\u2019any 92, l\u2019edifici que ocupava l\u2019Escola d\u2019Adults es va reconvertir en l\u2019actual Hotel Pla\u00e7a. Va ser aix\u00ed com l\u2019any 1990 l\u2019escola va traslladar-se al barri de Sant Antoni ocupant les instal\u00b7lacions d\u2019una antiga escola del carrer Cal\u00e0bria n\u00fam. 25. A les noves instal\u00b7lacions se les va anomenar Aula de Formaci\u00f3 d\u2019Adults Pere Calders per homenatjar l\u2019escriptor i fot\u00f2graf emblem\u00e0tic del barri.&nbsp;<\/span><\/p>\n\n\n\n<p><span style=\"font-weight: 400;\">Durant la primera d\u00e8cada del 2000, l\u2019escola arrela amb for\u00e7a al barri, per\u00f2 ben aviat rebr\u00e0 una amena\u00e7a de tancament, entre d\u2019altres motius, per les instal\u00b7lacions que ocupa. Al 2015, despr\u00e9s de llargues negociacions entre el Consorci d\u2019Educaci\u00f3 de Barcelona, l\u2019Ajuntament i gr\u00e0cies al suport de l\u2019Associaci\u00f3 de Ve\u00efns i Ve\u00efnes del barri;&nbsp; el Pere Calders es va reubicar en unes instal\u00b7lacions de l\u2019Ajuntament de Barcelona al C. Cal\u00e0bria 66, a pocs metres de la seva l\u2019anterior ubicaci\u00f3. \u00c9s llavors que passa a ser l\u2019actual Centre de Formaci\u00f3 de Persones Adultes Pere Calders.<\/span><\/p>\n\n\n\n<p><\/p>\n","protected":false},"excerpt":{"rendered":"<p>El CFA Pere Calders \u00e9s un centre de formaci\u00f3 de persones adultes p\u00fablic situat al barri de Sant Antoni de Barcelona que dep\u00e8n del Departament d\u2019Educaci\u00f3. Fins als anys 90, el centre s\u2019anomenava Escola D\u2019Adults Espanya i s\u2019ubicava a la pla\u00e7a Espanya de Barcelona. Amb la celebraci\u00f3 dels Jocs Ol\u00edmpics de l\u2019any 92, l\u2019edifici que [&hellip;]<\/p>\n","protected":false},"author":1,"featured_media":0,"parent":261,"menu_order":3,"comment_status":"closed","ping_status":"closed","template":"page-templates\/side-menu.php","meta":{"_bbp_topic_count":0,"_bbp_reply_count":0,"_bbp_total_topic_count":0,"_bbp_total_reply_count":0,"_bbp_voice_count":0,"_bbp_anonymous_reply_count":0,"_bbp_topic_count_hidden":0,"_bbp_reply_count_hidden":0,"_bbp_forum_subforum_count":0,"site-sidebar-layout":"default","site-content-layout":"","ast-site-content-layout":"default","site-content-style":"default","site-sidebar-style":"default","ast-global-header-display":"","ast-banner-title-visibility":"","ast-main-header-display":"","ast-hfb-above-header-display":"","ast-hfb-below-header-display":"","ast-hfb-mobile-header-display":"","site-post-title":"","ast-breadcrumbs-content":"","ast-featured-img":"","footer-sml-layout":"","theme-transparent-header-meta":"","adv-header-id-meta":"","stick-header-meta":"","header-above-stick-meta":"","header-main-stick-meta":"","header-below-stick-meta":"","astra-migrate-meta-layouts":"set","ast-page-background-enabled":"default","ast-page-background-meta":{"desktop":{"background-color":"var(--ast-global-color-4)","background-image":"","background-repeat":"repeat","background-position":"center center","background-size":"auto","background-attachment":"scroll","background-type":"","background-media":"","overlay-type":"","overlay-color":"","overlay-opacity":"","overlay-gradient":""},"tablet":{"background-color":"","background-image":"","background-repeat":"repeat","background-position":"center center","background-size":"auto","background-attachment":"scroll","background-type":"","background-media":"","overlay-type":"","overlay-color":"","overlay-opacity":"","overlay-gradient":""},"mobile":{"background-color":"","background-image":"","background-repeat":"repeat","background-position":"center center","background-size":"auto","background-attachment":"scroll","background-type":"","background-media":"","overlay-type":"","overlay-color":"","overlay-opacity":"","overlay-gradient":""}},"ast-content-background-meta":{"desktop":{"background-color":"var(--ast-global-color-5)","background-image":"","background-repeat":"repeat","background-position":"center center","background-size":"auto","background-attachment":"scroll","background-type":"","background-media":"","overlay-type":"","overlay-color":"","overlay-opacity":"","overlay-gradient":""},"tablet":{"background-color":"var(--ast-global-color-5)","background-image":"","background-repeat":"repeat","background-position":"center center","background-size":"auto","background-attachment":"scroll","background-type":"","background-media":"","overlay-type":"","overlay-color":"","overlay-opacity":"","overlay-gradient":""},"mobile":{"background-color":"var(--ast-global-color-5)","background-image":"","background-repeat":"repeat","background-position":"center center","background-size":"auto","background-attachment":"scroll","background-type":"","background-media":"","overlay-type":"","overlay-color":"","overlay-opacity":"","overlay-gradient":""}},"footnotes":""},"class_list":["post-27","page","type-page","status-publish","hentry"],"post_mailing_queue_ids":[],"_links":{"self":[{"href":"https:\/\/agora.xtec.cat\/cfaperecalders\/wp-json\/wp\/v2\/pages\/27","targetHints":{"allow":["GET"]}}],"collection":[{"href":"https:\/\/agora.xtec.cat\/cfaperecalders\/wp-json\/wp\/v2\/pages"}],"about":[{"href":"https:\/\/agora.xtec.cat\/cfaperecalders\/wp-json\/wp\/v2\/types\/page"}],"author":[{"embeddable":true,"href":"https:\/\/agora.xtec.cat\/cfaperecalders\/wp-json\/wp\/v2\/users\/1"}],"replies":[{"embeddable":true,"href":"https:\/\/agora.xtec.cat\/cfaperecalders\/wp-json\/wp\/v2\/comments?post=27"}],"version-history":[{"count":6,"href":"https:\/\/agora.xtec.cat\/cfaperecalders\/wp-json\/wp\/v2\/pages\/27\/revisions"}],"predecessor-version":[{"id":3419,"href":"https:\/\/agora.xtec.cat\/cfaperecalders\/wp-json\/wp\/v2\/pages\/27\/revisions\/3419"}],"up":[{"embeddable":true,"href":"https:\/\/agora.xtec.cat\/cfaperecalders\/wp-json\/wp\/v2\/pages\/261"}],"wp:attachment":[{"href":"https:\/\/agora.xtec.cat\/cfaperecalders\/wp-json\/wp\/v2\/media?parent=27"}],"curies":[{"name":"wp","href":"https:\/\/api.w.org\/{rel}","templated":true}]}}