{"id":265,"date":"2015-01-27T17:28:56","date_gmt":"2015-01-27T16:28:56","guid":{"rendered":"http:\/\/agora.xtec.cat\/cfaperecalders\/?page_id=265"},"modified":"2025-11-07T10:04:05","modified_gmt":"2025-11-07T09:04:05","slug":"qui-som","status":"publish","type":"page","link":"https:\/\/agora.xtec.cat\/cfaperecalders\/el-centre\/qui-som\/","title":{"rendered":"Qui som"},"content":{"rendered":"\n<p><strong>DOCENTS<\/strong><\/p>\n\n\n\n<ul class=\"wp-block-list\">\n<li>Muntsa Moral: Lleng\u00fces i direcci\u00f3 del centre.<\/li>\n\n\n\n<li>J\u00falia Morell: Lleng\u00fces i cap d&#8217;estudis.<\/li>\n\n\n\n<li>Jose Pilar: Lleng\u00fces i secretaria.<\/li>\n\n\n\n<li><span style=\"font-family: inherit; font-size: 1em;\">Carlos Osma: Ci\u00e8ncies i coordinaci\u00f3 dels cursos de preparaci\u00f3 de le<\/span><span style=\"font-family: inherit; font-size: 1em;\">s proves de cicles formatius.<\/span><\/li>\n\n\n\n<li>Rafel Gallego: Lleng\u00fces i coordinaci\u00f3 del GES.<\/li>\n\n\n\n<li>Joe Planas: Lleng\u00fces i coordinaci\u00f3 EIB.<\/li>\n\n\n\n<li>Fran Villar: Lleng\u00fces i coordinaci\u00f3 COCOBE.<\/li>\n\n\n\n<li>Tona Argem\u00ed: Ci\u00e8ncies, COMPETIC i coordinaci\u00f3 d&#8217;Inform\u00e0tica.<\/li>\n\n\n\n<li>Fina P\u00e9rez: \u00c0mbit social<\/li>\n\n\n\n<li>Laia Ledo: COMPETIC<\/li>\n<\/ul>\n\n\n\n<p><strong>PERSONAL D&#8217;ADMINISTRACI\u00d3 I SERVEIS<\/strong><\/p>\n\n\n\n<ul class=\"wp-block-list\">\n<li>Elena, Xavier i Aron: consergeria<\/li>\n\n\n\n<li>Aurora: personal de neteja<\/li>\n\n\n\n<li>Pilar: administrativa<\/li>\n<\/ul>\n","protected":false},"excerpt":{"rendered":"<p>DOCENTS PERSONAL D&#8217;ADMINISTRACI\u00d3 I SERVEIS<\/p>\n","protected":false},"author":1,"featured_media":0,"parent":261,"menu_order":2,"comment_status":"closed","ping_status":"closed","template":"page-templates\/side-menu.php","meta":{"_bbp_topic_count":0,"_bbp_reply_count":0,"_bbp_total_topic_count":0,"_bbp_total_reply_count":0,"_bbp_voice_count":0,"_bbp_anonymous_reply_count":0,"_bbp_topic_count_hidden":0,"_bbp_reply_count_hidden":0,"_bbp_forum_subforum_count":0,"site-sidebar-layout":"default","site-content-layout":"","ast-site-content-layout":"default","site-content-style":"default","site-sidebar-style":"default","ast-global-header-display":"","ast-banner-title-visibility":"","ast-main-header-display":"","ast-hfb-above-header-display":"","ast-hfb-below-header-display":"","ast-hfb-mobile-header-display":"","site-post-title":"","ast-breadcrumbs-content":"","ast-featured-img":"","footer-sml-layout":"","theme-transparent-header-meta":"","adv-header-id-meta":"","stick-header-meta":"","header-above-stick-meta":"","header-main-stick-meta":"","header-below-stick-meta":"","astra-migrate-meta-layouts":"set","ast-page-background-enabled":"default","ast-page-background-meta":{"desktop":{"background-color":"var(--ast-global-color-4)","background-image":"","background-repeat":"repeat","background-position":"center center","background-size":"auto","background-attachment":"scroll","background-type":"","background-media":"","overlay-type":"","overlay-color":"","overlay-opacity":"","overlay-gradient":""},"tablet":{"background-color":"","background-image":"","background-repeat":"repeat","background-position":"center center","background-size":"auto","background-attachment":"scroll","background-type":"","background-media":"","overlay-type":"","overlay-color":"","overlay-opacity":"","overlay-gradient":""},"mobile":{"background-color":"","background-image":"","background-repeat":"repeat","background-position":"center center","background-size":"auto","background-attachment":"scroll","background-type":"","background-media":"","overlay-type":"","overlay-color":"","overlay-opacity":"","overlay-gradient":""}},"ast-content-background-meta":{"desktop":{"background-color":"var(--ast-global-color-5)","background-image":"","background-repeat":"repeat","background-position":"center center","background-size":"auto","background-attachment":"scroll","background-type":"","background-media":"","overlay-type":"","overlay-color":"","overlay-opacity":"","overlay-gradient":""},"tablet":{"background-color":"var(--ast-global-color-5)","background-image":"","background-repeat":"repeat","background-position":"center center","background-size":"auto","background-attachment":"scroll","background-type":"","background-media":"","overlay-type":"","overlay-color":"","overlay-opacity":"","overlay-gradient":""},"mobile":{"background-color":"var(--ast-global-color-5)","background-image":"","background-repeat":"repeat","background-position":"center center","background-size":"auto","background-attachment":"scroll","background-type":"","background-media":"","overlay-type":"","overlay-color":"","overlay-opacity":"","overlay-gradient":""}},"footnotes":""},"class_list":["post-265","page","type-page","status-publish","hentry"],"post_mailing_queue_ids":[],"_links":{"self":[{"href":"https:\/\/agora.xtec.cat\/cfaperecalders\/wp-json\/wp\/v2\/pages\/265","targetHints":{"allow":["GET"]}}],"collection":[{"href":"https:\/\/agora.xtec.cat\/cfaperecalders\/wp-json\/wp\/v2\/pages"}],"about":[{"href":"https:\/\/agora.xtec.cat\/cfaperecalders\/wp-json\/wp\/v2\/types\/page"}],"author":[{"embeddable":true,"href":"https:\/\/agora.xtec.cat\/cfaperecalders\/wp-json\/wp\/v2\/users\/1"}],"replies":[{"embeddable":true,"href":"https:\/\/agora.xtec.cat\/cfaperecalders\/wp-json\/wp\/v2\/comments?post=265"}],"version-history":[{"count":6,"href":"https:\/\/agora.xtec.cat\/cfaperecalders\/wp-json\/wp\/v2\/pages\/265\/revisions"}],"predecessor-version":[{"id":3842,"href":"https:\/\/agora.xtec.cat\/cfaperecalders\/wp-json\/wp\/v2\/pages\/265\/revisions\/3842"}],"up":[{"embeddable":true,"href":"https:\/\/agora.xtec.cat\/cfaperecalders\/wp-json\/wp\/v2\/pages\/261"}],"wp:attachment":[{"href":"https:\/\/agora.xtec.cat\/cfaperecalders\/wp-json\/wp\/v2\/media?parent=265"}],"curies":[{"name":"wp","href":"https:\/\/api.w.org\/{rel}","templated":true}]}}