{"id":65,"date":"2014-09-18T10:12:22","date_gmt":"2014-09-18T10:12:22","guid":{"rendered":"http:\/\/agora.xtec.cat\/cfapegaso\/?page_id=65"},"modified":"2026-02-10T12:28:53","modified_gmt":"2026-02-10T11:28:53","slug":"tallers","status":"publish","type":"page","link":"https:\/\/agora.xtec.cat\/cfapegaso\/apepa\/tallers\/","title":{"rendered":"Tallers 2025-26"},"content":{"rendered":"<p>Els <strong>Tallers de Voluntariat<\/strong> tenen una gran import\u00e0ncia al nostre centre. Donem valor a l&#8217;<strong>intercanvi de coneixements<\/strong> amb altres persones de manera volunt\u00e0ria. Qualsevol pot oferir-se a fer un taller d&#8217;all\u00f2 que sap o li agrada, nom\u00e9s cal parlar amb l&#8217;equip de l&#8217;escola per trobar dia i aula.<\/p>\n<p>Habitualment n&#8217;hi ha de Literatura, Salut, Astronomia, Patronatge, Conversa per practicar idiomes,&#8230;<\/p>\n<p>Properament publicarem l&#8217;oferta que es vagi concretant i els horaris. Estigues a l&#8217;aguait!<\/p>\n<p><img loading=\"lazy\" decoding=\"async\" class=\"aligncenter wp-image-4140 size-full\" src=\"https:\/\/agora.xtec.cat\/cfapegaso\/wp-content\/uploads\/usu1523\/2025\/10\/cartel-tallers-01-e1765278409492.jpg\" alt=\"\" width=\"838\" height=\"446\" srcset=\"https:\/\/agora.xtec.cat\/cfapegaso\/wp-content\/uploads\/usu1523\/2025\/10\/cartel-tallers-01-e1765278409492.jpg 838w, https:\/\/agora.xtec.cat\/cfapegaso\/wp-content\/uploads\/usu1523\/2025\/10\/cartel-tallers-01-e1765278409492-300x160.jpg 300w, https:\/\/agora.xtec.cat\/cfapegaso\/wp-content\/uploads\/usu1523\/2025\/10\/cartel-tallers-01-e1765278409492-768x409.jpg 768w\" sizes=\"auto, (max-width: 838px) 100vw, 838px\" \/><img loading=\"lazy\" decoding=\"async\" class=\"aligncenter size-full wp-image-4137\" src=\"https:\/\/agora.xtec.cat\/cfapegaso\/wp-content\/uploads\/usu1523\/2025\/10\/cartel-a-pares_Mesa-de-trabajo-1.jpg\" alt=\"\" width=\"1693\" height=\"595\" srcset=\"https:\/\/agora.xtec.cat\/cfapegaso\/wp-content\/uploads\/usu1523\/2025\/10\/cartel-a-pares_Mesa-de-trabajo-1.jpg 1693w, https:\/\/agora.xtec.cat\/cfapegaso\/wp-content\/uploads\/usu1523\/2025\/10\/cartel-a-pares_Mesa-de-trabajo-1-300x105.jpg 300w, https:\/\/agora.xtec.cat\/cfapegaso\/wp-content\/uploads\/usu1523\/2025\/10\/cartel-a-pares_Mesa-de-trabajo-1-1024x360.jpg 1024w, https:\/\/agora.xtec.cat\/cfapegaso\/wp-content\/uploads\/usu1523\/2025\/10\/cartel-a-pares_Mesa-de-trabajo-1-768x270.jpg 768w, https:\/\/agora.xtec.cat\/cfapegaso\/wp-content\/uploads\/usu1523\/2025\/10\/cartel-a-pares_Mesa-de-trabajo-1-1536x540.jpg 1536w\" sizes=\"auto, (max-width: 1693px) 100vw, 1693px\" \/><img loading=\"lazy\" decoding=\"async\" class=\"aligncenter size-full wp-image-4136\" src=\"https:\/\/agora.xtec.cat\/cfapegaso\/wp-content\/uploads\/usu1523\/2025\/10\/cartel-a-pares_Mesa-de-trabajo-1-copia.jpg\" alt=\"\" width=\"1693\" height=\"595\" srcset=\"https:\/\/agora.xtec.cat\/cfapegaso\/wp-content\/uploads\/usu1523\/2025\/10\/cartel-a-pares_Mesa-de-trabajo-1-copia.jpg 1693w, https:\/\/agora.xtec.cat\/cfapegaso\/wp-content\/uploads\/usu1523\/2025\/10\/cartel-a-pares_Mesa-de-trabajo-1-copia-300x105.jpg 300w, https:\/\/agora.xtec.cat\/cfapegaso\/wp-content\/uploads\/usu1523\/2025\/10\/cartel-a-pares_Mesa-de-trabajo-1-copia-1024x360.jpg 1024w, https:\/\/agora.xtec.cat\/cfapegaso\/wp-content\/uploads\/usu1523\/2025\/10\/cartel-a-pares_Mesa-de-trabajo-1-copia-768x270.jpg 768w, https:\/\/agora.xtec.cat\/cfapegaso\/wp-content\/uploads\/usu1523\/2025\/10\/cartel-a-pares_Mesa-de-trabajo-1-copia-1536x540.jpg 1536w\" sizes=\"auto, (max-width: 1693px) 100vw, 1693px\" \/><img loading=\"lazy\" decoding=\"async\" class=\"aligncenter size-full wp-image-4135\" src=\"https:\/\/agora.xtec.cat\/cfapegaso\/wp-content\/uploads\/usu1523\/2025\/10\/cartel-a-pares_Mesa-de-trabajo-1-copia-3.jpg\" alt=\"\" width=\"1693\" height=\"595\" srcset=\"https:\/\/agora.xtec.cat\/cfapegaso\/wp-content\/uploads\/usu1523\/2025\/10\/cartel-a-pares_Mesa-de-trabajo-1-copia-3.jpg 1693w, https:\/\/agora.xtec.cat\/cfapegaso\/wp-content\/uploads\/usu1523\/2025\/10\/cartel-a-pares_Mesa-de-trabajo-1-copia-3-300x105.jpg 300w, https:\/\/agora.xtec.cat\/cfapegaso\/wp-content\/uploads\/usu1523\/2025\/10\/cartel-a-pares_Mesa-de-trabajo-1-copia-3-1024x360.jpg 1024w, https:\/\/agora.xtec.cat\/cfapegaso\/wp-content\/uploads\/usu1523\/2025\/10\/cartel-a-pares_Mesa-de-trabajo-1-copia-3-768x270.jpg 768w, https:\/\/agora.xtec.cat\/cfapegaso\/wp-content\/uploads\/usu1523\/2025\/10\/cartel-a-pares_Mesa-de-trabajo-1-copia-3-1536x540.jpg 1536w\" sizes=\"auto, (max-width: 1693px) 100vw, 1693px\" \/><img loading=\"lazy\" decoding=\"async\" class=\"aligncenter size-full wp-image-4134\" src=\"https:\/\/agora.xtec.cat\/cfapegaso\/wp-content\/uploads\/usu1523\/2025\/10\/cartel-a-pares_Mesa-de-trabajo-1-copia-2.jpg\" alt=\"\" width=\"1693\" height=\"595\" srcset=\"https:\/\/agora.xtec.cat\/cfapegaso\/wp-content\/uploads\/usu1523\/2025\/10\/cartel-a-pares_Mesa-de-trabajo-1-copia-2.jpg 1693w, https:\/\/agora.xtec.cat\/cfapegaso\/wp-content\/uploads\/usu1523\/2025\/10\/cartel-a-pares_Mesa-de-trabajo-1-copia-2-300x105.jpg 300w, https:\/\/agora.xtec.cat\/cfapegaso\/wp-content\/uploads\/usu1523\/2025\/10\/cartel-a-pares_Mesa-de-trabajo-1-copia-2-1024x360.jpg 1024w, https:\/\/agora.xtec.cat\/cfapegaso\/wp-content\/uploads\/usu1523\/2025\/10\/cartel-a-pares_Mesa-de-trabajo-1-copia-2-768x270.jpg 768w, https:\/\/agora.xtec.cat\/cfapegaso\/wp-content\/uploads\/usu1523\/2025\/10\/cartel-a-pares_Mesa-de-trabajo-1-copia-2-1536x540.jpg 1536w\" sizes=\"auto, (max-width: 1693px) 100vw, 1693px\" \/><\/p>\n<p>&nbsp;<\/p>\n","protected":false},"excerpt":{"rendered":"<p>Els Tallers de Voluntariat tenen una gran import\u00e0ncia al nostre centre. Donem valor a l&#8217;intercanvi de coneixements amb altres persones de manera volunt\u00e0ria. Qualsevol pot oferir-se a fer un taller d&#8217;all\u00f2 que sap o li agrada, nom\u00e9s cal parlar amb l&#8217;equip de l&#8217;escola per trobar dia i aula. Habitualment n&#8217;hi ha de Literatura, Salut, Astronomia, [&hellip;]<\/p>\n","protected":false},"author":1,"featured_media":0,"parent":63,"menu_order":10,"comment_status":"closed","ping_status":"closed","template":"page-templates\/side-menu.php","meta":{"_bbp_topic_count":0,"_bbp_reply_count":0,"_bbp_total_topic_count":0,"_bbp_total_reply_count":0,"_bbp_voice_count":0,"_bbp_anonymous_reply_count":0,"_bbp_topic_count_hidden":0,"_bbp_reply_count_hidden":0,"_bbp_forum_subforum_count":0,"site-sidebar-layout":"default","site-content-layout":"","ast-site-content-layout":"","site-content-style":"default","site-sidebar-style":"default","ast-global-header-display":"","ast-banner-title-visibility":"","ast-main-header-display":"","ast-hfb-above-header-display":"","ast-hfb-below-header-display":"","ast-hfb-mobile-header-display":"","site-post-title":"","ast-breadcrumbs-content":"","ast-featured-img":"","footer-sml-layout":"","theme-transparent-header-meta":"","adv-header-id-meta":"","stick-header-meta":"","header-above-stick-meta":"","header-main-stick-meta":"","header-below-stick-meta":"","astra-migrate-meta-layouts":"default","ast-page-background-enabled":"default","ast-page-background-meta":{"desktop":{"background-color":"var(--ast-global-color-4)","background-image":"","background-repeat":"repeat","background-position":"center center","background-size":"auto","background-attachment":"scroll","background-type":"","background-media":"","overlay-type":"","overlay-color":"","overlay-opacity":"","overlay-gradient":""},"tablet":{"background-color":"","background-image":"","background-repeat":"repeat","background-position":"center center","background-size":"auto","background-attachment":"scroll","background-type":"","background-media":"","overlay-type":"","overlay-color":"","overlay-opacity":"","overlay-gradient":""},"mobile":{"background-color":"","background-image":"","background-repeat":"repeat","background-position":"center center","background-size":"auto","background-attachment":"scroll","background-type":"","background-media":"","overlay-type":"","overlay-color":"","overlay-opacity":"","overlay-gradient":""}},"ast-content-background-meta":{"desktop":{"background-color":"var(--ast-global-color-5)","background-image":"","background-repeat":"repeat","background-position":"center center","background-size":"auto","background-attachment":"scroll","background-type":"","background-media":"","overlay-type":"","overlay-color":"","overlay-opacity":"","overlay-gradient":""},"tablet":{"background-color":"var(--ast-global-color-5)","background-image":"","background-repeat":"repeat","background-position":"center center","background-size":"auto","background-attachment":"scroll","background-type":"","background-media":"","overlay-type":"","overlay-color":"","overlay-opacity":"","overlay-gradient":""},"mobile":{"background-color":"var(--ast-global-color-5)","background-image":"","background-repeat":"repeat","background-position":"center center","background-size":"auto","background-attachment":"scroll","background-type":"","background-media":"","overlay-type":"","overlay-color":"","overlay-opacity":"","overlay-gradient":""}},"footnotes":""},"class_list":["post-65","page","type-page","status-publish","hentry"],"post_mailing_queue_ids":[],"_links":{"self":[{"href":"https:\/\/agora.xtec.cat\/cfapegaso\/wp-json\/wp\/v2\/pages\/65","targetHints":{"allow":["GET"]}}],"collection":[{"href":"https:\/\/agora.xtec.cat\/cfapegaso\/wp-json\/wp\/v2\/pages"}],"about":[{"href":"https:\/\/agora.xtec.cat\/cfapegaso\/wp-json\/wp\/v2\/types\/page"}],"author":[{"embeddable":true,"href":"https:\/\/agora.xtec.cat\/cfapegaso\/wp-json\/wp\/v2\/users\/1"}],"replies":[{"embeddable":true,"href":"https:\/\/agora.xtec.cat\/cfapegaso\/wp-json\/wp\/v2\/comments?post=65"}],"version-history":[{"count":6,"href":"https:\/\/agora.xtec.cat\/cfapegaso\/wp-json\/wp\/v2\/pages\/65\/revisions"}],"predecessor-version":[{"id":4154,"href":"https:\/\/agora.xtec.cat\/cfapegaso\/wp-json\/wp\/v2\/pages\/65\/revisions\/4154"}],"up":[{"embeddable":true,"href":"https:\/\/agora.xtec.cat\/cfapegaso\/wp-json\/wp\/v2\/pages\/63"}],"wp:attachment":[{"href":"https:\/\/agora.xtec.cat\/cfapegaso\/wp-json\/wp\/v2\/media?parent=65"}],"curies":[{"name":"wp","href":"https:\/\/api.w.org\/{rel}","templated":true}]}}