{"id":2232,"date":"2025-10-04T16:42:04","date_gmt":"2025-10-04T14:42:04","guid":{"rendered":"https:\/\/agora.xtec.cat\/cfapalafrugell\/?page_id=2232"},"modified":"2025-10-04T16:44:24","modified_gmt":"2025-10-04T14:44:24","slug":"equip-de-coordinacio-2","status":"publish","type":"page","link":"https:\/\/agora.xtec.cat\/cfapalafrugell\/equip-de-coordinacio-2\/","title":{"rendered":"Equip de coordinaci\u00f3"},"content":{"rendered":"<p id=\"yui_3_17_2_1_1679070551074_1191\">Els coordinadors\/es dels diferents ensenyaments s\u00f3n:<\/p>\n<ul>\n<li>\n<h6><strong>COORDINACI\u00d3 ENSENYAMENTS INICIALS I B\u00c0SICS<\/strong><strong>:<\/strong><\/h6>\n<\/li>\n<li>\n<h6><strong>COORDINACI\u00d3 DE COMPET\u00c8NCIES PER A LA SOCIETAT DE LA INFORMACI\u00d3 I INFORMACI\u00d3:<\/strong><\/h6>\n<\/li>\n<li>\n<h6><strong>COORDINACI\u00d3 DE PROVES D\u2019ACC\u00c9S<\/strong>:<\/h6>\n<\/li>\n<li>\n<h6><strong>COORDINACI\u00d3 DE FORMACI\u00d3 B\u00c0SICA<\/strong>:<\/h6>\n<\/li>\n<li>\n<h6><strong>COORDINACI\u00d3 COEDUCACI\u00d3, CONVIV\u00c8NCIA I BENESTAR:<br \/>\n<\/strong><\/h6>\n<\/li>\n<\/ul>\n","protected":false},"excerpt":{"rendered":"<p>Els coordinadors\/es dels diferents ensenyaments s\u00f3n:<\/p>\n<ul>\n<li>\nCOORDINACI\u00d3 ENSENYAMENTS INICIALS I B\u00c0SICS:\n<\/li>\n<li>\nCOORDINACI\u00d3 DE COMPET\u00c8NCIES PER A LA SOCIETAT DE LA INFORMACI\u00d3 I INFORMACI\u00d3:\n<\/li>\n<li>\nCOORDINACI\u00d3 DE PROVES D\u2019ACC\u00c9S:\n<\/li>\n<li>\nCOORDINACI\u00d3 DE FORMACI\u00d3 B\u00c0SICA:\n<\/li>\n<li>\nCOORDINACI\u00d3 COEDUCACI\u00d3, CONVIV\u00c8NCIA I BENESTAR:<\/p>\n<\/li>\n<\/ul>\n","protected":false},"author":1,"featured_media":0,"parent":0,"menu_order":0,"comment_status":"closed","ping_status":"closed","template":"","meta":{"_bbp_topic_count":0,"_bbp_reply_count":0,"_bbp_total_topic_count":0,"_bbp_total_reply_count":0,"_bbp_voice_count":0,"_bbp_anonymous_reply_count":0,"_bbp_topic_count_hidden":0,"_bbp_reply_count_hidden":0,"_bbp_forum_subforum_count":0,"footnotes":""},"class_list":["post-2232","page","type-page","status-publish","hentry"],"post_mailing_queue_ids":[],"_links":{"self":[{"href":"https:\/\/agora.xtec.cat\/cfapalafrugell\/wp-json\/wp\/v2\/pages\/2232","targetHints":{"allow":["GET"]}}],"collection":[{"href":"https:\/\/agora.xtec.cat\/cfapalafrugell\/wp-json\/wp\/v2\/pages"}],"about":[{"href":"https:\/\/agora.xtec.cat\/cfapalafrugell\/wp-json\/wp\/v2\/types\/page"}],"author":[{"embeddable":true,"href":"https:\/\/agora.xtec.cat\/cfapalafrugell\/wp-json\/wp\/v2\/users\/1"}],"replies":[{"embeddable":true,"href":"https:\/\/agora.xtec.cat\/cfapalafrugell\/wp-json\/wp\/v2\/comments?post=2232"}],"version-history":[{"count":3,"href":"https:\/\/agora.xtec.cat\/cfapalafrugell\/wp-json\/wp\/v2\/pages\/2232\/revisions"}],"predecessor-version":[{"id":2237,"href":"https:\/\/agora.xtec.cat\/cfapalafrugell\/wp-json\/wp\/v2\/pages\/2232\/revisions\/2237"}],"wp:attachment":[{"href":"https:\/\/agora.xtec.cat\/cfapalafrugell\/wp-json\/wp\/v2\/media?parent=2232"}],"curies":[{"name":"wp","href":"https:\/\/api.w.org\/{rel}","templated":true}]}}