{"id":1828,"date":"2022-05-05T18:16:28","date_gmt":"2022-05-05T16:16:28","guid":{"rendered":"https:\/\/agora.xtec.cat\/cfapalafrugell\/?page_id=1828"},"modified":"2022-11-03T16:42:36","modified_gmt":"2022-11-03T15:42:36","slug":"el-gust-per-la-lectura-2","status":"publish","type":"page","link":"https:\/\/agora.xtec.cat\/cfapalafrugell\/el-gust-per-la-lectura-2\/","title":{"rendered":"El gust per la lectura"},"content":{"rendered":"<p>Aquest projecte, impulsat des del Departament d&#8217;Educaci\u00f3, t\u00e9 com a objectiu la formaci\u00f3 de bons lectors i lectores, millorant les seves compet\u00e8ncies liter\u00e0ries, essent capa\u00e7os de tenir un pensament cr\u00edtic sobre qu\u00e8 llegeixen i sobretot que es gaudeixi el que es llegeix.<\/p>\n<p>El projecte es troba en el marc de dos m\u00f3duls de GES: Literatura i TIC (coordinat pels professors d&#8217;aquests m\u00f2duls). El treball cooperatiu d&#8217;aquests dos docents ha fet possible la realitzaci\u00f3 del present projecte en 14 sessions.<\/p>\n<p>Des de l&#8217;\u00e0mbit ling\u00fc\u00edstic, a partir de l&#8217;estudi dels g\u00e8neres hem treballat els components del subg\u00e8nere de la narrativa (espai, temps, personatges, narrador i ho hem aplicat a l&#8217;obra, que hem anat llegint i comentant). A banda, hem treballat el quadern de l&#8217;alumnat del dossier \u00abEl gust per la lectura\u00bb. Hem fet una selecci\u00f3 de les activitats m\u00e9s creatives i d&#8217;opini\u00f3 dels apartats \u00abdurant la lectura\u00bb i \u00abdespr\u00e9s de la lectura\u00bb.<\/p>\n<p>Des de l&#8217;\u00e0mbit de les Tecnologies per a la Informaci\u00f3 i la Comunicaci\u00f3, hem realitzat una presentaci\u00f3 de continguts amb vuit diapositives en total en les quals hi ha inserides diversos \u00e0udios i un v\u00eddeo.<\/p>\n<p>El llibre escollit per la realitzaci\u00f3 del projecte ha estat <strong>MOMO<\/strong>, de Michael Ende. Una novel\u00b7la sobre la import\u00e0ncia de l&#8217;amistat, la bondat i el valor de les coses senzilles. La Momo \u00e9s una nena que t\u00e9 la meravellosa qualitat de saber escoltar als altres i que vol ajudar a la gent a humanitzar les seves vides.<\/p>\n<p>Hem repartit els nostres alumnes en tres grups diferents. Tots tres han fet un treball on han conegut una mica de la vida i obra de l&#8217;autor, han intentat personificar els punts de vista dels diferents personatges i escrit unes \u00faltimes paraules a manera de reflexi\u00f3. Els t\u00edtols que els alumnes han ficat als seus treballs s\u00f3n: \u00abEls lectors de la Momo\u00bb, \u00abLa Momo en primera persona\u00bb i \u00abR\u00e0dio Eilish presenta Momo\u00bb.<\/p>\n<p>Tots tres grups han realitzat debats de comprensi\u00f3 dintre i f\u00f3ra de l&#8217;escola. Un intercanvi d&#8217;idees el v\u00e0rem realitzar amb l&#8217;Eva (la propiet\u00e0ria de Lli-books, una de les set llibreries de &#8220;Calonge, poble de llibres&#8221;) la qual va dir en una entrevista realitzada a la r\u00e0dio que Momo era el seu llibre preferit. Per tant, ens v\u00e0rem posar en contacte amb ella per tal d&#8217;organitzar una sessi\u00f3 t\u00edpica d&#8217;un club de lectura. Va ser interessant escoltar el raonament dels diferents simbolismes que apareixen al llibre i com els interpreta cadasc\u00fa. Per \u00faltim afegir que tamb\u00e9 v\u00e0rem gaudir d&#8217;una visita guiada a la biblioteca de Palafrugell i v\u00e0rem buscar el llibre &#8220;Momo&#8221; en el cercador inform\u00e0tic. A continuaci\u00f3 veureu el v\u00eddeo de l&#8217;excursi\u00f3 realitzada a Calonge, poble de llibres:<\/p>\n<p>&nbsp;<\/p>\n<p><iframe loading=\"lazy\" src=\"\/\/www.youtube.com\/embed\/47cZH73a0sg\" width=\"560\" height=\"314\" allowfullscreen=\"allowfullscreen\"><\/iframe><\/p>\n<p>&nbsp;<\/p>\n<p>A continuaci\u00f3 podeu visualitzar les presentacions dels treballs:<\/p>\n<ul>\n<li><strong>Els lectors de la Momo.<\/strong><\/li>\n<\/ul>\n<p><iframe loading=\"lazy\" src=\"https:\/\/docs.google.com\/presentation\/d\/e\/2PACX-1vTHGAoHpoVrVzfczPtf_9kbw8oU9FZCbPqON5L9UP2jQrsCCG2g2ZShR88HWsrJsepmyh1PV42KO1Sr\/embed?start=false&amp;loop=false&amp;delayms=30000\" width=\"1058\" height=\"624\" frameborder=\"0\" allowfullscreen=\"allowfullscreen\"><\/iframe><\/p>\n<p>&nbsp;<\/p>\n<ul>\n<li><strong>La Momo en primera persona.<\/strong><\/li>\n<\/ul>\n<p><iframe loading=\"lazy\" src=\"https:\/\/docs.google.com\/presentation\/d\/e\/2PACX-1vRa53sd2QYDwoxU_2rzY5JmX2DRKkH5L2oVj-iW5YyFCY4y2O9FpQ6yok78l-OODGly5JsrWa2VcHaO\/embed?start=false&amp;loop=false&amp;delayms=3000\" width=\"1058\" height=\"624\" frameborder=\"0\" allowfullscreen=\"allowfullscreen\"><\/iframe><\/p>\n<p>&nbsp;<\/p>\n<ul>\n<li><strong>R\u00e0dio Eilish presenta Momo.<\/strong><\/li>\n<\/ul>\n<p><iframe loading=\"lazy\" src=\"https:\/\/docs.google.com\/presentation\/d\/e\/2PACX-1vRwBptjsgQBq-__zr0udNyMwBLTCv6ke1lBI0R7enkTHUh-IPKFJCeQjqUglMlfBPb5-9l5IPMehiuu\/embed?start=false&amp;loop=false&amp;delayms=30000\" width=\"1058\" height=\"624\" frameborder=\"0\" allowfullscreen=\"allowfullscreen\"><\/iframe><\/p>\n<p>&nbsp;<\/p>\n","protected":false},"excerpt":{"rendered":"<p>Aquest projecte, impulsat des del Departament d&#8217;Educaci\u00f3, t\u00e9 com a objectiu la formaci\u00f3 de bons lectors i lectores, millorant les seves compet\u00e8ncies liter\u00e0ries, essent capa\u00e7os de tenir un pensament cr\u00edtic sobre qu\u00e8 llegeixen i sobretot que es gaudeixi el que es llegeix.<br \/>\nEl projecte es troba&hellip;  <a href=\"https:\/\/agora.xtec.cat\/cfapalafrugell\/el-gust-per-la-lectura-2\/\" title=\"Read El gust per la lectura\">Llegeix m\u00e9s\u00bb<\/a><\/p>\n","protected":false},"author":1,"featured_media":0,"parent":0,"menu_order":0,"comment_status":"closed","ping_status":"closed","template":"","meta":{"_bbp_topic_count":0,"_bbp_reply_count":0,"_bbp_total_topic_count":0,"_bbp_total_reply_count":0,"_bbp_voice_count":0,"_bbp_anonymous_reply_count":0,"_bbp_topic_count_hidden":0,"_bbp_reply_count_hidden":0,"_bbp_forum_subforum_count":0,"footnotes":""},"class_list":["post-1828","page","type-page","status-publish","hentry"],"post_mailing_queue_ids":[],"_links":{"self":[{"href":"https:\/\/agora.xtec.cat\/cfapalafrugell\/wp-json\/wp\/v2\/pages\/1828","targetHints":{"allow":["GET"]}}],"collection":[{"href":"https:\/\/agora.xtec.cat\/cfapalafrugell\/wp-json\/wp\/v2\/pages"}],"about":[{"href":"https:\/\/agora.xtec.cat\/cfapalafrugell\/wp-json\/wp\/v2\/types\/page"}],"author":[{"embeddable":true,"href":"https:\/\/agora.xtec.cat\/cfapalafrugell\/wp-json\/wp\/v2\/users\/1"}],"replies":[{"embeddable":true,"href":"https:\/\/agora.xtec.cat\/cfapalafrugell\/wp-json\/wp\/v2\/comments?post=1828"}],"version-history":[{"count":3,"href":"https:\/\/agora.xtec.cat\/cfapalafrugell\/wp-json\/wp\/v2\/pages\/1828\/revisions"}],"predecessor-version":[{"id":1921,"href":"https:\/\/agora.xtec.cat\/cfapalafrugell\/wp-json\/wp\/v2\/pages\/1828\/revisions\/1921"}],"wp:attachment":[{"href":"https:\/\/agora.xtec.cat\/cfapalafrugell\/wp-json\/wp\/v2\/media?parent=1828"}],"curies":[{"name":"wp","href":"https:\/\/api.w.org\/{rel}","templated":true}]}}