{"id":560,"date":"2024-07-09T09:56:55","date_gmt":"2024-07-09T07:56:55","guid":{"rendered":"https:\/\/agora.xtec.cat\/cfanatura\/?page_id=560"},"modified":"2024-07-09T17:28:36","modified_gmt":"2024-07-09T15:28:36","slug":"quotes","status":"publish","type":"page","link":"https:\/\/agora.xtec.cat\/cfanatura\/quotes\/","title":{"rendered":"Quotes"},"content":{"rendered":"<p><strong> Les quotes dels diferents curos s\u00f3n els aprovats a l&#8217;ORDENAN\u00c7A FISCAL N\u00daM. 15 <\/strong> <strong>&#8211; TAXA PER ENSENYAMENTS ESPECIALS<\/strong><\/p>\r\n\r\n<figure class=\"wp-block-table\">\r\n<table>\r\n<tbody>\r\n<tr>\r\n<td><strong>OFERTA<\/strong><\/td>\r\n<td colspan=\"5\"><strong>Quotes mensuals<\/strong><\/td>\r\n<\/tr>\r\n<tr>\r\n<td><strong>FORMATIVA<\/strong><\/td>\r\n<td><strong>A<\/strong><\/td>\r\n<td><strong>B<\/strong><\/td>\r\n<td><strong>C<\/strong><\/td>\r\n<td><strong>D<\/strong><\/td>\r\n<td><strong>E<\/strong><\/td>\r\n<\/tr>\r\n<tr>\r\n<td>Acc\u00e9s universitat menors 45 anys<\/td>\r\n<td>26,40<\/td>\r\n<td>39,60<\/td>\r\n<td>52,80<\/td>\r\n<td>66,00<\/td>\r\n<td>79,20<\/td>\r\n<\/tr>\r\n<tr>\r\n<td>Acc\u00e9s universitat majors 45 anys<\/td>\r\n<td>8,80<\/td>\r\n<td>13,20<\/td>\r\n<td>17,60<\/td>\r\n<td>22,00<\/td>\r\n<td>26,40<\/td>\r\n<\/tr>\r\n<tr>\r\n<td>Angl\u00e8s nivell 1<\/td>\r\n<td>10,20<\/td>\r\n<td>13,60<\/td>\r\n<td>17,00<\/td>\r\n<td>20,40<\/td>\r\n<td>23,80<\/td>\r\n<\/tr>\r\n<tr>\r\n<td>Angl\u00e8s nivell 2<\/td>\r\n<td>12,00<\/td>\r\n<td>16,00<\/td>\r\n<td>20,00<\/td>\r\n<td>24,00<\/td>\r\n<td>28,00<\/td>\r\n<\/tr>\r\n<tr>\r\n<td>Angl\u00e8s nivell 3<\/td>\r\n<td>12,00<\/td>\r\n<td>16,00<\/td>\r\n<td>20,00<\/td>\r\n<td>24,00<\/td>\r\n<td>28,00<\/td>\r\n<\/tr>\r\n<tr>\r\n<td>GES I<\/td>\r\n<td>12,00<\/td>\r\n<td>18,00<\/td>\r\n<td>24,00<\/td>\r\n<td>30,00<\/td>\r\n<td>36,00<\/td>\r\n<\/tr>\r\n<tr>\r\n<td>GES II<\/td>\r\n<td>12,00<\/td>\r\n<td>18,00<\/td>\r\n<td>24,00<\/td>\r\n<td>30,00<\/td>\r\n<td>36,00<\/td>\r\n<\/tr>\r\n<tr>\r\n<td>Castell\u00e0 I<\/td>\r\n<td>5,40<\/td>\r\n<td>7,20<\/td>\r\n<td>9,00<\/td>\r\n<td>10,80<\/td>\r\n<td>12,60<\/td>\r\n<\/tr>\r\n<tr>\r\n<td>Castell\u00e0 II<\/td>\r\n<td>5,40<\/td>\r\n<td>7,20<\/td>\r\n<td>9,00<\/td>\r\n<td>10,80<\/td>\r\n<td>12,60<\/td>\r\n<\/tr>\r\n<tr>\r\n<td>Castell\u00e0 III<\/td>\r\n<td>5,40<\/td>\r\n<td>7,20<\/td>\r\n<td>9,00<\/td>\r\n<td>10,80<\/td>\r\n<td>12,60<\/td>\r\n<\/tr>\r\n<tr>\r\n<td>Instrumental I<\/td>\r\n<td>4,50<\/td>\r\n<td>5,40<\/td>\r\n<td>7,20<\/td>\r\n<td>9,00<\/td>\r\n<td>10,80<\/td>\r\n<\/tr>\r\n<tr>\r\n<td>Instrumental II<\/td>\r\n<td>4,50<\/td>\r\n<td>5,40<\/td>\r\n<td>7,20<\/td>\r\n<td>9,00<\/td>\r\n<td>10,80<\/td>\r\n<\/tr>\r\n<tr>\r\n<td>Instrumental III<\/td>\r\n<td>12,60<\/td>\r\n<td>16,80<\/td>\r\n<td>21,00<\/td>\r\n<td>25,20<\/td>\r\n<td>29,40<\/td>\r\n<\/tr>\r\n<tr>\r\n<td>Instrumental IV<\/td>\r\n<td>12,60<\/td>\r\n<td>16,80<\/td>\r\n<td>21,00<\/td>\r\n<td>25,20<\/td>\r\n<td>29,40<\/td>\r\n<\/tr>\r\n<tr>\r\n<td>Assignatures individuals<\/td>\r\n<td>4,40<\/td>\r\n<td>5,50<\/td>\r\n<td>6,60<\/td>\r\n<td>7,70<\/td>\r\n<td>8,80<\/td>\r\n<\/tr>\r\n<tr>\r\n<td>Acc\u00e9s Cicle Formatiu Grau Mig<\/td>\r\n<td colspan=\"5\">Gratu\u00eft<\/td>\r\n<\/tr>\r\n<tr>\r\n<td>Acc\u00e9s Cicle Formatiu Grau Superior<\/td>\r\n<td colspan=\"5\">Gratu\u00eft<\/td>\r\n<\/tr>\r\n<\/tbody>\r\n<\/table>\r\n<\/figure>\r\n\r\n\r\n\r\n<figure class=\"wp-block-table\">\r\n<table>\r\n<tbody>\r\n<tr>\r\n<td><strong>OFERTA FORMATIVA<\/strong><\/td>\r\n<td><strong>Matr\u00edcula \u00fanica<\/strong><\/td>\r\n<\/tr>\r\n<tr>\r\n<td>Aula Acollida<\/td>\r\n<td>30,00 \u20ac<\/td>\r\n<\/tr>\r\n<\/tbody>\r\n<\/table>\r\n<\/figure>\r\n\r\n\r\n\r\n<ul class=\"wp-block-list\">\r\n<li>Trams de renda a aplicar per a cada preu p\u00fablic:<\/li>\r\n<\/ul>\r\n\r\n\r\n\r\n<figure class=\"wp-block-table\">\r\n<table>\r\n<tbody>\r\n<tr>\r\n<td><strong>Membres unitat familiar<\/strong><\/td>\r\n<td><strong>Tram A<\/strong><\/td>\r\n<td><strong>Tram B<\/strong><\/td>\r\n<td><strong>Tram C<\/strong><\/td>\r\n<td><strong>Tram D<\/strong><\/td>\r\n<td><strong>Tram E<\/strong><\/td>\r\n<\/tr>\r\n<tr>\r\n<td><strong>1 o 2<\/strong><\/td>\r\n<td>&lt; 7.968,01\u20ac<\/td>\r\n<td>7.968,01\u20ac &#8211; 14.939,00\u20ac<\/td>\r\n<td>14.939,01\u20ac &#8211; 20.915,00\u20ac<\/td>\r\n<td>20.915,01\u20ac &#8211; 29.878,00\u20ac<\/td>\r\n<td>&gt; 29.878,00\u20ac<\/td>\r\n<\/tr>\r\n<tr>\r\n<td><strong>3<\/strong><\/td>\r\n<td>&lt; 10.464,01\u20ac<\/td>\r\n<td>10.464,01\u20ac &#8211; 17.927,00\u20ac<\/td>\r\n<td>17.927,01\u20ac &#8211; 25.098,00\u20ac<\/td>\r\n<td>25.089,01\u20ac &#8211; 35.854,00\u20ac<\/td>\r\n<td>&gt; 35.854,00\u20ac<\/td>\r\n<\/tr>\r\n<tr>\r\n<td><strong>4<\/strong><\/td>\r\n<td>&lt; 12.413,01\u20ac<\/td>\r\n<td>12.413,01\u20ac &#8211; 20.915,00\u20ac<\/td>\r\n<td>20.915,01\u20ac &#8211; 29.281,00\u20ac<\/td>\r\n<td>29.281,01\u20ac &#8211; 41.830,00\u20ac<\/td>\r\n<td>&gt; 41.830,00\u20ac<\/td>\r\n<\/tr>\r\n<tr>\r\n<td><strong>5<\/strong><\/td>\r\n<td>&lt; 13.810,01\u20ac<\/td>\r\n<td>13.810,01\u20ac &#8211; 23.903,00\u20ac<\/td>\r\n<td>23.903,01\u20ac &#8211; 33.464,00\u20ac<\/td>\r\n<td>33.465,01\u20ac &#8211; 47.806,00\u20ac<\/td>\r\n<td>&gt; 47.806,00\u20ac<\/td>\r\n<\/tr>\r\n<tr>\r\n<td><strong>6<\/strong><\/td>\r\n<td>&lt; 15.701,01\u20ac<\/td>\r\n<td>15.701,01\u20ac &#8211; 26.891,00\u20ac<\/td>\r\n<td>26.891,01\u20ac &#8211; 37.647,00\u20ac<\/td>\r\n<td>37.647,01\u20ac &#8211; 53.782,00\u20ac<\/td>\r\n<td>&gt; 53.782,00\u20ac<\/td>\r\n<\/tr>\r\n<tr>\r\n<td><strong>7 o m\u00e9s<\/strong><\/td>\r\n<td>&lt; 17.230,01\u20ac<\/td>\r\n<td>17.230,01 \u20ac &#8211; 29.878,00\u20ac<\/td>\r\n<td>29.878,01\u20ac &#8211; 41.830,00\u20ac<\/td>\r\n<td>41.830,01\u20ac &#8211; 59.757,00\u20ac<\/td>\r\n<td>&gt; 59.757,00\u20ac<\/td>\r\n<\/tr>\r\n<\/tbody>\r\n<\/table>\r\n<\/figure>\r\n","protected":false},"excerpt":{"rendered":"<p>Les quotes dels diferents curos s\u00f3n els aprovats a l&#8217;ORDENAN\u00c7A FISCAL N\u00daM. 15 &#8211; TAXA PER ENSENYAMENTS ESPECIALS OFERTA Quotes [&hellip;]<\/p>\n","protected":false},"author":1,"featured_media":0,"parent":0,"menu_order":0,"comment_status":"closed","ping_status":"closed","template":"page-templates\/side-menu.php","meta":{"site-sidebar-layout":"default","site-content-layout":"","ast-site-content-layout":"","site-content-style":"default","site-sidebar-style":"default","ast-global-header-display":"","ast-banner-title-visibility":"","ast-main-header-display":"","ast-hfb-above-header-display":"","ast-hfb-below-header-display":"","ast-hfb-mobile-header-display":"","site-post-title":"","ast-breadcrumbs-content":"","ast-featured-img":"","footer-sml-layout":"","theme-transparent-header-meta":"","adv-header-id-meta":"","stick-header-meta":"","header-above-stick-meta":"","header-main-stick-meta":"","header-below-stick-meta":"","astra-migrate-meta-layouts":"default","ast-page-background-enabled":"default","ast-page-background-meta":{"desktop":{"background-color":"var(--ast-global-color-4)","background-image":"","background-repeat":"repeat","background-position":"center center","background-size":"auto","background-attachment":"scroll","background-type":"","background-media":"","overlay-type":"","overlay-color":"","overlay-opacity":"","overlay-gradient":""},"tablet":{"background-color":"","background-image":"","background-repeat":"repeat","background-position":"center center","background-size":"auto","background-attachment":"scroll","background-type":"","background-media":"","overlay-type":"","overlay-color":"","overlay-opacity":"","overlay-gradient":""},"mobile":{"background-color":"","background-image":"","background-repeat":"repeat","background-position":"center center","background-size":"auto","background-attachment":"scroll","background-type":"","background-media":"","overlay-type":"","overlay-color":"","overlay-opacity":"","overlay-gradient":""}},"ast-content-background-meta":{"desktop":{"background-color":"var(--ast-global-color-5)","background-image":"","background-repeat":"repeat","background-position":"center center","background-size":"auto","background-attachment":"scroll","background-type":"","background-media":"","overlay-type":"","overlay-color":"","overlay-opacity":"","overlay-gradient":""},"tablet":{"background-color":"var(--ast-global-color-5)","background-image":"","background-repeat":"repeat","background-position":"center center","background-size":"auto","background-attachment":"scroll","background-type":"","background-media":"","overlay-type":"","overlay-color":"","overlay-opacity":"","overlay-gradient":""},"mobile":{"background-color":"var(--ast-global-color-5)","background-image":"","background-repeat":"repeat","background-position":"center center","background-size":"auto","background-attachment":"scroll","background-type":"","background-media":"","overlay-type":"","overlay-color":"","overlay-opacity":"","overlay-gradient":""}},"footnotes":""},"class_list":["post-560","page","type-page","status-publish","hentry"],"post_mailing_queue_ids":[],"_links":{"self":[{"href":"https:\/\/agora.xtec.cat\/cfanatura\/wp-json\/wp\/v2\/pages\/560","targetHints":{"allow":["GET"]}}],"collection":[{"href":"https:\/\/agora.xtec.cat\/cfanatura\/wp-json\/wp\/v2\/pages"}],"about":[{"href":"https:\/\/agora.xtec.cat\/cfanatura\/wp-json\/wp\/v2\/types\/page"}],"author":[{"embeddable":true,"href":"https:\/\/agora.xtec.cat\/cfanatura\/wp-json\/wp\/v2\/users\/1"}],"replies":[{"embeddable":true,"href":"https:\/\/agora.xtec.cat\/cfanatura\/wp-json\/wp\/v2\/comments?post=560"}],"version-history":[{"count":4,"href":"https:\/\/agora.xtec.cat\/cfanatura\/wp-json\/wp\/v2\/pages\/560\/revisions"}],"predecessor-version":[{"id":564,"href":"https:\/\/agora.xtec.cat\/cfanatura\/wp-json\/wp\/v2\/pages\/560\/revisions\/564"}],"wp:attachment":[{"href":"https:\/\/agora.xtec.cat\/cfanatura\/wp-json\/wp\/v2\/media?parent=560"}],"curies":[{"name":"wp","href":"https:\/\/api.w.org\/{rel}","templated":true}]}}