{"id":322,"date":"2015-01-28T11:36:17","date_gmt":"2015-01-28T10:36:17","guid":{"rendered":"http:\/\/agora.xtec.cat\/cfanatura\/?page_id=322"},"modified":"2024-07-09T13:52:21","modified_gmt":"2024-07-09T11:52:21","slug":"a-la-universitat-per-a-majors-de-25-anys","status":"publish","type":"page","link":"https:\/\/agora.xtec.cat\/cfanatura\/ensenyaments\/ensenyaments-per-a-la-preparacio-de-proves-dacces\/a-la-universitat-per-a-majors-de-25-anys\/","title":{"rendered":"A la universitat per a majors de 25 anys i de 45 anys"},"content":{"rendered":"\r\n<p>La preparaci\u00f3 per a la prova d&#8217;acc\u00e9s a la universitat t\u00e9 com a finalitat facilitar l&#8217;acc\u00e9s a la universitat als adults que no tenen la titulaci\u00f3 adient per accedir-hi.<\/p>\r\n\r\n\r\n\r\n<p><strong>La prova d&#8217;acc\u00e9s a la universitat per a majors de 25 anys\u00a0<\/strong>s\u2019estructura en 2 fases: fase general i fase espec\u00edfica.<\/p>\r\n\r\n\r\n\r\n<p><strong>La fase general<\/strong> consta de 4 exercicis:<\/p>\r\n\r\n\r\n\r\n<p>_Comentari de text (castell\u00e0\/catal\u00e0). _Llengua catalana. _Llengua castellana. _Llengua estrangera (a triar entre alemany, franc\u00e8s, angl\u00e8s, itali\u00e0 i portugu\u00e8s).<\/p>\r\n\r\n\r\n\r\n<p><strong>La fase espec\u00edfica<\/strong> consta de 2 exercicis:<\/p>\r\n\r\n\r\n\r\n<p>Cal escollir 2 mat\u00e8ries vinculades a l\u2019opci\u00f3 d\u2019acc\u00e9s segons la carrera triada:<\/p>\r\n\r\n\r\n\r\n<p><strong>_Arts i humanitats:<\/strong> Filosofia, Geografia*, Hist\u00f2ria, Hist\u00f2ria de l&#8217;Art i\u00a0Literatura. <strong>_Ci\u00e8ncies:<\/strong> Biologia*, F\u00edsica i\u00a0Qu\u00edmica*. <strong>_Ci\u00e8ncies de la salut: <\/strong>Biologia*, F\u00edsica, Qu\u00edmica*, Estad\u00edstica i Matem\u00e0tiques. <strong>_Ci\u00e8ncies socials i jur\u00eddiques: <\/strong>Economia i Organitzaci\u00f3, Geografia*, Hist\u00f2ria*, Estad\u00edstica i Matem\u00e0tiques. <strong>_Enginyeria i Arquitectura:<\/strong> Dibuix t\u00e8cnic, Economia i Organitzaci\u00f3, F\u00edsica, Matem\u00e0tiques i Qu\u00edmica*<\/p>\r\n\r\n\r\n\r\n<p><em>Les assignatures amb (*) es preparen a l&#8217;escola segons el programa de Cicles Formatius de Grau Superior.<\/em><\/p>\r\n\r\n\r\n\r\n<p><span style=\"text-decoration: underline;\"><strong>Horari<\/strong><\/span><\/p>\r\n\r\n\r\n\r\n<p><strong>Assignatures comunes:\u00a0<\/strong><\/p>\r\n\r\n\r\n\r\n<p>De dimarts a dijous de 18.00 h a 21.00 h.<\/p>\r\n\r\n\r\n\r\n<p><strong>Assignatures espec\u00edfiques:<\/strong><\/p>\r\n\r\n\r\n\r\n<p>Dilluns Tarda (Geografia i Hist\u00f2ria)<\/p>\r\n<p>&nbsp;<\/p>\r\n\r\n\r\n\r\n\r\n\r\n<p><strong>Qui pot presentar-se a la prova?<\/strong><\/p>\r\n\r\n\r\n\r\n<p>Totes aquelles persones que compleixin\u00a025 anys abans de l&#8217;1 d&#8217;octubre de l&#8217;any en qu\u00e8 es fa la prova.<\/p>\r\n\r\n\r\n\r\n<p>\u00c9s recomanable haver cursat, almenys parcialment, el Batxillerat, l&#8217;antic BUP o haver fet l&#8217;ESO.<\/p>\r\n\r\n\r\n\r\n<p><strong>Acc\u00e9s a la universitat per a majors de 45 anys sense estudis ni experi\u00e8ncia:<\/strong>\u00a0podran accedir a la universitat mitjan\u00e7ant una prova adaptada de maduresa que constar\u00e0 de dos exercicis:<\/p>\r\n\r\n\r\n\r\n<p>_Comentari de text o desenvolupar un tema d\u2019actualitat.<\/p>\r\n\r\n\r\n\r\n<p>_Llengua castellana.<\/p>\r\n\r\n\r\n\r\n<p>_Llengua catalana.<\/p>\r\n\r\n\r\n\r\n<p>Una vegada superada la prova, cal fer una entrevista.<\/p>\r\n\r\n\r\n\r\n<p><strong>M\u00e9s informaci\u00f3 sobre les proves a:<\/strong><\/p>\r\n\r\n\r\n\r\n<p><strong><a href=\"https:\/\/universitats.gencat.cat\/ca\/acces-universitat\/acces-segons-perfils-estudiants\/tinc-mes-25-anys\/index.html\" target=\"_blank\" rel=\"noopener\">Tinc m\u00e9s de 25 anys<\/a>.<\/strong><\/p>\r\n\r\n\r\n\r\n<p><strong><a href=\"https:\/\/universitats.gencat.cat\/ca\/acces-universitat\/acces-segons-perfils-estudiants\/tinc-mes-25-anys\/calendari-horari\/index.html\">Prova d&#8217;acc\u00e9s + 25.<\/a><\/strong><\/p>\r\n\r\n\r\n\r\n<p><a href=\"https:\/\/universitats.gencat.cat\/ca\/acces-universitat\/acces-segons-perfils-estudiants\/tinc-mes-45-anys\/index.html\">Tinc m\u00e9s de 45 <\/a><\/p>\r\n\r\n\r\n\r\n<p><a href=\"https:\/\/www.xelu.net\/html\/materials\/materials_fitxa.php?materials_ID=27&amp;idioma=catala\">Ex\u00e0mens<\/a><\/p>\r\n\r\n<p>&nbsp;<\/p>","protected":false},"excerpt":{"rendered":"<p>La preparaci\u00f3 per a la prova d&#8217;acc\u00e9s a la universitat t\u00e9 com a finalitat facilitar l&#8217;acc\u00e9s a la universitat als [&hellip;]<\/p>\n","protected":false},"author":1,"featured_media":0,"parent":288,"menu_order":0,"comment_status":"closed","ping_status":"closed","template":"page-templates\/side-menu.php","meta":{"site-sidebar-layout":"default","site-content-layout":"","ast-site-content-layout":"","site-content-style":"default","site-sidebar-style":"default","ast-global-header-display":"","ast-banner-title-visibility":"","ast-main-header-display":"","ast-hfb-above-header-display":"","ast-hfb-below-header-display":"","ast-hfb-mobile-header-display":"","site-post-title":"","ast-breadcrumbs-content":"","ast-featured-img":"","footer-sml-layout":"","theme-transparent-header-meta":"","adv-header-id-meta":"","stick-header-meta":"","header-above-stick-meta":"","header-main-stick-meta":"","header-below-stick-meta":"","astra-migrate-meta-layouts":"default","ast-page-background-enabled":"default","ast-page-background-meta":{"desktop":{"background-color":"var(--ast-global-color-4)","background-image":"","background-repeat":"repeat","background-position":"center center","background-size":"auto","background-attachment":"scroll","background-type":"","background-media":"","overlay-type":"","overlay-color":"","overlay-opacity":"","overlay-gradient":""},"tablet":{"background-color":"","background-image":"","background-repeat":"repeat","background-position":"center center","background-size":"auto","background-attachment":"scroll","background-type":"","background-media":"","overlay-type":"","overlay-color":"","overlay-opacity":"","overlay-gradient":""},"mobile":{"background-color":"","background-image":"","background-repeat":"repeat","background-position":"center center","background-size":"auto","background-attachment":"scroll","background-type":"","background-media":"","overlay-type":"","overlay-color":"","overlay-opacity":"","overlay-gradient":""}},"ast-content-background-meta":{"desktop":{"background-color":"var(--ast-global-color-5)","background-image":"","background-repeat":"repeat","background-position":"center center","background-size":"auto","background-attachment":"scroll","background-type":"","background-media":"","overlay-type":"","overlay-color":"","overlay-opacity":"","overlay-gradient":""},"tablet":{"background-color":"var(--ast-global-color-5)","background-image":"","background-repeat":"repeat","background-position":"center center","background-size":"auto","background-attachment":"scroll","background-type":"","background-media":"","overlay-type":"","overlay-color":"","overlay-opacity":"","overlay-gradient":""},"mobile":{"background-color":"var(--ast-global-color-5)","background-image":"","background-repeat":"repeat","background-position":"center center","background-size":"auto","background-attachment":"scroll","background-type":"","background-media":"","overlay-type":"","overlay-color":"","overlay-opacity":"","overlay-gradient":""}},"footnotes":""},"class_list":["post-322","page","type-page","status-publish","hentry"],"post_mailing_queue_ids":[],"_links":{"self":[{"href":"https:\/\/agora.xtec.cat\/cfanatura\/wp-json\/wp\/v2\/pages\/322","targetHints":{"allow":["GET"]}}],"collection":[{"href":"https:\/\/agora.xtec.cat\/cfanatura\/wp-json\/wp\/v2\/pages"}],"about":[{"href":"https:\/\/agora.xtec.cat\/cfanatura\/wp-json\/wp\/v2\/types\/page"}],"author":[{"embeddable":true,"href":"https:\/\/agora.xtec.cat\/cfanatura\/wp-json\/wp\/v2\/users\/1"}],"replies":[{"embeddable":true,"href":"https:\/\/agora.xtec.cat\/cfanatura\/wp-json\/wp\/v2\/comments?post=322"}],"version-history":[{"count":3,"href":"https:\/\/agora.xtec.cat\/cfanatura\/wp-json\/wp\/v2\/pages\/322\/revisions"}],"predecessor-version":[{"id":572,"href":"https:\/\/agora.xtec.cat\/cfanatura\/wp-json\/wp\/v2\/pages\/322\/revisions\/572"}],"up":[{"embeddable":true,"href":"https:\/\/agora.xtec.cat\/cfanatura\/wp-json\/wp\/v2\/pages\/288"}],"wp:attachment":[{"href":"https:\/\/agora.xtec.cat\/cfanatura\/wp-json\/wp\/v2\/media?parent=322"}],"curies":[{"name":"wp","href":"https:\/\/api.w.org\/{rel}","templated":true}]}}