{"id":303,"date":"2015-01-28T11:23:05","date_gmt":"2015-01-28T10:23:05","guid":{"rendered":"http:\/\/agora.xtec.cat\/cfanatura\/?page_id=303"},"modified":"2024-07-09T13:40:39","modified_gmt":"2024-07-09T11:40:39","slug":"graduat-en-educacio-secundaria-per-adults","status":"publish","type":"page","link":"https:\/\/agora.xtec.cat\/cfanatura\/ensenyaments\/ensenyaments-inicials-i-formacio-basica\/graduat-en-educacio-secundaria-per-adults\/","title":{"rendered":"Graduat en educaci\u00f3 secundaria per adults (GESO)"},"content":{"rendered":"<p>Els ensenyaments del Graduat en Educaci\u00f3 Secund\u00e0ria (GES) s&#8217;organitzen de manera modular en 3 \u00e0mbits i 34 m\u00f2duls, que es distribueixen en 2 nivells o cursos. La durada d&#8217;aquests estudis \u00e9s de 1.190 hores. Els \u00e0mbits i m\u00f2duls en qu\u00e8 s&#8217;organitza el curr\u00edculum dels ensenyaments de l&#8217;educaci\u00f3 secund\u00e0ria per a les persones adultes s\u00f3n els establerts a l&#8217;article 7 i a l&#8217;annex 1 del Decret 161\/2009.<\/p>\n<p>Per obtenir el t\u00edtol de Graduat en Educaci\u00f3 Secund\u00e0ria Obligat\u00f2ria l&#8217;alumne ha de cursar i superar un total de 34 m\u00f2duls o, si s&#8217;escau, convalidar-los o acreditar-los.<\/p>\n<p>El t\u00edtol de GES permet l&#8217;acc\u00e9s al Batxillerat, als Cicles Formatius de Grau Mitj\u00e0 o al m\u00f3n laboral.<\/p>\n<p><span style=\"color: #1375bb; text-decoration: underline;\"><strong>Durada i organitzaci\u00f3\u00a0dels estudis<\/strong><\/span><\/p>\n<p>S&#8217;organitzen en m\u00f2duls trimestrals en <strong>3 \u00e0mbits<\/strong>:<\/p>\n<p>A) \u00c0mbit de la comunicaci\u00f3, que inclou els m\u00f2duls de catal\u00e0, castell\u00e0 i angl\u00e8s.<\/p>\n<p>B) \u00c0mbit de les matem\u00e0tiques, de la ci\u00e8ncia i de la tecnologia.<\/p>\n<p>C) \u00c0mbit de les ci\u00e8ncies socials i de la participaci\u00f3, que inclou la geografia i la hist\u00f2ria.<\/p>\n<p>El GES es pot cursar en 1 o 2 anys, segons els criteris generals seg\u00fcents:<\/p>\n<p>_GES I, nivell 1: si no es va aprovar el Primer Cicle d&#8217;ESO i 3r d\u2019ESO o el Graduat Escolar antic. Si \u00e9s aix\u00ed, caldr\u00e0 fer 2 cursos\u00a0a l&#8217;escola.<\/p>\n<p>_GES II, nivell 2: si es t\u00e9 aprovat del tot el 3r d&#8217;ESO, el Graduat Escolar antic o estudis equivalents (primer de BUP o tot el primer de Formaci\u00f3 Professional). En aquest cas,\u00a0nom\u00e9s caldr\u00e0 realitzar 1 sol curs.<\/p>\n<p>Amb el Llibre d\u2019Escolaritat, l\u2019escola podr\u00e0 convalidar part dels estudis i adequar a cada cas l\u2019itinerari pendent per tal d\u2019obtenir el GES. Si \u00e9s necessari, es far\u00e0 un prova de nivell inicial.<\/p>\n<p><span style=\"color: #1375bb; text-decoration: underline;\"><strong>Modalitats de GES:<\/strong><\/span><\/p>\n<p>_<strong>GES Presencial <\/strong>:<\/p>\n<p>L&#8217;avaluaci\u00f3 \u00e9s cont\u00ednua i\u00a0l&#8217;assist\u00e8ncia \u00e9s obligat\u00f2ria.<\/p>\n<p><strong>Horari:<\/strong><\/p>\n<p>&#8211; GES I: No es realitza per falta d&#8217;alumnat<\/p>\n<p>&#8211; GES II: De dilluns a dijous de\u00a0 de 9 a 13h .<\/p>\n<p>_<strong>GES a dist\u00e0ncia:<\/strong><\/p>\n<p>L&#8217;escola \u00e9s centre de suport de<a href=\"http:\/\/ioc.xtec.cat\/educacio\/\" target=\"_blank\" rel=\"noopener\"> l&#8217;Institut Obert de Catalunya (IOC)<\/a>. Les tasques que portem a terme s\u00f3n:<\/p>\n<p>_Acollida: sessi\u00f3 informativa del funcionament de l\u2019IOC.<br \/>\n_Elaboraci\u00f3 de l\u2019itinerari formatiu amb l\u2019alumne.<br \/>\n_Matriculaci\u00f3.<br \/>\n_Tutories de seguiment.<br \/>\n_Ex\u00e0mens presencials a l\u2019escola.<\/p>\n<p><span style=\"text-decoration: underline;\"><span style=\"color: #1375bb; text-decoration: underline;\"><em>M\u00e9s informaci\u00f3<\/em>:<\/span><\/span> <a href=\"http:\/\/ioc.xtec.cat\/educacio\/ges\" target=\"_blank\" rel=\"noopener\">El Graduat en Educaci\u00f3 Secund\u00e0ria (GES) &#8211; IOC<\/a>.<\/p>\n<p><img loading=\"lazy\" decoding=\"async\" class=\"aligncenter wp-image-81\" src=\"https:\/\/escolaadultsnatura.files.wordpress.com\/2014\/10\/ges-ok-web.jpg?w=300\" alt=\"GES-OK-WEB\" width=\"589\" height=\"282\" \/><\/p>\n<p><span style=\"color: #1375bb; text-decoration: underline;\"><strong>Qui pot cursar el GES?<\/strong><\/span><\/p>\n<p>Per poder cursar el Graduat en Educaci\u00f3 Secund\u00e0ria \u00e9s necessari\u00a0tenir 18 anys o complir-los durant l&#8217;any en curs. Per casos particulars, aquests seran\u00a0estudiats pel centre.<\/p>\n<p>&nbsp;<\/p>\n","protected":false},"excerpt":{"rendered":"<p>Els ensenyaments del Graduat en Educaci\u00f3 Secund\u00e0ria (GES) s&#8217;organitzen de manera modular en 3 \u00e0mbits i 34 m\u00f2duls, que es [&hellip;]<\/p>\n","protected":false},"author":1,"featured_media":0,"parent":283,"menu_order":0,"comment_status":"closed","ping_status":"closed","template":"page-templates\/side-menu.php","meta":{"site-sidebar-layout":"default","site-content-layout":"","ast-site-content-layout":"","site-content-style":"default","site-sidebar-style":"default","ast-global-header-display":"","ast-banner-title-visibility":"","ast-main-header-display":"","ast-hfb-above-header-display":"","ast-hfb-below-header-display":"","ast-hfb-mobile-header-display":"","site-post-title":"","ast-breadcrumbs-content":"","ast-featured-img":"","footer-sml-layout":"","theme-transparent-header-meta":"","adv-header-id-meta":"","stick-header-meta":"","header-above-stick-meta":"","header-main-stick-meta":"","header-below-stick-meta":"","astra-migrate-meta-layouts":"default","ast-page-background-enabled":"default","ast-page-background-meta":{"desktop":{"background-color":"var(--ast-global-color-4)","background-image":"","background-repeat":"repeat","background-position":"center center","background-size":"auto","background-attachment":"scroll","background-type":"","background-media":"","overlay-type":"","overlay-color":"","overlay-opacity":"","overlay-gradient":""},"tablet":{"background-color":"","background-image":"","background-repeat":"repeat","background-position":"center center","background-size":"auto","background-attachment":"scroll","background-type":"","background-media":"","overlay-type":"","overlay-color":"","overlay-opacity":"","overlay-gradient":""},"mobile":{"background-color":"","background-image":"","background-repeat":"repeat","background-position":"center center","background-size":"auto","background-attachment":"scroll","background-type":"","background-media":"","overlay-type":"","overlay-color":"","overlay-opacity":"","overlay-gradient":""}},"ast-content-background-meta":{"desktop":{"background-color":"var(--ast-global-color-5)","background-image":"","background-repeat":"repeat","background-position":"center center","background-size":"auto","background-attachment":"scroll","background-type":"","background-media":"","overlay-type":"","overlay-color":"","overlay-opacity":"","overlay-gradient":""},"tablet":{"background-color":"var(--ast-global-color-5)","background-image":"","background-repeat":"repeat","background-position":"center center","background-size":"auto","background-attachment":"scroll","background-type":"","background-media":"","overlay-type":"","overlay-color":"","overlay-opacity":"","overlay-gradient":""},"mobile":{"background-color":"var(--ast-global-color-5)","background-image":"","background-repeat":"repeat","background-position":"center center","background-size":"auto","background-attachment":"scroll","background-type":"","background-media":"","overlay-type":"","overlay-color":"","overlay-opacity":"","overlay-gradient":""}},"footnotes":""},"class_list":["post-303","page","type-page","status-publish","hentry"],"post_mailing_queue_ids":[],"_links":{"self":[{"href":"https:\/\/agora.xtec.cat\/cfanatura\/wp-json\/wp\/v2\/pages\/303","targetHints":{"allow":["GET"]}}],"collection":[{"href":"https:\/\/agora.xtec.cat\/cfanatura\/wp-json\/wp\/v2\/pages"}],"about":[{"href":"https:\/\/agora.xtec.cat\/cfanatura\/wp-json\/wp\/v2\/types\/page"}],"author":[{"embeddable":true,"href":"https:\/\/agora.xtec.cat\/cfanatura\/wp-json\/wp\/v2\/users\/1"}],"replies":[{"embeddable":true,"href":"https:\/\/agora.xtec.cat\/cfanatura\/wp-json\/wp\/v2\/comments?post=303"}],"version-history":[{"count":2,"href":"https:\/\/agora.xtec.cat\/cfanatura\/wp-json\/wp\/v2\/pages\/303\/revisions"}],"predecessor-version":[{"id":566,"href":"https:\/\/agora.xtec.cat\/cfanatura\/wp-json\/wp\/v2\/pages\/303\/revisions\/566"}],"up":[{"embeddable":true,"href":"https:\/\/agora.xtec.cat\/cfanatura\/wp-json\/wp\/v2\/pages\/283"}],"wp:attachment":[{"href":"https:\/\/agora.xtec.cat\/cfanatura\/wp-json\/wp\/v2\/media?parent=303"}],"curies":[{"name":"wp","href":"https:\/\/api.w.org\/{rel}","templated":true}]}}