{"id":296,"date":"2015-01-28T11:18:08","date_gmt":"2015-01-28T10:18:08","guid":{"rendered":"http:\/\/agora.xtec.cat\/cfanatura\/?page_id=296"},"modified":"2024-07-09T13:42:50","modified_gmt":"2024-07-09T11:42:50","slug":"llengua-catalana","status":"publish","type":"page","link":"https:\/\/agora.xtec.cat\/cfanatura\/ensenyaments\/ensenyaments-inicials-i-formacio-basica\/llengua-catalana\/","title":{"rendered":"Llengua catalana"},"content":{"rendered":"<p><strong>AULA D&#8217;ACOLLIDA<\/strong><\/p>\n<p>L&#8217;Aula d&#8217;acollida ling\u00fc\u00edstica \u00e9s un\u00a0servei per a persones nouvingudes on s&#8217;ofereix orientaci\u00f3 sobre el proc\u00e9s d&#8217;integraci\u00f3\u00a0en la societat d\u2019acollida, el municipi de Pineda de Mar.<br \/>\nL&#8217;espai garanteix el coneixement del nou entorn a les persones nouvingudes i tamb\u00e9 a\u00a0aquelles que, tot i estant establertes al municipi, necessitin suport per integrar-s\u2019hi.<\/p>\n<p><strong><span style=\"color: #1375bb; text-decoration: underline;\">Eixos de treball<\/span><\/strong><\/p>\n<p><strong>Eixos tem\u00e0tics:<\/strong><\/p>\n<p>1. Informaci\u00f3 i orientaci\u00f3 sobre els recursos de la poblaci\u00f3 i de l&#8217;entorn m\u00e9s proper.<br \/>\n2. Formaci\u00f3 b\u00e0sica de catal\u00e0.<br \/>\n3. Espai relacional i de refer\u00e8ncia per a les persones nouvingudes.<br \/>\n4. Impuls de la participaci\u00f3 de les persones nouvingudes.<\/p>\n<p><strong>Eixos de metodol\u00f2gics:<\/strong><\/p>\n<p>1. Treball grupal.<br \/>\n2. Atenci\u00f3 individualitzada.<br \/>\n3. Treball amb l\u2019entorn.<br \/>\n4. Treball d\u2019equip.<br \/>\n5. Treball interprofessional.<\/p>\n<p><strong>Cada curs d&#8217;aula d&#8217;acollida t\u00e9 una durada de 45 h.<\/strong><\/p>\n<p><span style=\"color: #1375bb; text-decoration: underline;\"><strong>Horaris:<\/strong><\/span><\/p>\n<p>_Dimarts I Dijous de 17 a 19 h<\/p>\n<p><span style=\"color: #1375bb; text-decoration: underline;\"><strong>Qui pot accedir-hi?<\/strong><\/span><\/p>\n<p>L\u2019aula va dirigida a persones\u00a0majors de 18 anys vingudes d\u2019altres pa\u00efsos que tinguin necessitat de rebre coneixements i formaci\u00f3 per integrar-se a la nostra cultura.<\/p>\n<p>&nbsp;<\/p>\n<p>&nbsp;<\/p>\n","protected":false},"excerpt":{"rendered":"<p>AULA D&#8217;ACOLLIDA L&#8217;Aula d&#8217;acollida ling\u00fc\u00edstica \u00e9s un\u00a0servei per a persones nouvingudes on s&#8217;ofereix orientaci\u00f3 sobre el proc\u00e9s d&#8217;integraci\u00f3\u00a0en la societat [&hellip;]<\/p>\n","protected":false},"author":1,"featured_media":0,"parent":283,"menu_order":0,"comment_status":"closed","ping_status":"closed","template":"page-templates\/side-menu.php","meta":{"site-sidebar-layout":"default","site-content-layout":"","ast-site-content-layout":"","site-content-style":"default","site-sidebar-style":"default","ast-global-header-display":"","ast-banner-title-visibility":"","ast-main-header-display":"","ast-hfb-above-header-display":"","ast-hfb-below-header-display":"","ast-hfb-mobile-header-display":"","site-post-title":"","ast-breadcrumbs-content":"","ast-featured-img":"","footer-sml-layout":"","theme-transparent-header-meta":"","adv-header-id-meta":"","stick-header-meta":"","header-above-stick-meta":"","header-main-stick-meta":"","header-below-stick-meta":"","astra-migrate-meta-layouts":"default","ast-page-background-enabled":"default","ast-page-background-meta":{"desktop":{"background-color":"var(--ast-global-color-4)","background-image":"","background-repeat":"repeat","background-position":"center center","background-size":"auto","background-attachment":"scroll","background-type":"","background-media":"","overlay-type":"","overlay-color":"","overlay-opacity":"","overlay-gradient":""},"tablet":{"background-color":"","background-image":"","background-repeat":"repeat","background-position":"center center","background-size":"auto","background-attachment":"scroll","background-type":"","background-media":"","overlay-type":"","overlay-color":"","overlay-opacity":"","overlay-gradient":""},"mobile":{"background-color":"","background-image":"","background-repeat":"repeat","background-position":"center center","background-size":"auto","background-attachment":"scroll","background-type":"","background-media":"","overlay-type":"","overlay-color":"","overlay-opacity":"","overlay-gradient":""}},"ast-content-background-meta":{"desktop":{"background-color":"var(--ast-global-color-5)","background-image":"","background-repeat":"repeat","background-position":"center center","background-size":"auto","background-attachment":"scroll","background-type":"","background-media":"","overlay-type":"","overlay-color":"","overlay-opacity":"","overlay-gradient":""},"tablet":{"background-color":"var(--ast-global-color-5)","background-image":"","background-repeat":"repeat","background-position":"center center","background-size":"auto","background-attachment":"scroll","background-type":"","background-media":"","overlay-type":"","overlay-color":"","overlay-opacity":"","overlay-gradient":""},"mobile":{"background-color":"var(--ast-global-color-5)","background-image":"","background-repeat":"repeat","background-position":"center center","background-size":"auto","background-attachment":"scroll","background-type":"","background-media":"","overlay-type":"","overlay-color":"","overlay-opacity":"","overlay-gradient":""}},"footnotes":""},"class_list":["post-296","page","type-page","status-publish","hentry"],"post_mailing_queue_ids":[],"_links":{"self":[{"href":"https:\/\/agora.xtec.cat\/cfanatura\/wp-json\/wp\/v2\/pages\/296","targetHints":{"allow":["GET"]}}],"collection":[{"href":"https:\/\/agora.xtec.cat\/cfanatura\/wp-json\/wp\/v2\/pages"}],"about":[{"href":"https:\/\/agora.xtec.cat\/cfanatura\/wp-json\/wp\/v2\/types\/page"}],"author":[{"embeddable":true,"href":"https:\/\/agora.xtec.cat\/cfanatura\/wp-json\/wp\/v2\/users\/1"}],"replies":[{"embeddable":true,"href":"https:\/\/agora.xtec.cat\/cfanatura\/wp-json\/wp\/v2\/comments?post=296"}],"version-history":[{"count":4,"href":"https:\/\/agora.xtec.cat\/cfanatura\/wp-json\/wp\/v2\/pages\/296\/revisions"}],"predecessor-version":[{"id":568,"href":"https:\/\/agora.xtec.cat\/cfanatura\/wp-json\/wp\/v2\/pages\/296\/revisions\/568"}],"up":[{"embeddable":true,"href":"https:\/\/agora.xtec.cat\/cfanatura\/wp-json\/wp\/v2\/pages\/283"}],"wp:attachment":[{"href":"https:\/\/agora.xtec.cat\/cfanatura\/wp-json\/wp\/v2\/media?parent=296"}],"curies":[{"name":"wp","href":"https:\/\/api.w.org\/{rel}","templated":true}]}}