{"id":27,"date":"2014-09-17T16:24:03","date_gmt":"2014-09-17T16:24:03","guid":{"rendered":"http:\/\/agora.xtec.cat\/cfanatura\/?page_id=27"},"modified":"2024-06-05T13:00:43","modified_gmt":"2024-06-05T11:00:43","slug":"historia","status":"publish","type":"page","link":"https:\/\/agora.xtec.cat\/cfanatura\/el-centre\/historia\/","title":{"rendered":"Hist\u00f2ria"},"content":{"rendered":"<p>L\u2019escola neix l\u2019any <strong>1988<\/strong> com a projecte de l\u2019INEM (actual SOC). Aquesta instituci\u00f3\u00a0va detectar\u00a0un greu problema en la formaci\u00f3 acad\u00e8mica de les persones que estaven a l\u2019atur: un percentatge molt elevat no tenia la titulaci\u00f3 m\u00ednima per poder accedir a molts dels llocs de feina que podien oferir, i van decidir atacar el problema d\u2019arrel i\u00a0presentar un projecte als Ajuntaments de Pineda de Mar, Sant Pol, Calella, Canet de Mar&#8230; per oferir a totes les\u00a0persones interessades poder preparar-se per obtenir el graduat escolar en les proves lliures que, en aquells anys, preparava Benestar Social.<\/p>\n<p>Una vegada finalitzat el projecte, l\u2019Ajuntament de Pineda es fa c\u00e0rrec de la continu\u00eftat de l\u2019escola d\u2019adults a Pineda, ja que una part important de la poblaci\u00f3 necessita assimilar instruments b\u00e0sics per obtenir el graduat escolar i poder ampliar les seves oportunitats en el camp laboral.<\/p>\n<p>De mica en mica, l\u2019escola amplia la seva oferta: a m\u00e9s de la preparaci\u00f3\u00a0per a\u00a0l\u2019obtenci\u00f3 del Graduat Escolar, s\u2019imparteix alfabetitzaci\u00f3, certificat d\u2019escolaritat, proves lliures de Formaci\u00f3 Professional Sanit\u00e0ria i Administrativa i acc\u00e9s a la universitat per m\u00e9s grans de 25 anys. L\u2019any 1996\u00a0la Generalitat de Catalunya autoritza el centre a impartir Graduat, Alfabetitzaci\u00f3 i Certificat d\u2019Escolaritat. Aquesta autoritzaci\u00f3\u00a0permet a l&#8217;Escola d&#8217;Adults Natura\u00a0poder avaluar els alumnes i expedir t\u00edtols oficials.<\/p>\n<p>Any rere any, l\u2019escola ha anat creixent i adaptant-se als canvis educatius del moment, aplicant els decrets en vigor.<\/p>\n<p><a href=\"https:\/\/agora.xtec.cat\/cfanatura\/wp-content\/uploads\/usu3047\/2024\/06\/Escola-nova-1.jpg\"><img loading=\"lazy\" decoding=\"async\" class=\"alignnone size-full wp-image-463\" src=\"https:\/\/agora.xtec.cat\/cfanatura\/wp-content\/uploads\/usu3047\/2024\/06\/Escola-nova-1.jpg\" alt=\"\" width=\"243\" height=\"174\" \/><\/a><\/p>\n","protected":false},"excerpt":{"rendered":"<p>L\u2019escola neix l\u2019any 1988 com a projecte de l\u2019INEM (actual SOC). Aquesta instituci\u00f3\u00a0va detectar\u00a0un greu problema en la formaci\u00f3 acad\u00e8mica [&hellip;]<\/p>\n","protected":false},"author":1,"featured_media":0,"parent":261,"menu_order":20,"comment_status":"closed","ping_status":"closed","template":"page-templates\/side-menu.php","meta":{"site-sidebar-layout":"default","site-content-layout":"","ast-site-content-layout":"","site-content-style":"default","site-sidebar-style":"default","ast-global-header-display":"","ast-banner-title-visibility":"","ast-main-header-display":"","ast-hfb-above-header-display":"","ast-hfb-below-header-display":"","ast-hfb-mobile-header-display":"","site-post-title":"","ast-breadcrumbs-content":"","ast-featured-img":"","footer-sml-layout":"","theme-transparent-header-meta":"","adv-header-id-meta":"","stick-header-meta":"","header-above-stick-meta":"","header-main-stick-meta":"","header-below-stick-meta":"","astra-migrate-meta-layouts":"default","ast-page-background-enabled":"default","ast-page-background-meta":{"desktop":{"background-color":"var(--ast-global-color-4)","background-image":"","background-repeat":"repeat","background-position":"center center","background-size":"auto","background-attachment":"scroll","background-type":"","background-media":"","overlay-type":"","overlay-color":"","overlay-opacity":"","overlay-gradient":""},"tablet":{"background-color":"","background-image":"","background-repeat":"repeat","background-position":"center center","background-size":"auto","background-attachment":"scroll","background-type":"","background-media":"","overlay-type":"","overlay-color":"","overlay-opacity":"","overlay-gradient":""},"mobile":{"background-color":"","background-image":"","background-repeat":"repeat","background-position":"center center","background-size":"auto","background-attachment":"scroll","background-type":"","background-media":"","overlay-type":"","overlay-color":"","overlay-opacity":"","overlay-gradient":""}},"ast-content-background-meta":{"desktop":{"background-color":"var(--ast-global-color-5)","background-image":"","background-repeat":"repeat","background-position":"center center","background-size":"auto","background-attachment":"scroll","background-type":"","background-media":"","overlay-type":"","overlay-color":"","overlay-opacity":"","overlay-gradient":""},"tablet":{"background-color":"var(--ast-global-color-5)","background-image":"","background-repeat":"repeat","background-position":"center center","background-size":"auto","background-attachment":"scroll","background-type":"","background-media":"","overlay-type":"","overlay-color":"","overlay-opacity":"","overlay-gradient":""},"mobile":{"background-color":"var(--ast-global-color-5)","background-image":"","background-repeat":"repeat","background-position":"center center","background-size":"auto","background-attachment":"scroll","background-type":"","background-media":"","overlay-type":"","overlay-color":"","overlay-opacity":"","overlay-gradient":""}},"footnotes":""},"class_list":["post-27","page","type-page","status-publish","hentry"],"post_mailing_queue_ids":[],"_links":{"self":[{"href":"https:\/\/agora.xtec.cat\/cfanatura\/wp-json\/wp\/v2\/pages\/27","targetHints":{"allow":["GET"]}}],"collection":[{"href":"https:\/\/agora.xtec.cat\/cfanatura\/wp-json\/wp\/v2\/pages"}],"about":[{"href":"https:\/\/agora.xtec.cat\/cfanatura\/wp-json\/wp\/v2\/types\/page"}],"author":[{"embeddable":true,"href":"https:\/\/agora.xtec.cat\/cfanatura\/wp-json\/wp\/v2\/users\/1"}],"replies":[{"embeddable":true,"href":"https:\/\/agora.xtec.cat\/cfanatura\/wp-json\/wp\/v2\/comments?post=27"}],"version-history":[{"count":1,"href":"https:\/\/agora.xtec.cat\/cfanatura\/wp-json\/wp\/v2\/pages\/27\/revisions"}],"predecessor-version":[{"id":469,"href":"https:\/\/agora.xtec.cat\/cfanatura\/wp-json\/wp\/v2\/pages\/27\/revisions\/469"}],"up":[{"embeddable":true,"href":"https:\/\/agora.xtec.cat\/cfanatura\/wp-json\/wp\/v2\/pages\/261"}],"wp:attachment":[{"href":"https:\/\/agora.xtec.cat\/cfanatura\/wp-json\/wp\/v2\/media?parent=27"}],"curies":[{"name":"wp","href":"https:\/\/api.w.org\/{rel}","templated":true}]}}