{"id":652,"date":"2016-03-14T18:23:01","date_gmt":"2016-03-14T17:23:01","guid":{"rendered":"http:\/\/agora.xtec.cat\/cfamorerapomar\/?page_id=652"},"modified":"2026-02-18T11:34:33","modified_gmt":"2026-02-18T10:34:33","slug":"blogs","status":"publish","type":"page","link":"https:\/\/agora.xtec.cat\/cfamorerapomar\/el-centre\/blogs\/","title":{"rendered":"Blogs i enlla\u00e7os"},"content":{"rendered":"<p><a href=\"http:\/\/blocs.xtec.cat\/marafapremiademar\/\">\u00c0mbit matem\u00e0tic, cient\u00edfic tecnol\u00f2gic<\/a><\/p>\n<p><a href=\"http:\/\/appinventor.mit.edu\/explore\/ai2\/tutorials\">Aplicacions m\u00f2bil<\/a><\/p>\n<p><a href=\"http:\/\/ateneu.xtec.cat\/wikiform\/wikiexport\/pas\/actic\/index\">COMPETIC<\/a><\/p>\n<p><a href=\"http:\/\/www.ite.educacion.es\/formacion\/enred\/materiales_en_pruebas_2011\/gimp_noviembre_11\/indice.htm\">Gimp i tractament de l&#8217;imatge<\/a><\/p>\n<p><a href=\"https:\/\/www.timetoast.com\/timelines\/93501\">Filosofia i Ci\u00e8ncies Socials\u00a0<\/a><\/p>\n<p><a href=\"http:\/\/www.isabelperez.com\/\">Angl\u00e8s\u00a0<\/a><\/p>\n<p><a href=\"https:\/\/www.gramaticainglesamanas.com\/\">Gram\u00e1tica inglesa con ejercicios en espa\u00f1ol<\/a><\/p>\n<p><a href=\"https:\/\/aplicacions.llengua.gencat.cat\/itineraris-aprenentatge\/suficiencia\/index.htm\">Catal\u00e0 (Nivell de sufici\u00e8ncia)<\/a><\/p>\n<p>&nbsp;<\/p>\n<p><!--a=1--><!--a=1--><\/p>\n","protected":false},"excerpt":{"rendered":"<p>\u00c0mbit matem\u00e0tic, cient\u00edfic tecnol\u00f2gic Aplicacions m\u00f2bil COMPETIC Gimp i tractament de l&#8217;imatge Filosofia i Ci\u00e8ncies Socials\u00a0 Angl\u00e8s\u00a0 Gram\u00e1tica inglesa con ejercicios en espa\u00f1ol Catal\u00e0 (Nivell de sufici\u00e8ncia) &nbsp;<\/p>\n","protected":false},"author":3,"featured_media":0,"parent":261,"menu_order":0,"comment_status":"closed","ping_status":"closed","template":"","meta":{"_bbp_topic_count":0,"_bbp_reply_count":0,"_bbp_total_topic_count":0,"_bbp_total_reply_count":0,"_bbp_voice_count":0,"_bbp_anonymous_reply_count":0,"_bbp_topic_count_hidden":0,"_bbp_reply_count_hidden":0,"_bbp_forum_subforum_count":0,"site-sidebar-layout":"default","site-content-layout":"","ast-site-content-layout":"","site-content-style":"default","site-sidebar-style":"default","ast-global-header-display":"","ast-banner-title-visibility":"","ast-main-header-display":"","ast-hfb-above-header-display":"","ast-hfb-below-header-display":"","ast-hfb-mobile-header-display":"","site-post-title":"","ast-breadcrumbs-content":"","ast-featured-img":"","footer-sml-layout":"","theme-transparent-header-meta":"","adv-header-id-meta":"","stick-header-meta":"","header-above-stick-meta":"","header-main-stick-meta":"","header-below-stick-meta":"","astra-migrate-meta-layouts":"default","ast-page-background-enabled":"default","ast-page-background-meta":{"desktop":{"background-color":"var(--ast-global-color-4)","background-image":"","background-repeat":"repeat","background-position":"center center","background-size":"auto","background-attachment":"scroll","background-type":"","background-media":"","overlay-type":"","overlay-color":"","overlay-opacity":"","overlay-gradient":""},"tablet":{"background-color":"","background-image":"","background-repeat":"repeat","background-position":"center center","background-size":"auto","background-attachment":"scroll","background-type":"","background-media":"","overlay-type":"","overlay-color":"","overlay-opacity":"","overlay-gradient":""},"mobile":{"background-color":"","background-image":"","background-repeat":"repeat","background-position":"center center","background-size":"auto","background-attachment":"scroll","background-type":"","background-media":"","overlay-type":"","overlay-color":"","overlay-opacity":"","overlay-gradient":""}},"ast-content-background-meta":{"desktop":{"background-color":"var(--ast-global-color-5)","background-image":"","background-repeat":"repeat","background-position":"center center","background-size":"auto","background-attachment":"scroll","background-type":"","background-media":"","overlay-type":"","overlay-color":"","overlay-opacity":"","overlay-gradient":""},"tablet":{"background-color":"var(--ast-global-color-5)","background-image":"","background-repeat":"repeat","background-position":"center center","background-size":"auto","background-attachment":"scroll","background-type":"","background-media":"","overlay-type":"","overlay-color":"","overlay-opacity":"","overlay-gradient":""},"mobile":{"background-color":"var(--ast-global-color-5)","background-image":"","background-repeat":"repeat","background-position":"center center","background-size":"auto","background-attachment":"scroll","background-type":"","background-media":"","overlay-type":"","overlay-color":"","overlay-opacity":"","overlay-gradient":""}},"footnotes":""},"class_list":["post-652","page","type-page","status-publish","hentry"],"post_mailing_queue_ids":[],"_links":{"self":[{"href":"https:\/\/agora.xtec.cat\/cfamorerapomar\/wp-json\/wp\/v2\/pages\/652","targetHints":{"allow":["GET"]}}],"collection":[{"href":"https:\/\/agora.xtec.cat\/cfamorerapomar\/wp-json\/wp\/v2\/pages"}],"about":[{"href":"https:\/\/agora.xtec.cat\/cfamorerapomar\/wp-json\/wp\/v2\/types\/page"}],"author":[{"embeddable":true,"href":"https:\/\/agora.xtec.cat\/cfamorerapomar\/wp-json\/wp\/v2\/users\/3"}],"replies":[{"embeddable":true,"href":"https:\/\/agora.xtec.cat\/cfamorerapomar\/wp-json\/wp\/v2\/comments?post=652"}],"version-history":[{"count":4,"href":"https:\/\/agora.xtec.cat\/cfamorerapomar\/wp-json\/wp\/v2\/pages\/652\/revisions"}],"predecessor-version":[{"id":6260,"href":"https:\/\/agora.xtec.cat\/cfamorerapomar\/wp-json\/wp\/v2\/pages\/652\/revisions\/6260"}],"up":[{"embeddable":true,"href":"https:\/\/agora.xtec.cat\/cfamorerapomar\/wp-json\/wp\/v2\/pages\/261"}],"wp:attachment":[{"href":"https:\/\/agora.xtec.cat\/cfamorerapomar\/wp-json\/wp\/v2\/media?parent=652"}],"curies":[{"name":"wp","href":"https:\/\/api.w.org\/{rel}","templated":true}]}}