{"id":4431,"date":"2021-06-03T12:42:11","date_gmt":"2021-06-03T10:42:11","guid":{"rendered":"http:\/\/agora.xtec.cat\/cfamorerapomar\/?page_id=4431"},"modified":"2026-04-09T10:44:35","modified_gmt":"2026-04-09T08:44:35","slug":"projecte-de-qualitat-i-millora-continua-pqimc","status":"publish","type":"page","link":"https:\/\/agora.xtec.cat\/cfamorerapomar\/projecte-de-qualitat-i-millora-continua-pqimc\/","title":{"rendered":"Projecte de Qualitat i Millora Cont\u00ednua (PQiMC)"},"content":{"rendered":"<p><span style=\"font-weight: 400;\">La qualitat \u00e9s el principi fonamental de l\u2019estrat\u00e8gia del nostre centre. El passat curs vam comen\u00e7ar a introduir-nos en el<strong><a href=\"https:\/\/projectes.xtec.cat\/qualitatfp\/page\/4\/\"> Projecte de Qualitat i Millora Cont\u00ednua (PQMC)<\/a>.<\/strong> Durant aquest curs ja estem integrats dins de la<a href=\"https:\/\/projectes.xtec.cat\/qualitatfp\/projectes\/programa-qualitat\/\"> <strong>xarxa Q1<\/strong> <\/a><\/span><strong>d\u2019Assegurament de la Qualitat<\/strong> t\u00e9 com a finalitat millorar els resultats educatius i la cohesi\u00f3 social en els centres educatius, aix\u00ed com garantir la confian\u00e7a dels grups d\u2019inter\u00e8s, mitjan\u00e7ant la implantaci\u00f3 de sistemes de gesti\u00f3 de la qualitat d&#8217;acord amb la norma ISO 9001.<\/p>\n<p>D&#8217;acord amb el PQiMC el centre es compromet a:<\/p>\n<ol>\n<li style=\"font-weight: 400;\" aria-level=\"1\"><span style=\"font-weight: 400;\">Satisfer les expectatives i necessitats educatives dels nostres estudiants.<\/span><\/li>\n<li style=\"font-weight: 400;\" aria-level=\"1\"><span style=\"font-weight: 400;\">Contribuir a l&#8217;assoliment dels objectius que la societat li assigna com a instituci\u00f3 educativa i centre de formaci\u00f3<\/span><\/li>\n<li style=\"font-weight: 400;\" aria-level=\"1\"><span style=\"font-weight: 400;\">Desenvolupar i implicar el conjunt de l&#8217;equip hum\u00e0 que forma part del centre per tal d\u2019assegurar un alt nivell de satisfacci\u00f3 de tota la comunitat educativa.<\/span><\/li>\n<li style=\"font-weight: 400;\" aria-level=\"1\"><span style=\"font-weight: 400;\">La millora cont\u00ednua de les activitats i els serveis que desenvolupa i presta a la comunitat.<\/span><\/li>\n<li style=\"font-weight: 400;\" aria-level=\"1\"><span style=\"font-weight: 400;\">Aquest comprom\u00eds amb la qualitat afecta tota l\u2019organitzaci\u00f3, i la millora cont\u00ednua \u00e9s una responsabilitat de tot l&#8217;equip professional del centre. L\u2019equip directiu vetllar\u00e0 i facilitar\u00e0 el seu assoliment a trav\u00e9s de la seva gesti\u00f3 i amb els mitjans al seu abast.<\/span><\/li>\n<\/ol>\n<p><!--a=1--><!--a=1--><!--a=1--><\/p>\n","protected":false},"excerpt":{"rendered":"<p>La qualitat \u00e9s el principi fonamental de l\u2019estrat\u00e8gia del nostre centre. El passat curs vam comen\u00e7ar a introduir-nos en el Projecte de Qualitat i Millora Cont\u00ednua (PQMC). Durant aquest curs ja estem integrats dins de la xarxa Q1 d\u2019Assegurament de la Qualitat t\u00e9 com a finalitat millorar els resultats educatius i la cohesi\u00f3 social en [&hellip;]<\/p>\n","protected":false},"author":3,"featured_media":0,"parent":0,"menu_order":0,"comment_status":"closed","ping_status":"closed","template":"","meta":{"_bbp_topic_count":0,"_bbp_reply_count":0,"_bbp_total_topic_count":0,"_bbp_total_reply_count":0,"_bbp_voice_count":0,"_bbp_anonymous_reply_count":0,"_bbp_topic_count_hidden":0,"_bbp_reply_count_hidden":0,"_bbp_forum_subforum_count":0,"site-sidebar-layout":"no-sidebar","site-content-layout":"","ast-site-content-layout":"default","site-content-style":"default","site-sidebar-style":"default","ast-global-header-display":"","ast-banner-title-visibility":"","ast-main-header-display":"","ast-hfb-above-header-display":"","ast-hfb-below-header-display":"","ast-hfb-mobile-header-display":"","site-post-title":"","ast-breadcrumbs-content":"","ast-featured-img":"","footer-sml-layout":"","theme-transparent-header-meta":"default","adv-header-id-meta":"","stick-header-meta":"","header-above-stick-meta":"","header-main-stick-meta":"","header-below-stick-meta":"","astra-migrate-meta-layouts":"set","ast-page-background-enabled":"default","ast-page-background-meta":{"desktop":{"background-color":"var(--ast-global-color-4)","background-image":"","background-repeat":"repeat","background-position":"center center","background-size":"auto","background-attachment":"scroll","background-type":"","background-media":"","overlay-type":"","overlay-color":"","overlay-opacity":"","overlay-gradient":""},"tablet":{"background-color":"","background-image":"","background-repeat":"repeat","background-position":"center center","background-size":"auto","background-attachment":"scroll","background-type":"","background-media":"","overlay-type":"","overlay-color":"","overlay-opacity":"","overlay-gradient":""},"mobile":{"background-color":"","background-image":"","background-repeat":"repeat","background-position":"center center","background-size":"auto","background-attachment":"scroll","background-type":"","background-media":"","overlay-type":"","overlay-color":"","overlay-opacity":"","overlay-gradient":""}},"ast-content-background-meta":{"desktop":{"background-color":"var(--ast-global-color-5)","background-image":"","background-repeat":"repeat","background-position":"center center","background-size":"auto","background-attachment":"scroll","background-type":"","background-media":"","overlay-type":"","overlay-color":"","overlay-opacity":"","overlay-gradient":""},"tablet":{"background-color":"var(--ast-global-color-5)","background-image":"","background-repeat":"repeat","background-position":"center center","background-size":"auto","background-attachment":"scroll","background-type":"","background-media":"","overlay-type":"","overlay-color":"","overlay-opacity":"","overlay-gradient":""},"mobile":{"background-color":"var(--ast-global-color-5)","background-image":"","background-repeat":"repeat","background-position":"center center","background-size":"auto","background-attachment":"scroll","background-type":"","background-media":"","overlay-type":"","overlay-color":"","overlay-opacity":"","overlay-gradient":""}},"footnotes":""},"class_list":["post-4431","page","type-page","status-publish","hentry"],"post_mailing_queue_ids":[],"_links":{"self":[{"href":"https:\/\/agora.xtec.cat\/cfamorerapomar\/wp-json\/wp\/v2\/pages\/4431","targetHints":{"allow":["GET"]}}],"collection":[{"href":"https:\/\/agora.xtec.cat\/cfamorerapomar\/wp-json\/wp\/v2\/pages"}],"about":[{"href":"https:\/\/agora.xtec.cat\/cfamorerapomar\/wp-json\/wp\/v2\/types\/page"}],"author":[{"embeddable":true,"href":"https:\/\/agora.xtec.cat\/cfamorerapomar\/wp-json\/wp\/v2\/users\/3"}],"replies":[{"embeddable":true,"href":"https:\/\/agora.xtec.cat\/cfamorerapomar\/wp-json\/wp\/v2\/comments?post=4431"}],"version-history":[{"count":6,"href":"https:\/\/agora.xtec.cat\/cfamorerapomar\/wp-json\/wp\/v2\/pages\/4431\/revisions"}],"predecessor-version":[{"id":6355,"href":"https:\/\/agora.xtec.cat\/cfamorerapomar\/wp-json\/wp\/v2\/pages\/4431\/revisions\/6355"}],"wp:attachment":[{"href":"https:\/\/agora.xtec.cat\/cfamorerapomar\/wp-json\/wp\/v2\/media?parent=4431"}],"curies":[{"name":"wp","href":"https:\/\/api.w.org\/{rel}","templated":true}]}}