{"id":3739,"date":"2020-07-28T18:51:35","date_gmt":"2020-07-28T16:51:35","guid":{"rendered":"http:\/\/agora.xtec.cat\/cfamorerapomar\/?page_id=3739"},"modified":"2026-02-18T11:26:35","modified_gmt":"2026-02-18T10:26:35","slug":"beques-de-leim-ub","status":"publish","type":"page","link":"https:\/\/agora.xtec.cat\/cfamorerapomar\/beques-de-leim-ub\/","title":{"rendered":"Beques  de l&#8217;EIM (UB)"},"content":{"rendered":"<p>Des de l&#8217;any 2015 participem en el programa de beques de l&#8217;Escola d&#8217; Idiomes Moderns de la Universitat de Barcelona. Cada curs seleccionem dos estudiants per a gaudir de les beques que ofereix aquesta prestigiosa escola d&#8217;idiomes adscrita a la\u00a0 Universitat de Barcelona.\u00a0 En total ja s\u00f3n 10 els alumnes que han continuat en l&#8217;EIM la seva formaci\u00f3.<\/p>\n<p><img loading=\"lazy\" decoding=\"async\" class=\"size-full wp-image-3764 alignleft\" src=\"https:\/\/agora.xtec.cat\/cfamorerapomar\/wp-content\/uploads\/usu268\/2020\/07\/EIM.jpg\" alt=\"\" width=\"484\" height=\"284\" srcset=\"https:\/\/agora.xtec.cat\/cfamorerapomar\/wp-content\/uploads\/usu268\/2020\/07\/EIM.jpg 484w, https:\/\/agora.xtec.cat\/cfamorerapomar\/wp-content\/uploads\/usu268\/2020\/07\/EIM-300x176.jpg 300w\" sizes=\"auto, (max-width: 484px) 100vw, 484px\" \/><\/p>\n<p style=\"text-align: justify;\"><a href=\"https:\/\/www.eim.ub.edu\/ca\/\"><strong>L&#8217;Escola d&#8217;Idiomes Moderns (EIM),<\/strong><\/a> ofereix formaci\u00f3 en lleng\u00fces estrangeres (<strong>alemany, angl\u00e8s, itali\u00e0, franc\u00e8s, japon\u00e8s i rus)<\/strong> al conjunt de la comunitat universit\u00e0ria, i tamb\u00e9 a institucions p\u00fabliques i privades, amb una marcada vocaci\u00f3 de qualitat i exig\u00e8ncia. S&#8217;ofereixen cursos ordinaris de nivell i cursos extraordinaris d&#8217;introducci\u00f3, de flu\u00efdesa oral, de preparaci\u00f3 d&#8217;ex\u00e0mens o per a estudiants de diferents disciplines universit\u00e0ries. Tamb\u00e9 es programen cursos a mida per tal de portar la reconeguda qualitat de l&#8217;ensenyament de l&#8217;EIM a l&#8217;\u00e0mbit laboral, relacionant els cursos directament amb el Marc europeu com\u00fa de refer\u00e8ncia per a les lleng\u00fces del Consell d&#8217;Europa (MECR).<\/p>\n<p>&nbsp;<\/p>\n<p>&nbsp;<\/p>\n<p>Adre\u00e7a:<\/p>\n<p>Centre Cultural El Carme<\/p>\n<p>Francesc Layret, 78-82<br \/>\n08911 Badalona<\/p>\n<p><!--a=1--><\/p>\n","protected":false},"excerpt":{"rendered":"<p>Des de l&#8217;any 2015 participem en el programa de beques de l&#8217;Escola d&#8217; Idiomes Moderns de la Universitat de Barcelona. Cada curs seleccionem dos estudiants per a gaudir de les beques que ofereix aquesta prestigiosa escola d&#8217;idiomes adscrita a la\u00a0 Universitat de Barcelona.\u00a0 En total ja s\u00f3n 10 els alumnes que han continuat en l&#8217;EIM [&hellip;]<\/p>\n","protected":false},"author":3,"featured_media":0,"parent":0,"menu_order":0,"comment_status":"closed","ping_status":"closed","template":"","meta":{"_bbp_topic_count":0,"_bbp_reply_count":0,"_bbp_total_topic_count":0,"_bbp_total_reply_count":0,"_bbp_voice_count":0,"_bbp_anonymous_reply_count":0,"_bbp_topic_count_hidden":0,"_bbp_reply_count_hidden":0,"_bbp_forum_subforum_count":0,"site-sidebar-layout":"default","site-content-layout":"","ast-site-content-layout":"","site-content-style":"default","site-sidebar-style":"default","ast-global-header-display":"","ast-banner-title-visibility":"","ast-main-header-display":"","ast-hfb-above-header-display":"","ast-hfb-below-header-display":"","ast-hfb-mobile-header-display":"","site-post-title":"","ast-breadcrumbs-content":"","ast-featured-img":"","footer-sml-layout":"","theme-transparent-header-meta":"","adv-header-id-meta":"","stick-header-meta":"","header-above-stick-meta":"","header-main-stick-meta":"","header-below-stick-meta":"","astra-migrate-meta-layouts":"default","ast-page-background-enabled":"default","ast-page-background-meta":{"desktop":{"background-color":"var(--ast-global-color-4)","background-image":"","background-repeat":"repeat","background-position":"center center","background-size":"auto","background-attachment":"scroll","background-type":"","background-media":"","overlay-type":"","overlay-color":"","overlay-opacity":"","overlay-gradient":""},"tablet":{"background-color":"","background-image":"","background-repeat":"repeat","background-position":"center center","background-size":"auto","background-attachment":"scroll","background-type":"","background-media":"","overlay-type":"","overlay-color":"","overlay-opacity":"","overlay-gradient":""},"mobile":{"background-color":"","background-image":"","background-repeat":"repeat","background-position":"center center","background-size":"auto","background-attachment":"scroll","background-type":"","background-media":"","overlay-type":"","overlay-color":"","overlay-opacity":"","overlay-gradient":""}},"ast-content-background-meta":{"desktop":{"background-color":"var(--ast-global-color-5)","background-image":"","background-repeat":"repeat","background-position":"center center","background-size":"auto","background-attachment":"scroll","background-type":"","background-media":"","overlay-type":"","overlay-color":"","overlay-opacity":"","overlay-gradient":""},"tablet":{"background-color":"var(--ast-global-color-5)","background-image":"","background-repeat":"repeat","background-position":"center center","background-size":"auto","background-attachment":"scroll","background-type":"","background-media":"","overlay-type":"","overlay-color":"","overlay-opacity":"","overlay-gradient":""},"mobile":{"background-color":"var(--ast-global-color-5)","background-image":"","background-repeat":"repeat","background-position":"center center","background-size":"auto","background-attachment":"scroll","background-type":"","background-media":"","overlay-type":"","overlay-color":"","overlay-opacity":"","overlay-gradient":""}},"footnotes":""},"class_list":["post-3739","page","type-page","status-publish","hentry"],"post_mailing_queue_ids":[],"_links":{"self":[{"href":"https:\/\/agora.xtec.cat\/cfamorerapomar\/wp-json\/wp\/v2\/pages\/3739","targetHints":{"allow":["GET"]}}],"collection":[{"href":"https:\/\/agora.xtec.cat\/cfamorerapomar\/wp-json\/wp\/v2\/pages"}],"about":[{"href":"https:\/\/agora.xtec.cat\/cfamorerapomar\/wp-json\/wp\/v2\/types\/page"}],"author":[{"embeddable":true,"href":"https:\/\/agora.xtec.cat\/cfamorerapomar\/wp-json\/wp\/v2\/users\/3"}],"replies":[{"embeddable":true,"href":"https:\/\/agora.xtec.cat\/cfamorerapomar\/wp-json\/wp\/v2\/comments?post=3739"}],"version-history":[{"count":4,"href":"https:\/\/agora.xtec.cat\/cfamorerapomar\/wp-json\/wp\/v2\/pages\/3739\/revisions"}],"predecessor-version":[{"id":6253,"href":"https:\/\/agora.xtec.cat\/cfamorerapomar\/wp-json\/wp\/v2\/pages\/3739\/revisions\/6253"}],"wp:attachment":[{"href":"https:\/\/agora.xtec.cat\/cfamorerapomar\/wp-json\/wp\/v2\/media?parent=3739"}],"curies":[{"name":"wp","href":"https:\/\/api.w.org\/{rel}","templated":true}]}}