{"id":320,"date":"2015-01-28T11:35:13","date_gmt":"2015-01-28T10:35:13","guid":{"rendered":"http:\/\/agora.xtec.cat\/cfamorerapomar\/\/?page_id=320"},"modified":"2025-07-04T12:25:29","modified_gmt":"2025-07-04T10:25:29","slug":"a-cicles-formatius-de-grau-superior","status":"publish","type":"page","link":"https:\/\/agora.xtec.cat\/cfamorerapomar\/ensenyaments\/ensenyaments-per-a-la-preparacio-de-proves-dacces\/a-cicles-formatius-de-grau-superior\/","title":{"rendered":"A cicles formatius de grau superior"},"content":{"rendered":"<p style=\"text-align: justify;\">Prepara els alumnes per poder presentar-se a les proves d\u2019acc\u00e9s a Cicles Formatius de Grau Superior consistent en una prova comuna (llengua catalana, llengua castellana, llengua anglesa i matem\u00e0tiques) i una prova espec\u00edfica (Biologia ; Geografia i Economia ). Les mat\u00e8ries espec\u00edfiques poden anar canviant segons necessitats del centre i demanda dels i les alumnes.\u00a0 Els alumnes que segueixen mat\u00e8ries diferents a aquesta programaci\u00f3 les cursen a trav\u00e9s de\u00a0 l\u2019Institut Obert de Catalunya (IOC). El centre porta a terme la matriculaci\u00f3 i el seguiment de les seves avaluacions.<\/p>\n<ul>\n<li><strong><span style=\"color: #003366;\">Durada<\/span><\/strong><\/li>\n<\/ul>\n<p>Des de l&#8217;inici de curs (setembre) \u00a0fins la setmana de la prova (maig)<\/p>\n<p>300 hores anuals (10h\/setmana, part comuna)<\/p>\n<p>99 hores anuals (3h\/setmana, part espec\u00edfica)<\/p>\n<ul>\n<li><strong><span style=\"color: #003366;\">Curr\u00edculum<\/span><\/strong><\/li>\n<\/ul>\n<p><em>Part comuna<\/em>: Catal\u00e0, Castell\u00e0, Llengua estrangera (angl\u00e8s) i Matem\u00e0tiques<\/p>\n<p><em>Part espec\u00edfica: <\/em>Biologia; Geografia \u00a0i Psicologia<\/p>\n<ul>\n<li><strong style=\"font-family: inherit; font-size: 1em;\"><span style=\"color: #003366;\">Avaluaci\u00f3<\/span><\/strong><\/li>\n<\/ul>\n<p>Avaluaci\u00f3 continuada i dos simulacres de la prova (mesos de febrer i abril)<\/p>\n<ul>\n<li><strong><span style=\"color: #003366;\">Obtenci\u00f3 de certificat d&#8217;aprofitament\u00a0<\/span><\/strong><\/li>\n<\/ul>\n<p>Segons criteris d&#8217;avaluaci\u00f3 exposats a principi de curs<\/p>\n<p>&nbsp;<\/p>\n","protected":false},"excerpt":{"rendered":"<p>Prepara els alumnes per poder presentar-se a les proves d\u2019acc\u00e9s a Cicles Formatius de Grau Superior consistent en una prova comuna (llengua catalana, llengua castellana, llengua anglesa i matem\u00e0tiques) i una prova espec\u00edfica (Biologia ; Geografia i Economia ). Les mat\u00e8ries espec\u00edfiques poden anar canviant segons necessitats del centre i demanda dels i les alumnes.\u00a0 [&hellip;]<\/p>\n","protected":false},"author":2,"featured_media":0,"parent":288,"menu_order":0,"comment_status":"closed","ping_status":"closed","template":"page-templates\/side-menu.php","meta":{"_bbp_topic_count":0,"_bbp_reply_count":0,"_bbp_total_topic_count":0,"_bbp_total_reply_count":0,"_bbp_voice_count":0,"_bbp_anonymous_reply_count":0,"_bbp_topic_count_hidden":0,"_bbp_reply_count_hidden":0,"_bbp_forum_subforum_count":0,"site-sidebar-layout":"default","site-content-layout":"","ast-site-content-layout":"","site-content-style":"default","site-sidebar-style":"default","ast-global-header-display":"","ast-banner-title-visibility":"","ast-main-header-display":"","ast-hfb-above-header-display":"","ast-hfb-below-header-display":"","ast-hfb-mobile-header-display":"","site-post-title":"","ast-breadcrumbs-content":"","ast-featured-img":"","footer-sml-layout":"","theme-transparent-header-meta":"","adv-header-id-meta":"","stick-header-meta":"","header-above-stick-meta":"","header-main-stick-meta":"","header-below-stick-meta":"","astra-migrate-meta-layouts":"default","ast-page-background-enabled":"default","ast-page-background-meta":{"desktop":{"background-color":"var(--ast-global-color-4)","background-image":"","background-repeat":"repeat","background-position":"center center","background-size":"auto","background-attachment":"scroll","background-type":"","background-media":"","overlay-type":"","overlay-color":"","overlay-opacity":"","overlay-gradient":""},"tablet":{"background-color":"","background-image":"","background-repeat":"repeat","background-position":"center center","background-size":"auto","background-attachment":"scroll","background-type":"","background-media":"","overlay-type":"","overlay-color":"","overlay-opacity":"","overlay-gradient":""},"mobile":{"background-color":"","background-image":"","background-repeat":"repeat","background-position":"center center","background-size":"auto","background-attachment":"scroll","background-type":"","background-media":"","overlay-type":"","overlay-color":"","overlay-opacity":"","overlay-gradient":""}},"ast-content-background-meta":{"desktop":{"background-color":"var(--ast-global-color-5)","background-image":"","background-repeat":"repeat","background-position":"center center","background-size":"auto","background-attachment":"scroll","background-type":"","background-media":"","overlay-type":"","overlay-color":"","overlay-opacity":"","overlay-gradient":""},"tablet":{"background-color":"var(--ast-global-color-5)","background-image":"","background-repeat":"repeat","background-position":"center center","background-size":"auto","background-attachment":"scroll","background-type":"","background-media":"","overlay-type":"","overlay-color":"","overlay-opacity":"","overlay-gradient":""},"mobile":{"background-color":"var(--ast-global-color-5)","background-image":"","background-repeat":"repeat","background-position":"center center","background-size":"auto","background-attachment":"scroll","background-type":"","background-media":"","overlay-type":"","overlay-color":"","overlay-opacity":"","overlay-gradient":""}},"footnotes":""},"class_list":["post-320","page","type-page","status-publish","hentry"],"post_mailing_queue_ids":[],"_links":{"self":[{"href":"https:\/\/agora.xtec.cat\/cfamorerapomar\/wp-json\/wp\/v2\/pages\/320","targetHints":{"allow":["GET"]}}],"collection":[{"href":"https:\/\/agora.xtec.cat\/cfamorerapomar\/wp-json\/wp\/v2\/pages"}],"about":[{"href":"https:\/\/agora.xtec.cat\/cfamorerapomar\/wp-json\/wp\/v2\/types\/page"}],"author":[{"embeddable":true,"href":"https:\/\/agora.xtec.cat\/cfamorerapomar\/wp-json\/wp\/v2\/users\/2"}],"replies":[{"embeddable":true,"href":"https:\/\/agora.xtec.cat\/cfamorerapomar\/wp-json\/wp\/v2\/comments?post=320"}],"version-history":[{"count":5,"href":"https:\/\/agora.xtec.cat\/cfamorerapomar\/wp-json\/wp\/v2\/pages\/320\/revisions"}],"predecessor-version":[{"id":6178,"href":"https:\/\/agora.xtec.cat\/cfamorerapomar\/wp-json\/wp\/v2\/pages\/320\/revisions\/6178"}],"up":[{"embeddable":true,"href":"https:\/\/agora.xtec.cat\/cfamorerapomar\/wp-json\/wp\/v2\/pages\/288"}],"wp:attachment":[{"href":"https:\/\/agora.xtec.cat\/cfamorerapomar\/wp-json\/wp\/v2\/media?parent=320"}],"curies":[{"name":"wp","href":"https:\/\/api.w.org\/{rel}","templated":true}]}}