{"id":316,"date":"2015-01-28T11:33:51","date_gmt":"2015-01-28T10:33:51","guid":{"rendered":"http:\/\/agora.xtec.cat\/cfamorerapomar\/\/?page_id=316"},"modified":"2026-02-18T11:20:34","modified_gmt":"2026-02-18T10:20:34","slug":"competencia-digital-competic","status":"publish","type":"page","link":"https:\/\/agora.xtec.cat\/cfamorerapomar\/ensenyaments\/ensenyaments-transprofessionals\/competencia-digital-competic\/","title":{"rendered":"Compet\u00e8ncia digital COMPETIC"},"content":{"rendered":"<ul>\n<li><span style=\"color: #003366;\"><strong>Nivells i horaris<\/strong><\/span><\/li>\n<\/ul>\n<p style=\"text-align: justify;\"><strong><span style=\"color: #003366;\">COMPETIC Inicial:\u00a0<\/span><\/strong><span style=\"color: #000000;\">S&#8217;adre\u00e7a a persones amb pocs coneixements de les tecnologies de la informaci\u00f3. T\u00e9 com a objectiu facilitar l&#8217;adquisici\u00f3 de les compet\u00e8ncies m\u00ednimes i els conceptes b\u00e0sics en tecnologies de la informaci\u00f3 i la comunicaci\u00f3 per desenvolupar-se en la societat actual. (Aquest curs no disposem d&#8217;aquest nivell)<\/span><\/p>\n<p style=\"text-align: justify;\"><span style=\"color: #003366;\"><strong>COMPETIC 1: <\/strong><span style=\"color: #000000;\">Ad<\/span><\/span><span style=\"color: #000000;\">re\u00e7ats a les persones que hagin cursat el nivell inicial o que tinguin i puguin acreditar uns coneixements elementals d&#8217;inform\u00e0tica.<\/span><\/p>\n<p style=\"text-align: justify;\"><span style=\"color: #333399;\"><strong style=\"font-family: inherit; font-size: 1em;\"><span style=\"color: #003366;\">COMPETIC 2:<\/span>\u00a0<\/strong><\/span><span style=\"color: #003366;\"><span style=\"color: #000000;\">Ad<\/span><\/span><span style=\"color: #000000;\">re\u00e7ats a les persones que hagin cursat el nivell 1\u00a0i que vulguin aprofundir els seus coneixements amb les eines ja treballades, a m\u00e9s a m\u00e9s de adquirir noves experi\u00e8ncies amb el treball en Internet.<\/span><\/p>\n<p><span style=\"color: #003366;\"><b>COMPETIC 3: <\/b><\/span>Adre\u00e7at a tot aquell alumnat que hagi superat el <strong style=\"font-family: inherit; font-size: 1em;\">nivell competic 2 o tingui la titulaci\u00f3 Actic mitj\u00e0<\/strong><span style=\"font-family: inherit; font-size: 1em;\">. La titulaci\u00f3 competic 3 \u00e9s equivalent a ACTIC avan\u00e7at. En aquest curs es treballar\u00e0 amb 3 compet\u00e8ncies digitals.<\/span><\/p>\n<p style=\"text-align: justify;\"><strong>Durada<\/strong><\/p>\n<p>Competic inicial i 1: 3 hores setmanals durant 35 setmanes.<\/p>\n<p>Competic 2: 4 hores setmanals durant 35 setmanes.<\/p>\n<p>&nbsp;<\/p>\n<p><span style=\"color: #003366;\"><b> <br \/>\n<\/b><\/span><\/p>\n<ul>\n<li><span style=\"color: #003366;\"><strong>Curr\u00edculum<\/strong><\/span><\/li>\n<\/ul>\n<p><a href=\"http:\/\/www.xtec.cat\/fadults\/competic\/\">Link amb informaci\u00f3 competic<\/a><\/p>\n<p><img loading=\"lazy\" decoding=\"async\" class=\"aligncenter size-full wp-image-1660\" src=\"http:\/\/agora.xtec.cat\/cfamorerapomar\/wp-content\/uploads\/usu268\/2017\/06\/Competic.jpg\" alt=\"Competic\" width=\"864\" height=\"597\" srcset=\"https:\/\/agora.xtec.cat\/cfamorerapomar\/wp-content\/uploads\/usu268\/2017\/06\/Competic.jpg 864w, https:\/\/agora.xtec.cat\/cfamorerapomar\/wp-content\/uploads\/usu268\/2017\/06\/Competic-300x207.jpg 300w, https:\/\/agora.xtec.cat\/cfamorerapomar\/wp-content\/uploads\/usu268\/2017\/06\/Competic-768x531.jpg 768w\" sizes=\"auto, (max-width: 864px) 100vw, 864px\" \/><\/p>\n<p>&nbsp;<\/p>\n<p>Avaluaci\u00f3 continuada i final al m\u00e9s de juny<\/p>\n<ul>\n<li><span style=\"color: #003366;\"><strong>Promoci\u00f3 de curs i\/o obtenci\u00f3 de certificaci\u00f3<\/strong><\/span><\/li>\n<\/ul>\n<p><a href=\"http:\/\/queestudiar.gencat.cat\/ca\/estudis\/adults\/estudis\/informatica\/?p_id=286&amp;estudi\" target=\"_self\" rel=\"noopener noreferrer\">Cursos COMPETIC inicial<\/a>\u00a0y\u00a0<a href=\"http:\/\/queestudiar.gencat.cat\/ca\/estudis\/adults\/estudis\/informatica\/?p_id=287&amp;estudi\" target=\"_self\" rel=\"noopener noreferrer\">COMPETIC 1, 2 y 3<\/a>, cursos de formaci\u00f3 en compet\u00e8ncies digitals que imparteixen les escoles de formaci\u00f3 de persones adultes del Departament d&#8217;ensenyan\u00e7a. Les persones que realitzin un d&#8217;aquests cursos i superin l&#8217;avaluaci\u00f3 corresponent obtindran un certificat que oficialment es considerar\u00e0 equivalent als de l&#8217;ACTIC en els termes i les condicions seg\u00fcents:<\/p>\n<ul style=\"list-style-type: square;\">\n<li>El certificat COMPETIC 1 equival al certificat b\u00e0sic de l&#8217;ACTIC.<\/li>\n<li>El certificat COMPETIC 2 equival al certificat mitj\u00e0 de l&#8217;ACTIC.<\/li>\n<li>El certificat COMPETIC 3 equival al certificat adelantat de l&#8217;ACTIC (sempre que constin dos compet\u00e8ncies aprovades com a m\u00ednim).<\/li>\n<li>El certificat COMPETIC 2 permetr\u00e0 presentar-se a la prova del nivell 3 de l&#8217;ACTIC.<\/li>\n<li>El certificat mitj\u00e0 de l&#8217;ACTIC permet inscriure&#8217;s a un curso COMPETIC 3.<\/li>\n<\/ul>\n<p><!--a=1--><\/p>\n","protected":false},"excerpt":{"rendered":"<p>Nivells i horaris COMPETIC Inicial:\u00a0S&#8217;adre\u00e7a a persones amb pocs coneixements de les tecnologies de la informaci\u00f3. T\u00e9 com a objectiu facilitar l&#8217;adquisici\u00f3 de les compet\u00e8ncies m\u00ednimes i els conceptes b\u00e0sics en tecnologies de la informaci\u00f3 i la comunicaci\u00f3 per desenvolupar-se en la societat actual. (Aquest curs no disposem d&#8217;aquest nivell) COMPETIC 1: Adre\u00e7ats a les [&hellip;]<\/p>\n","protected":false},"author":2,"featured_media":0,"parent":286,"menu_order":0,"comment_status":"closed","ping_status":"closed","template":"","meta":{"_bbp_topic_count":0,"_bbp_reply_count":0,"_bbp_total_topic_count":0,"_bbp_total_reply_count":0,"_bbp_voice_count":0,"_bbp_anonymous_reply_count":0,"_bbp_topic_count_hidden":0,"_bbp_reply_count_hidden":0,"_bbp_forum_subforum_count":0,"site-sidebar-layout":"default","site-content-layout":"","ast-site-content-layout":"","site-content-style":"default","site-sidebar-style":"default","ast-global-header-display":"","ast-banner-title-visibility":"","ast-main-header-display":"","ast-hfb-above-header-display":"","ast-hfb-below-header-display":"","ast-hfb-mobile-header-display":"","site-post-title":"","ast-breadcrumbs-content":"","ast-featured-img":"","footer-sml-layout":"","theme-transparent-header-meta":"","adv-header-id-meta":"","stick-header-meta":"","header-above-stick-meta":"","header-main-stick-meta":"","header-below-stick-meta":"","astra-migrate-meta-layouts":"default","ast-page-background-enabled":"default","ast-page-background-meta":{"desktop":{"background-color":"var(--ast-global-color-4)","background-image":"","background-repeat":"repeat","background-position":"center center","background-size":"auto","background-attachment":"scroll","background-type":"","background-media":"","overlay-type":"","overlay-color":"","overlay-opacity":"","overlay-gradient":""},"tablet":{"background-color":"","background-image":"","background-repeat":"repeat","background-position":"center center","background-size":"auto","background-attachment":"scroll","background-type":"","background-media":"","overlay-type":"","overlay-color":"","overlay-opacity":"","overlay-gradient":""},"mobile":{"background-color":"","background-image":"","background-repeat":"repeat","background-position":"center center","background-size":"auto","background-attachment":"scroll","background-type":"","background-media":"","overlay-type":"","overlay-color":"","overlay-opacity":"","overlay-gradient":""}},"ast-content-background-meta":{"desktop":{"background-color":"var(--ast-global-color-5)","background-image":"","background-repeat":"repeat","background-position":"center center","background-size":"auto","background-attachment":"scroll","background-type":"","background-media":"","overlay-type":"","overlay-color":"","overlay-opacity":"","overlay-gradient":""},"tablet":{"background-color":"var(--ast-global-color-5)","background-image":"","background-repeat":"repeat","background-position":"center center","background-size":"auto","background-attachment":"scroll","background-type":"","background-media":"","overlay-type":"","overlay-color":"","overlay-opacity":"","overlay-gradient":""},"mobile":{"background-color":"var(--ast-global-color-5)","background-image":"","background-repeat":"repeat","background-position":"center center","background-size":"auto","background-attachment":"scroll","background-type":"","background-media":"","overlay-type":"","overlay-color":"","overlay-opacity":"","overlay-gradient":""}},"footnotes":""},"class_list":["post-316","page","type-page","status-publish","hentry"],"post_mailing_queue_ids":[],"_links":{"self":[{"href":"https:\/\/agora.xtec.cat\/cfamorerapomar\/wp-json\/wp\/v2\/pages\/316","targetHints":{"allow":["GET"]}}],"collection":[{"href":"https:\/\/agora.xtec.cat\/cfamorerapomar\/wp-json\/wp\/v2\/pages"}],"about":[{"href":"https:\/\/agora.xtec.cat\/cfamorerapomar\/wp-json\/wp\/v2\/types\/page"}],"author":[{"embeddable":true,"href":"https:\/\/agora.xtec.cat\/cfamorerapomar\/wp-json\/wp\/v2\/users\/2"}],"replies":[{"embeddable":true,"href":"https:\/\/agora.xtec.cat\/cfamorerapomar\/wp-json\/wp\/v2\/comments?post=316"}],"version-history":[{"count":5,"href":"https:\/\/agora.xtec.cat\/cfamorerapomar\/wp-json\/wp\/v2\/pages\/316\/revisions"}],"predecessor-version":[{"id":6247,"href":"https:\/\/agora.xtec.cat\/cfamorerapomar\/wp-json\/wp\/v2\/pages\/316\/revisions\/6247"}],"up":[{"embeddable":true,"href":"https:\/\/agora.xtec.cat\/cfamorerapomar\/wp-json\/wp\/v2\/pages\/286"}],"wp:attachment":[{"href":"https:\/\/agora.xtec.cat\/cfamorerapomar\/wp-json\/wp\/v2\/media?parent=316"}],"curies":[{"name":"wp","href":"https:\/\/api.w.org\/{rel}","templated":true}]}}