{"id":2469,"date":"2019-01-11T12:41:14","date_gmt":"2019-01-11T11:41:14","guid":{"rendered":"http:\/\/agora.xtec.cat\/cfamorerapomar\/?page_id=2469"},"modified":"2019-01-11T12:47:39","modified_gmt":"2019-01-11T11:47:39","slug":"erasmus","status":"publish","type":"page","link":"https:\/\/agora.xtec.cat\/cfamorerapomar\/mobilitat-internacional\/erasmus\/","title":{"rendered":"ERASMUS +"},"content":{"rendered":"<p style=\"text-align: left;\"><strong>Erasmus+<\/strong>\u00a0 \u00e9s el programa integrat de la Uni\u00f3 Europea (UE) que engloba les iniciatives europees les mat\u00e8ries d<strong>&#8216;<\/strong>\u00a0educaci\u00f3 (nivells\u00a0escolar, formaci\u00f3 professional, ensenyament superior i formaci\u00f3 de persones adultes), formaci\u00f3, joventut i esport.\u00a0<strong><a href=\"http:\/\/erasmusplus.injuve.es\/\" target=\"_blank\" rel=\"noopener noreferrer\"><img loading=\"lazy\" decoding=\"async\" class=\"wp-image-883 alignright\" src=\"http:\/\/agora.xtec.cat\/cfamorerapomar\/wp-content\/uploads\/usu268\/2016\/05\/images.jpg\" alt=\"images\" width=\"394\" height=\"164\" srcset=\"https:\/\/agora.xtec.cat\/cfamorerapomar\/wp-content\/uploads\/usu268\/2016\/05\/images.jpg 348w, https:\/\/agora.xtec.cat\/cfamorerapomar\/wp-content\/uploads\/usu268\/2016\/05\/images-300x125.jpg 300w\" sizes=\"auto, (max-width: 394px) 100vw, 394px\" \/><\/a><\/strong><\/p>\n<p style=\"text-align: left;\">L&#8217;escola hi participa perqu\u00e8 volem oferir als nostres estudiants\u00a0 la possibilitat de participar en projectes de\u00a0\u00a0<strong>voluntariat i mobilitat<\/strong> <strong>internacional\u00a0<\/strong>\u00a0col\u00b7laborant en tasques solid\u00e0ries.<\/p>\n<p style=\"text-align: left;\">L&#8217; <strong>Erasmus +<\/strong>\u00a0 s&#8217; enmarca dins de \u00a0les estrat\u00e8gies \u00a0&#8220;Europa 2020&#8221;, \u00a0&#8220;Educaci\u00f3 i \u00a0Formaci\u00f3 2020&#8221; \u00a0i &#8220;Education&#8221;. El programa\u00a0\u00a0va ser aprovat per el Parlament Europeu\u00a0 per al per\u00edode 2014-2020 i<strong>\u00a0<\/strong>\u00a0va entrar en vigor l&#8217;1 de gener de 2014.<\/p>\n<p><span style=\"color: #68aeb3;\"><a style=\"color: #68aeb3;\" href=\"http:\/\/erasmusplus.injuve.es\/\" target=\"_blank\" rel=\"noopener noreferrer\">Two years of international activities and more than hundred participants in youth exchanges, seminars<\/a>\u00a0and\u00a0<\/span><span style=\"color: #68aeb3;\"><a style=\"color: #68aeb3;\" href=\"http:\/\/erasmusplus.injuve.es\/\" target=\"_blank\" rel=\"noopener noreferrer\">training to foster Non-Formal Education in youth and voluntary work. Project was funded by Erasmus+ Programme of European Union.<\/a><\/span><\/p>\n<p>&nbsp;<\/p>\n","protected":false},"excerpt":{"rendered":"<p>Erasmus+\u00a0 \u00e9s el programa integrat de la Uni\u00f3 Europea (UE) que engloba les iniciatives europees les mat\u00e8ries d&#8216;\u00a0educaci\u00f3 (nivells\u00a0escolar, formaci\u00f3 professional, ensenyament superior i formaci\u00f3 de persones adultes), formaci\u00f3, joventut i esport.\u00a0 L&#8217;escola hi participa perqu\u00e8 volem oferir als nostres estudiants\u00a0 la possibilitat de participar en projectes de\u00a0\u00a0voluntariat i mobilitat internacional\u00a0\u00a0col\u00b7laborant en tasques solid\u00e0ries. L&#8217; [&hellip;]<\/p>\n","protected":false},"author":3,"featured_media":0,"parent":2248,"menu_order":2,"comment_status":"closed","ping_status":"closed","template":"","meta":{"_bbp_topic_count":0,"_bbp_reply_count":0,"_bbp_total_topic_count":0,"_bbp_total_reply_count":0,"_bbp_voice_count":0,"_bbp_anonymous_reply_count":0,"_bbp_topic_count_hidden":0,"_bbp_reply_count_hidden":0,"_bbp_forum_subforum_count":0,"site-sidebar-layout":"default","site-content-layout":"","ast-site-content-layout":"","site-content-style":"default","site-sidebar-style":"default","ast-global-header-display":"","ast-banner-title-visibility":"","ast-main-header-display":"","ast-hfb-above-header-display":"","ast-hfb-below-header-display":"","ast-hfb-mobile-header-display":"","site-post-title":"","ast-breadcrumbs-content":"","ast-featured-img":"","footer-sml-layout":"","theme-transparent-header-meta":"","adv-header-id-meta":"","stick-header-meta":"","header-above-stick-meta":"","header-main-stick-meta":"","header-below-stick-meta":"","astra-migrate-meta-layouts":"default","ast-page-background-enabled":"default","ast-page-background-meta":{"desktop":{"background-color":"var(--ast-global-color-4)","background-image":"","background-repeat":"repeat","background-position":"center center","background-size":"auto","background-attachment":"scroll","background-type":"","background-media":"","overlay-type":"","overlay-color":"","overlay-opacity":"","overlay-gradient":""},"tablet":{"background-color":"","background-image":"","background-repeat":"repeat","background-position":"center center","background-size":"auto","background-attachment":"scroll","background-type":"","background-media":"","overlay-type":"","overlay-color":"","overlay-opacity":"","overlay-gradient":""},"mobile":{"background-color":"","background-image":"","background-repeat":"repeat","background-position":"center center","background-size":"auto","background-attachment":"scroll","background-type":"","background-media":"","overlay-type":"","overlay-color":"","overlay-opacity":"","overlay-gradient":""}},"ast-content-background-meta":{"desktop":{"background-color":"var(--ast-global-color-5)","background-image":"","background-repeat":"repeat","background-position":"center center","background-size":"auto","background-attachment":"scroll","background-type":"","background-media":"","overlay-type":"","overlay-color":"","overlay-opacity":"","overlay-gradient":""},"tablet":{"background-color":"var(--ast-global-color-5)","background-image":"","background-repeat":"repeat","background-position":"center center","background-size":"auto","background-attachment":"scroll","background-type":"","background-media":"","overlay-type":"","overlay-color":"","overlay-opacity":"","overlay-gradient":""},"mobile":{"background-color":"var(--ast-global-color-5)","background-image":"","background-repeat":"repeat","background-position":"center center","background-size":"auto","background-attachment":"scroll","background-type":"","background-media":"","overlay-type":"","overlay-color":"","overlay-opacity":"","overlay-gradient":""}},"footnotes":""},"class_list":["post-2469","page","type-page","status-publish","hentry"],"post_mailing_queue_ids":[],"_links":{"self":[{"href":"https:\/\/agora.xtec.cat\/cfamorerapomar\/wp-json\/wp\/v2\/pages\/2469","targetHints":{"allow":["GET"]}}],"collection":[{"href":"https:\/\/agora.xtec.cat\/cfamorerapomar\/wp-json\/wp\/v2\/pages"}],"about":[{"href":"https:\/\/agora.xtec.cat\/cfamorerapomar\/wp-json\/wp\/v2\/types\/page"}],"author":[{"embeddable":true,"href":"https:\/\/agora.xtec.cat\/cfamorerapomar\/wp-json\/wp\/v2\/users\/3"}],"replies":[{"embeddable":true,"href":"https:\/\/agora.xtec.cat\/cfamorerapomar\/wp-json\/wp\/v2\/comments?post=2469"}],"version-history":[{"count":1,"href":"https:\/\/agora.xtec.cat\/cfamorerapomar\/wp-json\/wp\/v2\/pages\/2469\/revisions"}],"predecessor-version":[{"id":2470,"href":"https:\/\/agora.xtec.cat\/cfamorerapomar\/wp-json\/wp\/v2\/pages\/2469\/revisions\/2470"}],"up":[{"embeddable":true,"href":"https:\/\/agora.xtec.cat\/cfamorerapomar\/wp-json\/wp\/v2\/pages\/2248"}],"wp:attachment":[{"href":"https:\/\/agora.xtec.cat\/cfamorerapomar\/wp-json\/wp\/v2\/media?parent=2469"}],"curies":[{"name":"wp","href":"https:\/\/api.w.org\/{rel}","templated":true}]}}