{"id":2465,"date":"2019-01-11T12:28:54","date_gmt":"2019-01-11T11:28:54","guid":{"rendered":"http:\/\/agora.xtec.cat\/cfamorerapomar\/?page_id=2465"},"modified":"2026-02-18T11:29:08","modified_gmt":"2026-02-18T10:29:08","slug":"jornades-sobre-mobilitat-europea-2018","status":"publish","type":"page","link":"https:\/\/agora.xtec.cat\/cfamorerapomar\/mobilitat-internacional\/jornades-sobre-mobilitat-europea-2018\/","title":{"rendered":"Jornades sobre mobilitat europea"},"content":{"rendered":"<p style=\"text-align: justify;\"><img loading=\"lazy\" decoding=\"async\" class=\"wp-image-2026 aligncenter\" src=\"http:\/\/agora.xtec.cat\/cfamorerapomar\/wp-content\/uploads\/usu268\/2018\/04\/jornades-mobilitat-CFA-Pomar.jpg\" alt=\"\" width=\"627\" height=\"887\" srcset=\"https:\/\/agora.xtec.cat\/cfamorerapomar\/wp-content\/uploads\/usu268\/2018\/04\/jornades-mobilitat-CFA-Pomar.jpg 1588w, https:\/\/agora.xtec.cat\/cfamorerapomar\/wp-content\/uploads\/usu268\/2018\/04\/jornades-mobilitat-CFA-Pomar-212x300.jpg 212w, https:\/\/agora.xtec.cat\/cfamorerapomar\/wp-content\/uploads\/usu268\/2018\/04\/jornades-mobilitat-CFA-Pomar-768x1086.jpg 768w, https:\/\/agora.xtec.cat\/cfamorerapomar\/wp-content\/uploads\/usu268\/2018\/04\/jornades-mobilitat-CFA-Pomar-724x1024.jpg 724w\" sizes=\"auto, (max-width: 627px) 100vw, 627px\" \/><\/p>\n<p style=\"text-align: justify;\">T&#8217; agrada ajudar als altres? T &#8216; interessa con\u00e8ixer altres pa\u00efsos i persones? Has pensat treballar o buscar feina en algun altre pa\u00eds europeu? Creus que \u00e9s important, personal i laboralment, tenir experi\u00e8ncia internacional i no saps per on comen\u00e7ar? <strong>Si la resposta es S\u00cd a tot et podem ajudar&#8230;<\/strong><\/p>\n<p style=\"text-align: justify;\"><strong>Els dijous 12 i 19 d&#8217;abril<\/strong> \u00a0farem unes jornades informatives sobre la mobilitat a la UE. <strong>APROFITEU L&#8217;OPORTUNITAT!!!!<\/strong><\/p>\n<p><strong>Dijous 12 d&#8217;abril: Treballar a l&#8217;estranger<\/strong> &#8211; Feina qualificada i feina no qualificada &#8211; Canals de recerca de feina &#8211; Com fer un curriculum en angl\u00e8s &#8211; Recursos pr\u00e0ctics, aspectes transversals i dec\u00e0leg de consells &#8211; Practiques professionals per a noutitulats i\/o joves a l&#8217;atur<\/p>\n<p><strong>Dijous 19 d&#8217;abril: Voluntariat a l&#8217;estranger<\/strong> &#8211; Servei de Voluntariat Europeu &#8211; Voluntariats coll\u00b7aboratius &#8211; Estades de curta durada: camps de treball, intercanvis &#8211; Experi\u00e8ncia en primera persona d&#8217;una volunt\u00e0ria d&#8217; Hongria.<img loading=\"lazy\" decoding=\"async\" class=\"aligncenter size-full wp-image-2163\" src=\"http:\/\/agora.xtec.cat\/cfamorerapomar\/wp-content\/uploads\/usu268\/2018\/04\/20180412_125347.jpg\" alt=\"\" width=\"3049\" height=\"2203\" srcset=\"https:\/\/agora.xtec.cat\/cfamorerapomar\/wp-content\/uploads\/usu268\/2018\/04\/20180412_125347.jpg 3049w, https:\/\/agora.xtec.cat\/cfamorerapomar\/wp-content\/uploads\/usu268\/2018\/04\/20180412_125347-300x217.jpg 300w, https:\/\/agora.xtec.cat\/cfamorerapomar\/wp-content\/uploads\/usu268\/2018\/04\/20180412_125347-768x555.jpg 768w, https:\/\/agora.xtec.cat\/cfamorerapomar\/wp-content\/uploads\/usu268\/2018\/04\/20180412_125347-1024x740.jpg 1024w\" sizes=\"auto, (max-width: 3049px) 100vw, 3049px\" \/><\/p>\n<p><!--a=1--><\/p>\n","protected":false},"excerpt":{"rendered":"<p>T&#8217; agrada ajudar als altres? T &#8216; interessa con\u00e8ixer altres pa\u00efsos i persones? Has pensat treballar o buscar feina en algun altre pa\u00eds europeu? Creus que \u00e9s important, personal i laboralment, tenir experi\u00e8ncia internacional i no saps per on comen\u00e7ar? Si la resposta es S\u00cd a tot et podem ajudar&#8230; Els dijous 12 i 19 [&hellip;]<\/p>\n","protected":false},"author":3,"featured_media":0,"parent":2248,"menu_order":1,"comment_status":"closed","ping_status":"closed","template":"","meta":{"_bbp_topic_count":0,"_bbp_reply_count":0,"_bbp_total_topic_count":0,"_bbp_total_reply_count":0,"_bbp_voice_count":0,"_bbp_anonymous_reply_count":0,"_bbp_topic_count_hidden":0,"_bbp_reply_count_hidden":0,"_bbp_forum_subforum_count":0,"site-sidebar-layout":"default","site-content-layout":"","ast-site-content-layout":"","site-content-style":"default","site-sidebar-style":"default","ast-global-header-display":"","ast-banner-title-visibility":"","ast-main-header-display":"","ast-hfb-above-header-display":"","ast-hfb-below-header-display":"","ast-hfb-mobile-header-display":"","site-post-title":"","ast-breadcrumbs-content":"","ast-featured-img":"","footer-sml-layout":"","theme-transparent-header-meta":"","adv-header-id-meta":"","stick-header-meta":"","header-above-stick-meta":"","header-main-stick-meta":"","header-below-stick-meta":"","astra-migrate-meta-layouts":"default","ast-page-background-enabled":"default","ast-page-background-meta":{"desktop":{"background-color":"var(--ast-global-color-4)","background-image":"","background-repeat":"repeat","background-position":"center center","background-size":"auto","background-attachment":"scroll","background-type":"","background-media":"","overlay-type":"","overlay-color":"","overlay-opacity":"","overlay-gradient":""},"tablet":{"background-color":"","background-image":"","background-repeat":"repeat","background-position":"center center","background-size":"auto","background-attachment":"scroll","background-type":"","background-media":"","overlay-type":"","overlay-color":"","overlay-opacity":"","overlay-gradient":""},"mobile":{"background-color":"","background-image":"","background-repeat":"repeat","background-position":"center center","background-size":"auto","background-attachment":"scroll","background-type":"","background-media":"","overlay-type":"","overlay-color":"","overlay-opacity":"","overlay-gradient":""}},"ast-content-background-meta":{"desktop":{"background-color":"var(--ast-global-color-5)","background-image":"","background-repeat":"repeat","background-position":"center center","background-size":"auto","background-attachment":"scroll","background-type":"","background-media":"","overlay-type":"","overlay-color":"","overlay-opacity":"","overlay-gradient":""},"tablet":{"background-color":"var(--ast-global-color-5)","background-image":"","background-repeat":"repeat","background-position":"center center","background-size":"auto","background-attachment":"scroll","background-type":"","background-media":"","overlay-type":"","overlay-color":"","overlay-opacity":"","overlay-gradient":""},"mobile":{"background-color":"var(--ast-global-color-5)","background-image":"","background-repeat":"repeat","background-position":"center center","background-size":"auto","background-attachment":"scroll","background-type":"","background-media":"","overlay-type":"","overlay-color":"","overlay-opacity":"","overlay-gradient":""}},"footnotes":""},"class_list":["post-2465","page","type-page","status-publish","hentry"],"post_mailing_queue_ids":[],"_links":{"self":[{"href":"https:\/\/agora.xtec.cat\/cfamorerapomar\/wp-json\/wp\/v2\/pages\/2465","targetHints":{"allow":["GET"]}}],"collection":[{"href":"https:\/\/agora.xtec.cat\/cfamorerapomar\/wp-json\/wp\/v2\/pages"}],"about":[{"href":"https:\/\/agora.xtec.cat\/cfamorerapomar\/wp-json\/wp\/v2\/types\/page"}],"author":[{"embeddable":true,"href":"https:\/\/agora.xtec.cat\/cfamorerapomar\/wp-json\/wp\/v2\/users\/3"}],"replies":[{"embeddable":true,"href":"https:\/\/agora.xtec.cat\/cfamorerapomar\/wp-json\/wp\/v2\/comments?post=2465"}],"version-history":[{"count":4,"href":"https:\/\/agora.xtec.cat\/cfamorerapomar\/wp-json\/wp\/v2\/pages\/2465\/revisions"}],"predecessor-version":[{"id":6256,"href":"https:\/\/agora.xtec.cat\/cfamorerapomar\/wp-json\/wp\/v2\/pages\/2465\/revisions\/6256"}],"up":[{"embeddable":true,"href":"https:\/\/agora.xtec.cat\/cfamorerapomar\/wp-json\/wp\/v2\/pages\/2248"}],"wp:attachment":[{"href":"https:\/\/agora.xtec.cat\/cfamorerapomar\/wp-json\/wp\/v2\/media?parent=2465"}],"curies":[{"name":"wp","href":"https:\/\/api.w.org\/{rel}","templated":true}]}}