{"id":316,"date":"2015-01-28T11:33:51","date_gmt":"2015-01-28T10:33:51","guid":{"rendered":"http:\/\/agora.xtec.cat\/cfamontserratroig\/?page_id=316"},"modified":"2022-11-10T09:08:31","modified_gmt":"2022-11-10T08:08:31","slug":"competencia-digital-competic","status":"publish","type":"page","link":"https:\/\/agora.xtec.cat\/cfamontserratroig\/ensenyaments\/ensenyaments-transprofessionals\/competencia-digital-competic\/","title":{"rendered":"Compet\u00e8ncia digital COMPETIC"},"content":{"rendered":"<p>Els ensenyaments d\u2019<strong>inform\u00e0tica<\/strong> s&#8217;imparteixen en <strong>quatre nivells<\/strong>. Aquests tenen com a objectiu facilitar l\u2019adquisici\u00f3 de la compet\u00e8ncia digital, entesa com la combinaci\u00f3 de coneixements, habilitats i actituds en l\u2019\u00e0mbit de les tecnologies de la informaci\u00f3 i la comunicaci\u00f3 (<strong>TIC<\/strong>) per desenvolupar-se en la societat actual.<\/p>\n<table style=\"width: 963px;\">\n<tbody>\n<tr>\n<td style=\"width: 724.141px;\"><strong>Atenci\u00f3!<\/strong> <strong>Oferim<\/strong>, a m\u00e9s del COMPETIC 2 I COMPETIC 3 presencial,\u00a0 un <strong>curs a dist\u00e0ncia semipresencial de <\/strong><strong>COMPETIC 2 \/ ACTIC Mitj\u00e0, i un altre semipresencial de COMPETIC 3 \/ ACTIC Avan\u00e7at<\/strong>\u00a0dissenyat per a totes aquelles persones a les que les sigui complicat adaptar-se als horaris presencials del nostre centre.<\/td>\n<td style=\"width: 230.859px;\"><a href=\"https:\/\/agora.xtec.cat\/cfatarrega\/wp-content\/uploads\/usu1634\/2020\/05\/actic-2-i-3-online.png\"><img loading=\"lazy\" decoding=\"async\" class=\"wp-image-2921 alignright\" src=\"https:\/\/agora.xtec.cat\/cfatarrega\/wp-content\/uploads\/usu1634\/2020\/05\/actic-2-i-3-online.png\" sizes=\"auto, (max-width: 160px) 100vw, 160px\" srcset=\"https:\/\/agora.xtec.cat\/cfatarrega\/wp-content\/uploads\/usu1634\/2020\/05\/actic-2-i-3-online.png 801w, https:\/\/agora.xtec.cat\/cfatarrega\/wp-content\/uploads\/usu1634\/2020\/05\/actic-2-i-3-online-300x242.png 300w, https:\/\/agora.xtec.cat\/cfatarrega\/wp-content\/uploads\/usu1634\/2020\/05\/actic-2-i-3-online-768x620.png 768w\" alt=\"\" width=\"160\" height=\"129\" \/><\/a><\/td>\n<\/tr>\n<\/tbody>\n<\/table>\n<h5><strong>Nivells<\/strong><\/h5>\n<table style=\"height: 496px;\">\n<tbody>\n<tr style=\"height: 47px;\">\n<td style=\"width: 333px; height: 47px;\">\n<h6><strong>COMPETIC INICIAL<\/strong><\/h6>\n<\/td>\n<td style=\"width: 396px; height: 47px;\">\n<h6><strong>COMPETIC 1 <\/strong><em><strong>(<\/strong>el certificat de superaci\u00f3 del curs equival al certificat<strong> ACTIC-b\u00e0sic)<\/strong><\/em><\/h6>\n<\/td>\n<td style=\"width: 229px; height: 477px; text-align: center; border-right: medium hidden; border-bottom: medium hidden; border-top: medium hidden;\" rowspan=\"4\" valign=\"top\"><a href=\"https:\/\/agora.xtec.cat\/cfamontserratroig\/el-centre\/horaris-generals\/\" target=\"_blank\" rel=\"noopener noreferrer\"><button class=\"button\"><span style=\"color: #fff;\">HORARIS<\/span><\/button><\/a><\/td>\n<\/tr>\n<tr style=\"height: 124px;\">\n<td style=\"width: 333px; height: 124px;\" valign=\"top\">\n<ul>\n<li>C2: Tecnologia digital, \u00fas de l\u2019ordinador i del sistema operatiu.<\/li>\n<li>C4: Tractament de la informaci\u00f3 escrita.<\/li>\n<li>C3: Navegaci\u00f3 i comunicaci\u00f3 en el m\u00f3n digital.<\/li>\n<\/ul>\n<\/td>\n<td style=\"width: 396px; height: 124px;\" valign=\"top\">\n<ul>\n<li>C6: Tractament de la informaci\u00f3 num\u00e8rica.<\/li>\n<li>C5: Tractament de la informaci\u00f3 gr\u00e0fica, sonora i de la imatge en moviment.<\/li>\n<li>C1: Cultura, participaci\u00f3 i civisme digital.<\/li>\n<\/ul>\n<\/td>\n<\/tr>\n<tr style=\"height: 47px;\">\n<td style=\"width: 333px; height: 47px;\">\n<h6><strong>COMPETIC 2 <\/strong><em><strong>(<\/strong>el certificat de superaci\u00f3 del curs equival al certificat<strong> ACTIC-Mitj\u00e0)<\/strong><\/em><\/h6>\n<\/td>\n<td style=\"width: 396px; height: 47px;\">\n<h6><strong>COMPETIC 3 <em>(<\/em><\/strong><em>La superaci\u00f3 de dues compet\u00e8ncies equival al<\/em><em> certificat<\/em><strong><em> ACTIC- Avan\u00e7at). Nom\u00e9s es pot cursar si es disposa del certificat ACTIC Mitj\u00e0 o COMPETIC 2<\/em><\/strong><\/h6>\n<\/td>\n<\/tr>\n<tr style=\"height: 259px;\">\n<td style=\"width: 333px; height: 259px;\" valign=\"top\">\n<ul>\n<li>C1: Cultura, participaci\u00f3 i civisme digital.<\/li>\n<li>C2: Tecnologia digital, \u00fas de l\u2019ordinador i del sistema operatiu.<\/li>\n<li>C3: Navegaci\u00f3 i comunicaci\u00f3 en el m\u00f3n digital.<\/li>\n<li>C4: Tractament de la informaci\u00f3 escrita.<\/li>\n<li>C5: Tractament de la informaci\u00f3 gr\u00e0fica, sonora i de la imatge en moviment.<\/li>\n<li>C6: Tractament de la informaci\u00f3 num\u00e8rica.<\/li>\n<li>C7: Tractament de les dades.<\/li>\n<li>C8: Presentaci\u00f3 de continguts.<\/li>\n<\/ul>\n<\/td>\n<td style=\"width: 396px; height: 259px;\" valign=\"top\">\n<ul>\n<li>C4: Tractament de la informaci\u00f3 escrita.<\/li>\n<li>C:5 Tractament de la informaci\u00f3 gr\u00e0fica, sonora i de la imatge en moviment.<\/li>\n<li>C6: Tractament de la informaci\u00f3 num\u00e8rica.<\/li>\n<li>C7: Tractament de les dades.<\/li>\n<li>C8: Presentaci\u00f3 de continguts.<\/li>\n<\/ul>\n<\/td>\n<\/tr>\n<\/tbody>\n<\/table>\n","protected":false},"excerpt":{"rendered":"<p>Els ensenyaments d\u2019inform\u00e0tica s&#8217;imparteixen en quatre nivells. Aquests tenen com a objectiu facilitar l\u2019adquisici\u00f3 de la compet\u00e8ncia digital, entesa com la combinaci\u00f3 de coneixements, habilitats i actituds en l\u2019\u00e0mbit de les tecnologies de la informaci\u00f3 i la comunicaci\u00f3 (TIC) per desenvolupar-se en la societat actual.<\/p>\n<p>Atenci\u00f3!&hellip;  <a href=\"https:\/\/agora.xtec.cat\/cfamontserratroig\/ensenyaments\/ensenyaments-transprofessionals\/competencia-digital-competic\/\" title=\"Read Compet\u00e8ncia digital COMPETIC\">Llegeix m\u00e9s\u00bb<\/a><\/p>\n","protected":false},"author":1,"featured_media":0,"parent":286,"menu_order":0,"comment_status":"closed","ping_status":"closed","template":"page-templates\/side-menu.php","meta":{"_bbp_topic_count":0,"_bbp_reply_count":0,"_bbp_total_topic_count":0,"_bbp_total_reply_count":0,"_bbp_voice_count":0,"_bbp_anonymous_reply_count":0,"_bbp_topic_count_hidden":0,"_bbp_reply_count_hidden":0,"_bbp_forum_subforum_count":0,"footnotes":""},"class_list":["post-316","page","type-page","status-publish","hentry"],"post_mailing_queue_ids":[],"_links":{"self":[{"href":"https:\/\/agora.xtec.cat\/cfamontserratroig\/wp-json\/wp\/v2\/pages\/316","targetHints":{"allow":["GET"]}}],"collection":[{"href":"https:\/\/agora.xtec.cat\/cfamontserratroig\/wp-json\/wp\/v2\/pages"}],"about":[{"href":"https:\/\/agora.xtec.cat\/cfamontserratroig\/wp-json\/wp\/v2\/types\/page"}],"author":[{"embeddable":true,"href":"https:\/\/agora.xtec.cat\/cfamontserratroig\/wp-json\/wp\/v2\/users\/1"}],"replies":[{"embeddable":true,"href":"https:\/\/agora.xtec.cat\/cfamontserratroig\/wp-json\/wp\/v2\/comments?post=316"}],"version-history":[{"count":3,"href":"https:\/\/agora.xtec.cat\/cfamontserratroig\/wp-json\/wp\/v2\/pages\/316\/revisions"}],"predecessor-version":[{"id":1810,"href":"https:\/\/agora.xtec.cat\/cfamontserratroig\/wp-json\/wp\/v2\/pages\/316\/revisions\/1810"}],"up":[{"embeddable":true,"href":"https:\/\/agora.xtec.cat\/cfamontserratroig\/wp-json\/wp\/v2\/pages\/286"}],"wp:attachment":[{"href":"https:\/\/agora.xtec.cat\/cfamontserratroig\/wp-json\/wp\/v2\/media?parent=316"}],"curies":[{"name":"wp","href":"https:\/\/api.w.org\/{rel}","templated":true}]}}