{"id":312,"date":"2015-01-28T11:32:38","date_gmt":"2015-01-28T10:32:38","guid":{"rendered":"http:\/\/agora.xtec.cat\/cfamontserratroig\/?page_id=312"},"modified":"2023-09-04T16:17:03","modified_gmt":"2023-09-04T14:17:03","slug":"llengua-anglesa","status":"publish","type":"page","link":"https:\/\/agora.xtec.cat\/cfamontserratroig\/ensenyaments\/ensenyaments-transprofessionals\/llengua-anglesa\/","title":{"rendered":"Llengua anglesa"},"content":{"rendered":"<p>Els ensenyaments de la <strong>llengua anglesa<\/strong> s&#8217;imparteixen en <strong>tres nivells<\/strong>. En aquests es treballen les habilitats de comprensi\u00f3 i expressi\u00f3 orals i escrites que permeten fer front a la major part de situacions ling\u00fc\u00edstiques de la vida quotidiana i comunicar-se de forma b\u00e0sica en un entorn pluriling\u00fce i multicultural.<\/p>\n<ul>\n<li style=\"list-style-type: none;\">\n<ul style=\"list-style-type: disc;\">\n<li><strong><span style=\"color: #5e3a73;\">Nivell 1 <\/span><\/strong>(equivalent al <strong>nivell A1<\/strong> del MCER)<strong>:<\/strong> L\u2019alumnat aprenent del curs s\u00f3n persones amb total desconeixement de la llengua anglesa.<\/li>\n<\/ul>\n<\/li>\n<\/ul>\n<ul>\n<li style=\"list-style-type: none;\">\n<ul style=\"list-style-type: disc;\">\n<li><strong><span style=\"color: #5e3a73;\">Nivells 2 i 3 <\/span><\/strong>(equivalents, respectivament, als<strong> nivells A2.1 i A2.2<\/strong> del MCER)<strong>:<\/strong> S\u2019adrecen a persones que han superat el nivell 1 o 2, o que disposen dels coneixements corresponents per a poder-lo seguir.<\/li>\n<\/ul>\n<\/li>\n<\/ul>\n<table style=\"height: 174px;\">\n<tbody>\n<tr style=\"height: 33px;\">\n<td style=\"height: 45px; width: 99.2px; border-style: solid;\"><strong>Nivell<\/strong><\/td>\n<td style=\"height: 45px; width: 96.1833px; border-style: solid;\"><strong>Hores totals<\/strong><\/td>\n<td style=\"height: 45px; width: 363.733px; border-style: solid;\"><strong>Hores setmanals<\/strong><\/td>\n<td style=\"width: 446.883px; height: 174px; border-style: hidden hidden hidden solid; border-right: medium hidden; border-bottom: medium hidden; border-top: medium hidden; text-align: center;\" rowspan=\"4\"><strong><a href=\"https:\/\/agora.xtec.cat\/cfamontserratroig\/el-centre\/horaris-generals\/\" target=\"_blank\" rel=\"noopener noreferrer\"><button class=\"button\"><span style=\"color: #fff;\">HORARIS<\/span><\/button><\/a><\/strong><\/td>\n<\/tr>\n<tr style=\"height: 33px;\">\n<td style=\"height: 43px; width: 99.2px; border-style: solid;\">Angl\u00e8s 1<\/td>\n<td style=\"height: 43px; width: 96.1833px; border-style: solid;\">105h<\/td>\n<td style=\"height: 43px; width: 363.733px; border-style: solid;\">Dues sessions setmanals d&#8217;1h 30&#8242; de setembre a juny<\/td>\n<\/tr>\n<tr style=\"height: 33px;\">\n<td style=\"height: 43px; width: 99.2px; border-style: solid;\">Angl\u00e8s 2<\/td>\n<td style=\"height: 43px; width: 96.1833px; border-style: solid;\">140h<\/td>\n<td style=\"height: 43px; width: 363.733px; border-style: solid;\">Dues sessions setmanals de 2h de setembre a juny<\/td>\n<\/tr>\n<tr style=\"height: 34px;\">\n<td style=\"height: 43px; width: 99.2px; border-style: solid;\">Angl\u00e8s 3<\/td>\n<td style=\"height: 43px; width: 96.1833px; border-style: solid;\">140h<\/td>\n<td style=\"height: 43px; width: 363.733px; border-style: solid;\">Dues sessions setmanals de 2h de setembre a juny<\/td>\n<\/tr>\n<\/tbody>\n<\/table>\n<p>&nbsp;<\/p>\n","protected":false},"excerpt":{"rendered":"<p>Els ensenyaments de la llengua anglesa s&#8217;imparteixen en tres nivells. En aquests es treballen les habilitats de comprensi\u00f3 i expressi\u00f3 orals i escrites que permeten fer front a la major part de situacions ling\u00fc\u00edstiques de la vida quotidiana i comunicar-se de forma b\u00e0sica en un&hellip;  <a href=\"https:\/\/agora.xtec.cat\/cfamontserratroig\/ensenyaments\/ensenyaments-transprofessionals\/llengua-anglesa\/\" title=\"Read Llengua anglesa\">Llegeix m\u00e9s\u00bb<\/a><\/p>\n","protected":false},"author":1,"featured_media":0,"parent":286,"menu_order":0,"comment_status":"closed","ping_status":"closed","template":"page-templates\/side-menu.php","meta":{"_bbp_topic_count":0,"_bbp_reply_count":0,"_bbp_total_topic_count":0,"_bbp_total_reply_count":0,"_bbp_voice_count":0,"_bbp_anonymous_reply_count":0,"_bbp_topic_count_hidden":0,"_bbp_reply_count_hidden":0,"_bbp_forum_subforum_count":0,"footnotes":""},"class_list":["post-312","page","type-page","status-publish","hentry"],"post_mailing_queue_ids":[],"_links":{"self":[{"href":"https:\/\/agora.xtec.cat\/cfamontserratroig\/wp-json\/wp\/v2\/pages\/312","targetHints":{"allow":["GET"]}}],"collection":[{"href":"https:\/\/agora.xtec.cat\/cfamontserratroig\/wp-json\/wp\/v2\/pages"}],"about":[{"href":"https:\/\/agora.xtec.cat\/cfamontserratroig\/wp-json\/wp\/v2\/types\/page"}],"author":[{"embeddable":true,"href":"https:\/\/agora.xtec.cat\/cfamontserratroig\/wp-json\/wp\/v2\/users\/1"}],"replies":[{"embeddable":true,"href":"https:\/\/agora.xtec.cat\/cfamontserratroig\/wp-json\/wp\/v2\/comments?post=312"}],"version-history":[{"count":4,"href":"https:\/\/agora.xtec.cat\/cfamontserratroig\/wp-json\/wp\/v2\/pages\/312\/revisions"}],"predecessor-version":[{"id":2193,"href":"https:\/\/agora.xtec.cat\/cfamontserratroig\/wp-json\/wp\/v2\/pages\/312\/revisions\/2193"}],"up":[{"embeddable":true,"href":"https:\/\/agora.xtec.cat\/cfamontserratroig\/wp-json\/wp\/v2\/pages\/286"}],"wp:attachment":[{"href":"https:\/\/agora.xtec.cat\/cfamontserratroig\/wp-json\/wp\/v2\/media?parent=312"}],"curies":[{"name":"wp","href":"https:\/\/api.w.org\/{rel}","templated":true}]}}