{"id":2499,"date":"2024-10-23T12:09:35","date_gmt":"2024-10-23T10:09:35","guid":{"rendered":"https:\/\/agora.xtec.cat\/cfamontserratroig\/?page_id=2499"},"modified":"2025-12-09T08:44:41","modified_gmt":"2025-12-09T07:44:41","slug":"fluency-boost-programa-dauxiliars-de-conversa-en-angles","status":"publish","type":"page","link":"https:\/\/agora.xtec.cat\/cfamontserratroig\/programes-i-projectes-del-centre\/fluency-boost-programa-dauxiliars-de-conversa-en-angles\/","title":{"rendered":"Fluency Boost (Programa d&#8217;auxiliars de conversa en angl\u00e8s)"},"content":{"rendered":"<p><span style=\"font-weight: 400;\"><img loading=\"lazy\" decoding=\"async\" class=\"size-medium wp-image-2575 alignleft\" src=\"https:\/\/agora.xtec.cat\/cfamontserratroig\/wp-content\/uploads\/usu2436\/2025\/02\/Captura-de-pantalla-2025-02-27-201044-300x225.png\" alt=\"\" width=\"300\" height=\"225\" srcset=\"https:\/\/agora.xtec.cat\/cfamontserratroig\/wp-content\/uploads\/usu2436\/2025\/02\/Captura-de-pantalla-2025-02-27-201044-300x225.png 300w, https:\/\/agora.xtec.cat\/cfamontserratroig\/wp-content\/uploads\/usu2436\/2025\/02\/Captura-de-pantalla-2025-02-27-201044-200x150.png 200w, https:\/\/agora.xtec.cat\/cfamontserratroig\/wp-content\/uploads\/usu2436\/2025\/02\/Captura-de-pantalla-2025-02-27-201044.png 358w\" sizes=\"auto, (max-width: 300px) 100vw, 300px\" \/>El centre col\u00b7labora amb l\u2019empresa CEA CAPA, un centre d&#8217;estudis universitaris que acull estudiants nord-americans durant diferents per\u00edodes per realitzar els seus estudis a Barcelona. Disposen d\u2019un programa de voluntariat, dins del qual ofereixen als seus estudiants la possibilitat d\u2019oferir el seu servei com a auxiliars de conversa, donant suport, en el nostre cas, als alumnes dels cursos d\u2019Angl\u00e8s.\u00a0\u00a0<\/span><\/p>\n<p>L&#8217;objectiu principal \u00e9s la millora de la compet\u00e8ncia comunicativa dels nostres estudiants, tot fomentant la pr\u00e0ctica de l&#8217;angl\u00e8s parlat mitjan\u00e7ant situacions reals i activitats adaptades a les necessitats de cadasc\u00fa, millorant la seva flu\u00efdesa i confian\u00e7a, alhora que promovent l&#8217;intercanvi cultural amb els voluntaris per enriquir la comprensi\u00f3 m\u00fatua i inspirant els estudiants a continuar el seu aprenentatge.<\/p>\n<p>El per\u00edodes en que els voluntaris duen a terme les seves tasques s\u00f3n de setembre a desembre, i de gener a abril; cada voluntari i \u00e9s assignat, en funci\u00f3 del torn que tingui assignat per l\u2019empresa CEA CAPA, a qualsevol curs d\u2019Angl\u00e8s 2 o 3 i, a partir del 2n periode, tamb\u00e9 a Angl\u00e8s 1.<\/p>\n<table style=\"border-collapse: collapse; width: 100%;\">\n<tbody>\n<tr>\n<td style=\"width: 21.4286%;\">\n<h5><strong>Curs 2025-2025<\/strong><\/h5>\n<\/td>\n<td style=\"width: 78.5714%;\"><\/td>\n<\/tr>\n<tr>\n<td style=\"width: 21.4286%;\">\n<h5><strong>Curs 2024-2025<\/strong><\/h5>\n<\/td>\n<td style=\"width: 78.5714%;\">Els tutors dels diferents grups d\u2019angl\u00e8s, aix\u00ed com l&#8217;alumnat, valoren molt positivament la col\u00b7laboraci\u00f3 amb l\u2019empresa CEA CAPA i el seu programa de voluntariat. Durant aquest curs hem comptat amb 4 voluntaris durant el primer semestre i 8 voluntaris durant el segon semestre, que han donat suport als nostres grups d\u2019Angl\u00e8s 1, 2 i 3.<\/td>\n<\/tr>\n<\/tbody>\n<\/table>\n<p>&nbsp;<\/p>\n<p>&nbsp;<\/p>\n","protected":false},"excerpt":{"rendered":"<p>El centre col\u00b7labora amb l\u2019empresa CEA CAPA, un centre d&#8217;estudis universitaris que acull estudiants nord-americans durant diferents per\u00edodes per realitzar els seus estudis a Barcelona. Disposen d\u2019un programa de voluntariat, dins del qual ofereixen als seus estudiants la possibilitat d\u2019oferir el seu servei com a&hellip;  <a href=\"https:\/\/agora.xtec.cat\/cfamontserratroig\/programes-i-projectes-del-centre\/fluency-boost-programa-dauxiliars-de-conversa-en-angles\/\" title=\"Read Fluency Boost (Programa d&#8217;auxiliars de conversa en angl\u00e8s)\">Llegeix m\u00e9s\u00bb<\/a><\/p>\n","protected":false},"author":3,"featured_media":0,"parent":955,"menu_order":0,"comment_status":"closed","ping_status":"closed","template":"","meta":{"_bbp_topic_count":0,"_bbp_reply_count":0,"_bbp_total_topic_count":0,"_bbp_total_reply_count":0,"_bbp_voice_count":0,"_bbp_anonymous_reply_count":0,"_bbp_topic_count_hidden":0,"_bbp_reply_count_hidden":0,"_bbp_forum_subforum_count":0,"footnotes":""},"class_list":["post-2499","page","type-page","status-publish","hentry"],"post_mailing_queue_ids":[],"_links":{"self":[{"href":"https:\/\/agora.xtec.cat\/cfamontserratroig\/wp-json\/wp\/v2\/pages\/2499","targetHints":{"allow":["GET"]}}],"collection":[{"href":"https:\/\/agora.xtec.cat\/cfamontserratroig\/wp-json\/wp\/v2\/pages"}],"about":[{"href":"https:\/\/agora.xtec.cat\/cfamontserratroig\/wp-json\/wp\/v2\/types\/page"}],"author":[{"embeddable":true,"href":"https:\/\/agora.xtec.cat\/cfamontserratroig\/wp-json\/wp\/v2\/users\/3"}],"replies":[{"embeddable":true,"href":"https:\/\/agora.xtec.cat\/cfamontserratroig\/wp-json\/wp\/v2\/comments?post=2499"}],"version-history":[{"count":7,"href":"https:\/\/agora.xtec.cat\/cfamontserratroig\/wp-json\/wp\/v2\/pages\/2499\/revisions"}],"predecessor-version":[{"id":2842,"href":"https:\/\/agora.xtec.cat\/cfamontserratroig\/wp-json\/wp\/v2\/pages\/2499\/revisions\/2842"}],"up":[{"embeddable":true,"href":"https:\/\/agora.xtec.cat\/cfamontserratroig\/wp-json\/wp\/v2\/pages\/955"}],"wp:attachment":[{"href":"https:\/\/agora.xtec.cat\/cfamontserratroig\/wp-json\/wp\/v2\/media?parent=2499"}],"curies":[{"name":"wp","href":"https:\/\/api.w.org\/{rel}","templated":true}]}}