{"id":1896,"date":"2022-11-19T10:06:23","date_gmt":"2022-11-19T09:06:23","guid":{"rendered":"https:\/\/agora.xtec.cat\/cfamontserratroig\/?page_id=1896"},"modified":"2022-11-19T18:46:55","modified_gmt":"2022-11-19T17:46:55","slug":"comunicacio","status":"publish","type":"page","link":"https:\/\/agora.xtec.cat\/cfamontserratroig\/estrategia-digital-de-centre\/cultura-digital\/comunicacio\/","title":{"rendered":"Comunicaci\u00f3"},"content":{"rendered":"<p>Aquests s\u00f3n els recursos de qu\u00e8 disposa el centre i que permeten mantenir una comunicaci\u00f3 flu\u00efda amb la comunitat educativa:<\/p>\n<table style=\"border-collapse: collapse; width: 100%; height: 676px;\">\n<tbody>\n<tr style=\"height: 217px;\">\n<td style=\"width: 15.1922%; height: 217px;\"><img loading=\"lazy\" decoding=\"async\" class=\"alignnone wp-image-1951\" src=\"https:\/\/agora.xtec.cat\/cfamontserratroig\/wp-content\/uploads\/usu2436\/2022\/11\/Captura-de-pantalla-2022-11-19-113024-282x300.jpg\" alt=\"\" width=\"185\" height=\"197\" srcset=\"https:\/\/agora.xtec.cat\/cfamontserratroig\/wp-content\/uploads\/usu2436\/2022\/11\/Captura-de-pantalla-2022-11-19-113024-282x300.jpg 282w, https:\/\/agora.xtec.cat\/cfamontserratroig\/wp-content\/uploads\/usu2436\/2022\/11\/Captura-de-pantalla-2022-11-19-113024.jpg 368w\" sizes=\"auto, (max-width: 185px) 100vw, 185px\" \/><\/td>\n<td style=\"width: 84.8078%; height: 217px;\">\n<p class=\"CDt4Ke zfr3Q\" dir=\"ltr\">El centre disposa d&#8217;una web amb la informaci\u00f3 p\u00fablica. S&#8217;hi poden trobar informacions est\u00e0tiques, que es revisen peri\u00f2dicament (documentaci\u00f3, claustre, dates del curs, etc.) i articles din\u00e0mics sobre el que va succeint al centre dia a dia. Aquest web est\u00e0 realitzat aprofitant el servei nodes que ofereix el Departament d&#8217;Educaci\u00f3. El document que en regula i fixa l&#8217;actualitzaci\u00f3 est\u00e0 pendent d&#8217;elaboraci\u00f3.<\/p>\n<\/td>\n<\/tr>\n<tr style=\"height: 186px;\">\n<td style=\"width: 15.1922%; height: 186px;\"><img loading=\"lazy\" decoding=\"async\" class=\"alignnone  wp-image-1977\" src=\"https:\/\/agora.xtec.cat\/cfamontserratroig\/wp-content\/uploads\/usu2436\/2022\/11\/Sin-nombre-1-300x235.jpg\" alt=\"\" width=\"161\" height=\"126\" srcset=\"https:\/\/agora.xtec.cat\/cfamontserratroig\/wp-content\/uploads\/usu2436\/2022\/11\/Sin-nombre-1-300x235.jpg 300w, https:\/\/agora.xtec.cat\/cfamontserratroig\/wp-content\/uploads\/usu2436\/2022\/11\/Sin-nombre-1-1024x802.jpg 1024w, https:\/\/agora.xtec.cat\/cfamontserratroig\/wp-content\/uploads\/usu2436\/2022\/11\/Sin-nombre-1-768x602.jpg 768w, https:\/\/agora.xtec.cat\/cfamontserratroig\/wp-content\/uploads\/usu2436\/2022\/11\/Sin-nombre-1-1536x1203.jpg 1536w, https:\/\/agora.xtec.cat\/cfamontserratroig\/wp-content\/uploads\/usu2436\/2022\/11\/Sin-nombre-1.jpg 2048w\" sizes=\"auto, (max-width: 161px) 100vw, 161px\" \/><\/td>\n<td style=\"width: 84.8078%; height: 186px;\">Totes les informacions i actuacions particulars amb els alumnes es realitzen per un dels seg\u00fcents canals:<\/p>\n<ul>\n<li style=\"list-style-type: none;\">\n<ul>\n<li>per correu electr\u00f2nic, exclusivament amb l&#8217;adre\u00e7a que l&#8217;alumne ha subministrat en el moment de la matr\u00edcula<\/li>\n<li>per tel\u00e8fon, a l&#8217;indicat per l&#8217;alumne en el moment de fer la matr\u00edcula<\/li>\n<li>pel servei de missatgeria del Moodle, en el cas del alumnes de COMPETIC.<\/li>\n<li>per videoconfer\u00e8ncia, en el cas que algun alumne de COMPETIC Semipresencial requereixi un suport espec\u00edfic, amb cita pr\u00e8via<\/li>\n<li>en persona, amb cita pr\u00e8via.<\/li>\n<\/ul>\n<\/li>\n<\/ul>\n<\/td>\n<\/tr>\n<tr style=\"height: 128px;\">\n<td style=\"width: 15.1922%; height: 128px;\"><img loading=\"lazy\" decoding=\"async\" class=\"wp-image-1974 aligncenter\" src=\"https:\/\/agora.xtec.cat\/cfamontserratroig\/wp-content\/uploads\/usu2436\/2022\/11\/descarga.png\" alt=\"\" width=\"162\" height=\"162\" srcset=\"https:\/\/agora.xtec.cat\/cfamontserratroig\/wp-content\/uploads\/usu2436\/2022\/11\/descarga.png 225w, https:\/\/agora.xtec.cat\/cfamontserratroig\/wp-content\/uploads\/usu2436\/2022\/11\/descarga-150x150.png 150w\" sizes=\"auto, (max-width: 162px) 100vw, 162px\" \/><\/td>\n<td style=\"width: 84.8078%; height: 128px;\">Informaci\u00f3 a persones interessades en els nostres estudis:<\/p>\n<ul>\n<li style=\"list-style-type: none;\">\n<ul>\n<li>per correu electr\u00f2nic o tel\u00e8fon, a l&#8217;adre\u00e7a o n\u00famero que l&#8217;interessat ha deixat en el moment de fer la demanda.<\/li>\n<li>a trav\u00e9s del formulari <em><a href=\"https:\/\/agora.xtec.cat\/cfamontserratroig\/formulari\/\" target=\"_blank\" rel=\"noopener\">Com podem ajudarte?<\/a>, <\/em>accesible des de la p\u00e0gina principal de la nostra web.<\/li>\n<\/ul>\n<\/li>\n<\/ul>\n<\/td>\n<\/tr>\n<tr style=\"height: 145px;\">\n<td style=\"width: 15.1922%; height: 145px;\"><img loading=\"lazy\" decoding=\"async\" class=\"alignnone size-full wp-image-1973\" style=\"background-color: #ffffff;\" src=\"https:\/\/agora.xtec.cat\/cfamontserratroig\/wp-content\/uploads\/usu2436\/2022\/11\/Indizea.png\" alt=\"\" width=\"284\" height=\"177\" \/><\/td>\n<td style=\"width: 84.8078%; height: 145px;\">A fi de difondre les bones pr\u00e0ctiques que es duen a terme al centre, el centre disposa de comptes a les xarxes socials <a href=\"https:\/\/twitter.com\/CFAMontserratR?ref_src=twsrc%5Egoogle%7Ctwcamp%5Eserp%7Ctwgr%5Eauthor\" target=\"_blank\" rel=\"noopener\">Twitter<\/a>, <a href=\"https:\/\/www.instagram.com\/cfa_montserrat_roig\/\" target=\"_blank\" rel=\"noopener\">Instagram<\/a> i <a href=\"https:\/\/www.facebook.com\/CFAMontserratRoig\/\" target=\"_blank\" rel=\"noopener\">Facebook<\/a><\/td>\n<\/tr>\n<\/tbody>\n<\/table>\n","protected":false},"excerpt":{"rendered":"<p>Aquests s\u00f3n els recursos de qu\u00e8 disposa el centre i que permeten mantenir una comunicaci\u00f3 flu\u00efda amb la comunitat educativa:<\/p>\n<p>El centre disposa d&#8217;una web amb la informaci\u00f3 p\u00fablica. S&#8217;hi poden trobar informacions est\u00e0tiques, que es revisen peri\u00f2dicament (documentaci\u00f3, claustre, dates del curs, etc.) i articles&hellip;  <a href=\"https:\/\/agora.xtec.cat\/cfamontserratroig\/estrategia-digital-de-centre\/cultura-digital\/comunicacio\/\" title=\"Read Comunicaci\u00f3\">Llegeix m\u00e9s\u00bb<\/a><\/p>\n","protected":false},"author":1,"featured_media":0,"parent":1844,"menu_order":0,"comment_status":"closed","ping_status":"closed","template":"page-templates\/side-menu.php","meta":{"_bbp_topic_count":0,"_bbp_reply_count":0,"_bbp_total_topic_count":0,"_bbp_total_reply_count":0,"_bbp_voice_count":0,"_bbp_anonymous_reply_count":0,"_bbp_topic_count_hidden":0,"_bbp_reply_count_hidden":0,"_bbp_forum_subforum_count":0,"footnotes":""},"class_list":["post-1896","page","type-page","status-publish","hentry"],"post_mailing_queue_ids":[],"_links":{"self":[{"href":"https:\/\/agora.xtec.cat\/cfamontserratroig\/wp-json\/wp\/v2\/pages\/1896","targetHints":{"allow":["GET"]}}],"collection":[{"href":"https:\/\/agora.xtec.cat\/cfamontserratroig\/wp-json\/wp\/v2\/pages"}],"about":[{"href":"https:\/\/agora.xtec.cat\/cfamontserratroig\/wp-json\/wp\/v2\/types\/page"}],"author":[{"embeddable":true,"href":"https:\/\/agora.xtec.cat\/cfamontserratroig\/wp-json\/wp\/v2\/users\/1"}],"replies":[{"embeddable":true,"href":"https:\/\/agora.xtec.cat\/cfamontserratroig\/wp-json\/wp\/v2\/comments?post=1896"}],"version-history":[{"count":3,"href":"https:\/\/agora.xtec.cat\/cfamontserratroig\/wp-json\/wp\/v2\/pages\/1896\/revisions"}],"predecessor-version":[{"id":1978,"href":"https:\/\/agora.xtec.cat\/cfamontserratroig\/wp-json\/wp\/v2\/pages\/1896\/revisions\/1978"}],"up":[{"embeddable":true,"href":"https:\/\/agora.xtec.cat\/cfamontserratroig\/wp-json\/wp\/v2\/pages\/1844"}],"wp:attachment":[{"href":"https:\/\/agora.xtec.cat\/cfamontserratroig\/wp-json\/wp\/v2\/media?parent=1896"}],"curies":[{"name":"wp","href":"https:\/\/api.w.org\/{rel}","templated":true}]}}