{"id":1894,"date":"2022-11-19T10:05:33","date_gmt":"2022-11-19T09:05:33","guid":{"rendered":"https:\/\/agora.xtec.cat\/cfamontserratroig\/?page_id=1894"},"modified":"2022-11-19T20:40:45","modified_gmt":"2022-11-19T19:40:45","slug":"usuaris-de-centre","status":"publish","type":"page","link":"https:\/\/agora.xtec.cat\/cfamontserratroig\/estrategia-digital-de-centre\/cultura-digital\/usuaris-de-centre\/","title":{"rendered":"Usuaris de centre"},"content":{"rendered":"<h4>Gesti\u00f3 dels usuaris de Google Suite<\/h4>\n<p class=\"CDt4Ke zfr3Q\" dir=\"ltr\">Tots els docents i els alumnes de GES disposen del seu usuari @cfamontserratroig.cat. Aquest usuari \u00e9s personal i intransferible. Resta pendent d&#8217;elaboraci\u00f3 un document per a la gesti\u00f3 d&#8217;aquests usuaris.<\/p>\n<hr \/>\n<h4>Gesti\u00f3 dels usuaris de Moodle<\/h4>\n<p>Tots els docents del centre disposen d&#8217;un compte d&#8217;usuari al Moodle del centre, a l&#8217;igual que els alumnes de COMPETIC, Llengua Anglesa, Llengua Catalana i Llengua Catalana. A comen\u00e7ament de curs als alumnes se&#8217;ls proporciona:<\/p>\n<ul>\n<li style=\"list-style-type: none;\">\n<ul>\n<li>un <a href=\"https:\/\/docs.google.com\/document\/d\/1fa-QYAiY7jkhygqCYtrGUb-7lnJ2j9HG\/edit?usp=sharing&amp;ouid=110416827870678570246&amp;rtpof=true&amp;sd=true\" target=\"_blank\" rel=\"noopener\">document<\/a> on s&#8217;especifiquen els passos a seguir per tal de crear-se un compte d&#8217;usuari en aquest entorn. (Vegeu Instruccions per accedir al curs Moodle)<\/li>\n<li>un <a href=\"https:\/\/docs.google.com\/document\/d\/1gH7OUY9derClQSzuvT15YdYRM_dC1YfO\/edit?usp=sharing&amp;ouid=110416827870678570246&amp;rtpof=true&amp;sd=true\" target=\"_blank\" rel=\"noopener\">document<\/a> per a descarregar-se l&#8217;app EIX Entorns virtuals d&#8217;aprenetatge<\/li>\n<\/ul>\n<\/li>\n<\/ul>\n<p>Resta pendent d&#8217;elaboraci\u00f3 un document on s&#8217;especifiqui la gesti\u00f3 des del centre de tots aquests usuaris.<\/p>\n<hr \/>\n<h4>Acollida digital del personal del centre (docents i PAS) i de l&#8217;alumnat<\/h4>\n<p>L\u2019acolliment digital de l&#8217;alumnat i professorat ha estat des del curs 19-20, una de les prioritats de l\u2019escola. A comen\u00e7aments de cada curs hem tingut en compte tant en els claustres com a la setmana zero que organitzem amb el nostre alumnat el trasp\u00e0s d&#8217;infromaci\u00f3 relacionada amb les plataformes EVA del centre, la unitat compartida al Drive, el calendari del centre, la creaci\u00f3 d&#8217;usuaris&#8230; Tanmateix, arrel de la redacci\u00f3 d&#8217;aquest document, pensem que cal acordar i redactar els protocols que el centre posar\u00e0 en marxa per garantir la rebuda digital d\u2019alumnat\u00a0 de nou ingr\u00e9s a l\u2019escola, i la del professorat que s\u2019incorpora per primer cop. Aquests protocols inclouran aspectes relacionats amb:<\/p>\n<ul>\n<li style=\"list-style-type: none;\">\n<ul>\n<li>la gesti\u00f3 de la rebuda digital d\u2019alumnat i professorat<\/li>\n<li>la informaci\u00f3 sobre els serveis digitals que l\u2019escola ofereix<\/li>\n<li>les normatives d\u2019\u00fas dels dispositius digitals<\/li>\n<li>la gesti\u00f3 de la comunicaci\u00f3<\/li>\n<li>tot all\u00f2 que contribueixi al seguiment de l\u2019evoluci\u00f3 acad\u00e8mica del nostre alumnat.<\/li>\n<\/ul>\n<\/li>\n<\/ul>\n<hr \/>\n<p>&nbsp;<\/p>\n","protected":false},"excerpt":{"rendered":"<p>Gesti\u00f3 dels usuaris de Google Suite<br \/>\nTots els docents i els alumnes de GES disposen del seu usuari @cfamontserratroig.cat. Aquest usuari \u00e9s personal i intransferible. Resta pendent d&#8217;elaboraci\u00f3 un document per a la gesti\u00f3 d&#8217;aquests usuaris.<\/p>\n<p>Gesti\u00f3 dels usuaris de Moodle<br \/>\nTots els docents del centre disposen d&#8217;un&hellip;  <a href=\"https:\/\/agora.xtec.cat\/cfamontserratroig\/estrategia-digital-de-centre\/cultura-digital\/usuaris-de-centre\/\" title=\"Read Usuaris de centre\">Llegeix m\u00e9s\u00bb<\/a><\/p>\n","protected":false},"author":1,"featured_media":0,"parent":1844,"menu_order":0,"comment_status":"closed","ping_status":"closed","template":"page-templates\/side-menu.php","meta":{"_bbp_topic_count":0,"_bbp_reply_count":0,"_bbp_total_topic_count":0,"_bbp_total_reply_count":0,"_bbp_voice_count":0,"_bbp_anonymous_reply_count":0,"_bbp_topic_count_hidden":0,"_bbp_reply_count_hidden":0,"_bbp_forum_subforum_count":0,"footnotes":""},"class_list":["post-1894","page","type-page","status-publish","hentry"],"post_mailing_queue_ids":[],"_links":{"self":[{"href":"https:\/\/agora.xtec.cat\/cfamontserratroig\/wp-json\/wp\/v2\/pages\/1894","targetHints":{"allow":["GET"]}}],"collection":[{"href":"https:\/\/agora.xtec.cat\/cfamontserratroig\/wp-json\/wp\/v2\/pages"}],"about":[{"href":"https:\/\/agora.xtec.cat\/cfamontserratroig\/wp-json\/wp\/v2\/types\/page"}],"author":[{"embeddable":true,"href":"https:\/\/agora.xtec.cat\/cfamontserratroig\/wp-json\/wp\/v2\/users\/1"}],"replies":[{"embeddable":true,"href":"https:\/\/agora.xtec.cat\/cfamontserratroig\/wp-json\/wp\/v2\/comments?post=1894"}],"version-history":[{"count":4,"href":"https:\/\/agora.xtec.cat\/cfamontserratroig\/wp-json\/wp\/v2\/pages\/1894\/revisions"}],"predecessor-version":[{"id":2000,"href":"https:\/\/agora.xtec.cat\/cfamontserratroig\/wp-json\/wp\/v2\/pages\/1894\/revisions\/2000"}],"up":[{"embeddable":true,"href":"https:\/\/agora.xtec.cat\/cfamontserratroig\/wp-json\/wp\/v2\/pages\/1844"}],"wp:attachment":[{"href":"https:\/\/agora.xtec.cat\/cfamontserratroig\/wp-json\/wp\/v2\/media?parent=1894"}],"curies":[{"name":"wp","href":"https:\/\/api.w.org\/{rel}","templated":true}]}}