{"id":312,"date":"2015-01-28T11:32:38","date_gmt":"2015-01-28T10:32:38","guid":{"rendered":"http:\/\/agora.xtec.cat\/cfamollet\/?page_id=312"},"modified":"2025-09-04T15:54:41","modified_gmt":"2025-09-04T13:54:41","slug":"llengua-anglesa","status":"publish","type":"page","link":"https:\/\/agora.xtec.cat\/cfamollet\/ensenyaments\/ensenyaments-transprofessionals\/llengua-anglesa\/","title":{"rendered":"Llengua Anglesa"},"content":{"rendered":"<ul>\n<li><a href=\"https:\/\/agora.xtec.cat\/cfamollet\/ensenyaments\/ensenyaments-transprofessionals\/llengua-anglesa\/#NIVELLS\">Nivells<\/a><\/li>\n<li><a href=\"https:\/\/agora.xtec.cat\/cfamollet\/ensenyaments\/ensenyaments-transprofessionals\/llengua-anglesa\/#DURADA\">Durada<\/a><\/li>\n<li><a href=\"https:\/\/agora.xtec.cat\/cfamollet\/ensenyaments\/ensenyaments-transprofessionals\/llengua-anglesa\/#ORGANITZACIO\">Organitzaci\u00f3<\/a><\/li>\n<li><a href=\"https:\/\/agora.xtec.cat\/cfamollet\/ensenyaments\/ensenyaments-transprofessionals\/llengua-anglesa\/#CURRICULUM\">Curr\u00edculum<\/a><\/li>\n<li><a href=\"https:\/\/agora.xtec.cat\/cfamollet\/ensenyaments\/ensenyaments-transprofessionals\/llengua-anglesa\/#RECURSOS\">Recursos<\/a><\/li>\n<li><a href=\"https:\/\/agora.xtec.cat\/cfamollet\/ensenyaments\/ensenyaments-transprofessionals\/llengua-anglesa\/#AVALUACIO\">Avaluaci\u00f3<\/a><\/li>\n<li><a href=\"https:\/\/agora.xtec.cat\/cfamollet\/ensenyaments\/ensenyaments-transprofessionals\/llengua-anglesa\/#PROMOCIO\">Promoci\u00f3 de curs i\/o obtenci\u00f3 de certificaci\u00f3<\/a><\/li>\n<\/ul>\n<p>&nbsp;<\/p>\n<h1 id=\"NIVELLS\">NIVELLS<\/h1>\n<p>Aquests estudis tenen com a objectiu que les persones adultes assoleixin un grau de compet\u00e8ncia b\u00e0sic per a comunicar-se en llengua anglesa.<\/p>\n<p>Poden accedir a aquests estudis totes les persones que tenen m\u00e9s de 18 anys o b\u00e9 els compleixen durant l&#8217;any natural en qu\u00e8 inicien la formaci\u00f3.<\/p>\n<p>S\u2019imparteixen en tres nivells:<\/p>\n<ul>\n<li>Llengua anglesa, nivells 1, 2 i 3, que corresponen als nivells A1, A2.1 i A2.2 del MECR (Marc europeu com\u00fa de refer\u00e8ncia per a les lleng\u00fces).<\/li>\n<li>En els tres nivells es treballen les habilitats de comprensi\u00f3 i expressi\u00f3 orals i escrites que permeten fer front a la major part de situacions ling\u00fc\u00edstiques de la vida quotidiana i comunicar-se de forma b\u00e0sica en un entorn pluriling\u00fce i multicultural.<\/li>\n<\/ul>\n<p>Al CFA Mollet hi ha 4 nivells o cursos d\u2019angl\u00e8s al nostre centre; Es comen\u00e7a amb un angl\u00e8s\u00a0 Iniclal, despr\u00e9s un\u00a0 curs que es doblega en dos anys, Funcional\u00a0 1 i Funcional 2\u00a0 i finalment un tercer curs, Funcional 3. Al acabari\u00a0 aprovat l\u2019angl\u00e8s F3 (amb una prova emesa pel\u00a0 Departament), s\u2019aconsegueix un nivell d\u2019Angl\u00e8s B\u00e0sic segons el Marc Europeu\u00a0 Com\u00fa de Refer\u00e8ncia (MERC).<\/p>\n<p>NIVELL ANGL\u00c9S 1<\/p>\n<p>NIVELL ANGL\u00c9S 2 F1<\/p>\n<p>NIVELL ANGL\u00c9S 2 F2<\/p>\n<p>NIVELL ANGL\u00c9S 3<\/p>\n<p>&nbsp;<\/p>\n<h1 id=\"DURADA\">DURADA<\/h1>\n<p>Els cursos d&#8217;ANGL\u00c8S TEnen una durada anual. Comencen a finals de setembre i acaben a mitjans de juny:<\/p>\n<ul>\n<li>ANGL\u00c8S 1: 105h (3 hores setmanals)<\/li>\n<li>ANGL\u00c9S 2 F1: 140h (4 hores setmanals)<\/li>\n<li>ANGL\u00c9S 2 F2: 140h (4 hores setmanals)<\/li>\n<li>ANGL\u00c9S 3: 140h (4 hores setmanals)<\/li>\n<\/ul>\n<p>&nbsp;<\/p>\n<h1 id=\"ORGANITZACIO\">ORGANITZACI\u00d3<\/h1>\n<p>Per cursar un determinat nivell s&#8217;ha d&#8217;haver superat el nivell immediatament anterior de la mateixa llengua o b\u00e9 superar una prova inicial de nivell que es realitza en el mateix centre, que permeti acreditar el nivell adequat de l&#8217;alumne.<\/p>\n<p>Per cursar aquests ensenyaments amb \u00e8xit cal participar d&#8217;un proc\u00e9s d&#8217;informaci\u00f3 i orientaci\u00f3 que ha d&#8217;evidenciar les compet\u00e8ncies i els coneixements de la persona.<\/p>\n<p>&nbsp;<\/p>\n<h1 id=\"CURRICULUM\">CURR\u00cdCULUM<\/h1>\n<p>Els tres nivells en qu\u00e8 s&#8217;estructura aquest curr\u00edculum s\u00f3n consecutius i d&#8217;adquisici\u00f3 gradual. D&#8217;aquesta manera, el nivell 1 t\u00e9 per finalitat iniciar l&#8217;aprenentatge de la llengua estrangera. En el nivell 2 i 3, la finalitat \u00e9s que l&#8217;aprenent sigui capa\u00e7 de comunicar-se en la nova llengua amb certa flu\u00efdesa per fer front a situacions quotidianes i satisfer necessitats b\u00e0siques, aix\u00ed com ser capa\u00e7 de comunicar-se de forma b\u00e0sica en un entorn pluriling\u00fce i multicultural.<\/p>\n<p>Consulta en aquest enlla\u00e7 el<a href=\"https:\/\/dogc.gencat.cat\/ca\/pdogc_canals_interns\/pdogc_resultats_fitxa\/?action=fitxa&amp;mode=single&amp;documentId=821281&amp;language=ca_ES\"> curr\u00edculum<\/a> oficial dels ensenyaments en llengua anglesa<\/p>\n<p>&nbsp;<\/p>\n<h1 id=\"RECURSOS\">RECURSOS<\/h1>\n<p>Al CFA Mollet utilitzem els llibres English File de la Universitat d\u2019Oxford<\/p>\n<p>&nbsp;<\/p>\n<h1 id=\"AVALUACIO\">AVALUACI\u00d3<\/h1>\n<p>L&#8217;avaluaci\u00f3 permet valorar si l&#8217;aprenent ha adquirit les compet\u00e8ncies, els objectius d&#8217;aprenentatge, els continguts i les actituds assenyalats al curr\u00edculum per assolir els nivells exigits. S&#8217;avalua l&#8217;adquisici\u00f3 dels objectius i compet\u00e8ncies de l&#8217;alumnat durant tot el proc\u00e9s d&#8217;aprenentatge, no nom\u00e9s al final (avaluaci\u00f3 cont\u00ednua) que facilitin a l&#8217;alumne l&#8217;assimilaci\u00f3 i el desenvolupament progressiu dels objectius d&#8217;aprenentatge, les compet\u00e8ncies i els continguts, d&#8217;acord amb els criteris d&#8217;avaluaci\u00f3 establerts a l&#8217;annex 1 d&#8217;aquesta resoluci\u00f3.<\/p>\n<p>L\u2019avaluaci\u00f3 dels cursos Angl\u00e8s inicial, Angl\u00e8s F1, Angl\u00e8s F2 es basa en avaluaci\u00f3 continuada amb els ex\u00e0mens d\u2019unitat fet ja pels \u00a0llibres de \u201cFace to Face\u201d de Cambridge University. \u00a0Es t\u00e9 en compte les quatre compet\u00e8ncies b\u00e0siques de manera\u00a0 equiponderada al 20%; Listening, Speaking, Reading and use of English. Promocionen els alumnes que obtenen una puntuaci\u00f3 igual o superior a un 6 en el conjunt de les habilitats.<\/p>\n<p>La qualificaci\u00f3 obtinguda en l&#8217;avaluaci\u00f3 cont\u00ednua dels nivells ANGL\u00c8S 1 i ANGL\u00c8S 2 valorar\u00e0 els ex\u00e0mens d\u2019unitat fet ja pels \u00a0llibres de \u201cEnglish File\u201d d&#8217;Oxford i ser\u00e0: <i>Apte\/a \u2013 No Apte\/a<\/i>. Aquesta qualificaci\u00f3 ser\u00e0 global de tot el curs, tenint en compte totes les compet\u00e8ncies (comprensi\u00f3 i expressi\u00f3 escrita, comprensi\u00f3, expressi\u00f3 i interacci\u00f3 oral i compet\u00e8ncia gramatical). Seran positives les qualificacions iguals o superiors a 5.<\/p>\n<div>\n<p>L&#8217;avaluaci\u00f3 global del nivell 3 dels ensenyaments de lleng\u00fces estrangeres est\u00e0 constitu\u00efda per dues parts:<\/p>\n<ul>\n<li><strong>Avaluaci\u00f3 cont\u00ednua:<\/strong> La qualificaci\u00f3 obtinguda en l&#8217;avaluaci\u00f3 cont\u00ednua del nivell 3 ser\u00e0 de 0 a 10 punts, amb dos decimals. Aquesta qualificaci\u00f3 ser\u00e0 global de tot el curs tenint en compte totes les compet\u00e8ncies (comprensi\u00f3 i expressi\u00f3 escrita; comprensi\u00f3, expressi\u00f3 i interacci\u00f3 oral; i compet\u00e8ncia gramatical). Seran positives les qualificacions iguals o superiors a 5. Aquesta nota tindr\u00e0 un valor del 60% del valor de la nota global.<\/li>\n<li><strong>Prova de certificaci\u00f3 final: <\/strong>El Departament dissenyar\u00e0 i fixar\u00e0 els criteris de correcci\u00f3 d&#8217;una prova de certificaci\u00f3 final per al nivell 3 que ser\u00e0 implementada i avaluada pel professorat del mateix centre\/aula. La prova ser\u00e0 contextualitzada i permetr\u00e0 evidenciar el domini que t\u00e9 la persona de les compet\u00e8ncies ling\u00fc\u00edstiques del nivell b\u00e0sic d&#8217;angl\u00e8s i haur\u00e0 de realitzar-se en unes dates i temps determinats. Aquesta prova ser\u00e0 important, per\u00f2 no determinant en l&#8217;avaluaci\u00f3 global. La prova s&#8217;ha de realitzar presencialment en el centre, en les dates que es determinin. L&#8217;alumne obtindr\u00e0 a la prova una nota d&#8217;entre 0 i 10 punts, amb dos decimals. Seran positives les qualificacions iguals o superiors a 6. Aquesta nota tindr\u00e0 un valor del 40% del valor de la nota global.<\/li>\n<\/ul>\n<\/div>\n<div>\n<p>La nota global\/final ser\u00e0 num\u00e8rica. Aquesta nota s&#8217;obt\u00e9 aplicant la f\u00f3rmula seg\u00fcent:<\/p>\n<p>Nota global\/final = (Nota avaluaci\u00f3 cont\u00ednua x 60 + Nota prova final x 40) \/ 100<\/p>\n<p>Per obtenir la qualificaci\u00f3 d&#8217;apte\/a cal que la nota global sigui igual o superior a 6,5.<\/p>\n<p>La qualificaci\u00f3 final ser\u00e0 <i>Apte\/a<\/i> o <i>No apte\/a<\/i>.<\/p>\n<p>&nbsp;<\/p>\n<h1 id=\"PROMOCIO\">PROMOCI\u00d3 DE CURS I OBTENCI\u00d3 DE CERTIFICAT<\/h1>\n<p>La superaci\u00f3 del curs ANGL\u00c8S 3 permet l&#8217;obtenci\u00f3 del certificat A2.2 (nivell b\u00e0sic) segons el <b>Marc Com\u00fa Europeu de Refer\u00e8ncia per a les lleng\u00fces<\/b> (MCRL)<\/p>\n<p>&nbsp;<\/p>\n<\/div>\n<h1 id=\"NORMATIVA\">NORMATIVA<\/h1>\n<ul>\n<li class=\"FW_sInlineImagNoti FW_sInlineRelArticle\"><a class=\"FW_titBullet FW_sLinkNegreta\" title=\"Aquest enlla\u00e7 s'obre en una nova pestanya: Resoluci\u00f3 ENS\/1403\/2018, de 21 de juny,\" href=\"http:\/\/dogc.gencat.cat\/ca\/pdogc_canals_interns\/pdogc_resultats_fitxa\/?action=fitxa&amp;mode=single&amp;documentId=821281&amp;language=ca_ES\" target=\"_blank\" rel=\"noopener noreferrer\">Resoluci\u00f3 ENS\/1403\/2018, de 21 de juny,<\/a> per la qual s&#8217;estableix el curr\u00edculum de lleng\u00fces estrangeres als centres de formaci\u00f3 d&#8217;adults del Departament d&#8217;Ensenyament (DOGC n\u00fam. 7652, de 28.6.2018)<\/li>\n<\/ul>\n<p>&nbsp;<\/p>\n<h1 id=\"HORARIS\"><\/h1>\n<p>&nbsp;<\/p>\n<p>&nbsp;<\/p>\n<p>&nbsp;<\/p>\n<h1 id=\"NIVELLS\">CONTACTE<\/h1>\n<table style=\"width: 75.349%;\">\n<tbody>\n<tr>\n<td><strong>ENSENYAMENT<\/strong><\/td>\n<td><strong>COORDINADOR<\/strong><\/td>\n<td><strong>Adre\u00e7a electr\u00f2nica<\/strong><\/td>\n<\/tr>\n<tr>\n<td>ANGL\u00c8S<\/td>\n<td>\u00c0lex Carretero<\/td>\n<td>anglescfamollet@gmail.com<\/td>\n<\/tr>\n<\/tbody>\n<\/table>\n<p>&nbsp;<\/p>\n<p>&nbsp;<\/p>\n","protected":false},"excerpt":{"rendered":"<ul>\n<li><a href=\"https:\/\/agora.xtec.cat\/cfamollet\/ensenyaments\/ensenyaments-transprofessionals\/llengua-anglesa\/#NIVELLS\">Nivells<\/a><\/li>\n<li><a href=\"https:\/\/agora.xtec.cat\/cfamollet\/ensenyaments\/ensenyaments-transprofessionals\/llengua-anglesa\/#DURADA\">Durada<\/a><\/li>\n<li><a href=\"https:\/\/agora.xtec.cat\/cfamollet\/ensenyaments\/ensenyaments-transprofessionals\/llengua-anglesa\/#ORGANITZACIO\">Organitzaci\u00f3<\/a><\/li>\n<li><a href=\"https:\/\/agora.xtec.cat\/cfamollet\/ensenyaments\/ensenyaments-transprofessionals\/llengua-anglesa\/#CURRICULUM\">Curr\u00edculum<\/a><\/li>\n<li><a href=\"https:\/\/agora.xtec.cat\/cfamollet\/ensenyaments\/ensenyaments-transprofessionals\/llengua-anglesa\/#RECURSOS\">Recursos<\/a><\/li>\n<li><a href=\"https:\/\/agora.xtec.cat\/cfamollet\/ensenyaments\/ensenyaments-transprofessionals\/llengua-anglesa\/#AVALUACIO\">Avaluaci\u00f3<\/a><\/li>\n<li><a href=\"https:\/\/agora.xtec.cat\/cfamollet\/ensenyaments\/ensenyaments-transprofessionals\/llengua-anglesa\/#PROMOCIO\">Promoci\u00f3 de curs i\/o obtenci\u00f3 de certificaci\u00f3<\/a><\/li>\n<\/ul>\n<p>&nbsp;<br \/>\nNIVELLS<br \/>\nAquests estudis tenen com a objectiu que les persones adultes assoleixin un grau de compet\u00e8ncia b\u00e0sic per a comunicar-se en llengua anglesa.<br \/>\nPoden accedir a aquests estudis totes les persones que tenen m\u00e9s&hellip;  <a href=\"https:\/\/agora.xtec.cat\/cfamollet\/ensenyaments\/ensenyaments-transprofessionals\/llengua-anglesa\/\" title=\"Read Llengua Anglesa\">Llegeix m\u00e9s\u00bb<\/a><\/p>\n","protected":false},"author":1,"featured_media":0,"parent":286,"menu_order":0,"comment_status":"closed","ping_status":"closed","template":"page-templates\/side-menu.php","meta":{"_bbp_topic_count":0,"_bbp_reply_count":0,"_bbp_total_topic_count":0,"_bbp_total_reply_count":0,"_bbp_voice_count":0,"_bbp_anonymous_reply_count":0,"_bbp_topic_count_hidden":0,"_bbp_reply_count_hidden":0,"_bbp_forum_subforum_count":0,"footnotes":""},"class_list":["post-312","page","type-page","status-publish","hentry"],"post_mailing_queue_ids":[],"_links":{"self":[{"href":"https:\/\/agora.xtec.cat\/cfamollet\/wp-json\/wp\/v2\/pages\/312","targetHints":{"allow":["GET"]}}],"collection":[{"href":"https:\/\/agora.xtec.cat\/cfamollet\/wp-json\/wp\/v2\/pages"}],"about":[{"href":"https:\/\/agora.xtec.cat\/cfamollet\/wp-json\/wp\/v2\/types\/page"}],"author":[{"embeddable":true,"href":"https:\/\/agora.xtec.cat\/cfamollet\/wp-json\/wp\/v2\/users\/1"}],"replies":[{"embeddable":true,"href":"https:\/\/agora.xtec.cat\/cfamollet\/wp-json\/wp\/v2\/comments?post=312"}],"version-history":[{"count":7,"href":"https:\/\/agora.xtec.cat\/cfamollet\/wp-json\/wp\/v2\/pages\/312\/revisions"}],"predecessor-version":[{"id":3896,"href":"https:\/\/agora.xtec.cat\/cfamollet\/wp-json\/wp\/v2\/pages\/312\/revisions\/3896"}],"up":[{"embeddable":true,"href":"https:\/\/agora.xtec.cat\/cfamollet\/wp-json\/wp\/v2\/pages\/286"}],"wp:attachment":[{"href":"https:\/\/agora.xtec.cat\/cfamollet\/wp-json\/wp\/v2\/media?parent=312"}],"curies":[{"name":"wp","href":"https:\/\/api.w.org\/{rel}","templated":true}]}}