{"id":288,"date":"2015-01-28T11:08:02","date_gmt":"2015-01-28T10:08:02","guid":{"rendered":"http:\/\/agora.xtec.cat\/cfamollet\/?page_id=288"},"modified":"2025-09-18T10:28:44","modified_gmt":"2025-09-18T08:28:44","slug":"ensenyaments-per-a-la-preparacio-de-proves-dacces","status":"publish","type":"page","link":"https:\/\/agora.xtec.cat\/cfamollet\/ensenyaments\/ensenyaments-per-a-la-preparacio-de-proves-dacces\/","title":{"rendered":"Preparaci\u00f3 de proves d&#8217;acc\u00e9s"},"content":{"rendered":"<p style=\"text-align: left;\">El curs de preparaci\u00f3 a la prova d&#8217;acc\u00e9s a la Universitat i a Grau Superior, va dirigit a tot aquell alumnat que compleixi els requisits oficials per presentar-se a la prova d&#8217;acc\u00e9s.<\/p>\n<p>&nbsp;<\/p>\n<p><a href=\"https:\/\/agora.xtec.cat\/cfamollet\/ensenyaments\/ensenyaments-per-a-la-preparacio-de-proves-dacces\/a-cicles-formatius-de-grau-superior\/\">Preparaci\u00f3 Prova Acc\u00e9s Grau Superior (PPAGS)<\/a><\/p>\n<p><a href=\"https:\/\/agora.xtec.cat\/cfamollet\/ensenyaments\/ensenyaments-per-a-la-preparacio-de-proves-dacces\/a-la-universitat-per-a-majors-de-25-anys\/\">Preparaci\u00f3 Prova Acc\u00e9s Universitat (PPAU +25 i 45)<\/a><\/p>\n<p>Contacte:<\/p>\n<table style=\"width: 60.6806%;\">\n<tbody>\n<tr>\n<td style=\"width: 31.6327%;\"><strong>ENSENYAMENT<\/strong><\/td>\n<td style=\"width: 29.6044%;\"><strong>COORDINADOR\/A<\/strong><\/td>\n<td style=\"width: 36.9262%;\"><strong>Adre\u00e7a electr\u00f2nica<\/strong><\/td>\n<\/tr>\n<tr>\n<td style=\"width: 31.6327%;\">PROVES ACC\u00c9S GRAU SUPERIOR I UNIVERSITAT &gt;25 I 45<\/td>\n<td style=\"width: 29.6044%;\">Yolanda Rodr\u00edguez<\/td>\n<td style=\"width: 36.9262%;\">provescfamollet@gmail.com<\/td>\n<\/tr>\n<\/tbody>\n<\/table>\n<p>&nbsp;<\/p>\n<p><strong>WEBS I V\u00cdDEOS D&#8217; INTER\u00c8S<\/strong><\/p>\n<p>PROVA ACC\u00c9S GRAU SUPERIOR<\/p>\n<p>Al web <a href=\"https:\/\/triaeducativa.gencat.cat\/ca\/inici\">Tria educativa<\/a> trobareu els instituts de Formaci\u00f3 Professional o Cicles Formatius de Grau Superior que us interessin, els temaris dels ensenyaments, aix\u00ed com el contacte. Recomanem que truqueu als centres per con\u00e8ixer la nota de tall aproximada per la via de prova d&#8217;acc\u00e9s. En aquest tutorial explica els passos a seguir per trobar el contacte dels centres, aix\u00ed com els temaris dels ensenyaments.<\/p>\n<p><a href=\"https:\/\/triaeducativa.gencat.cat\/ca\/proves\/proves-acces\/fp\/fp-gs\/temari\/\">Temaris Prova Acc\u00e9s Grau Superior<\/a><\/p>\n<p><a href=\"https:\/\/www.educaweb.cat\/continguts\/educatius\/formacio-professional-fp\/notes-tall-formacio-professional\/\">Notes de tall Formaci\u00f3 professional<\/a><\/p>\n<p><iframe loading=\"lazy\" title=\"Qu\u00e8 estudiar a Catalunya   V\u00eddeo tutorial 1\" width=\"500\" height=\"281\" src=\"https:\/\/www.youtube.com\/embed\/FU7gSKZpPAc?feature=oembed\" frameborder=\"0\" allow=\"accelerometer; autoplay; clipboard-write; encrypted-media; gyroscope; picture-in-picture; web-share\" referrerpolicy=\"strict-origin-when-cross-origin\" allowfullscreen><\/iframe><\/p>\n<p>PROVA ACC\u00c9S A LA UNIVERSITAT +25 I +45<\/p>\n<p>Al web <a href=\"https:\/\/universitats.gencat.cat\/ca\/inici\">Canal Universitats<\/a> trobareu els graus universitaris que us interessin, aix\u00ed com els temaris i les notes de tall.<\/p>\n<p><a href=\"https:\/\/universitats.gencat.cat\/ca\/acces-universitat\/acces-segons-perfils-estudiants\/tinc-mes-25-anys\/\">Tinc m\u00e9s de 25 anys. Canal Universitats (gencat.cat)<\/a><\/p>\n<p><a href=\"https:\/\/universitats.gencat.cat\/ca\/proves-majors\/25-anys\/temaris-estructura\/index.html\">Temaris Prova Acc\u00e9s Universitat +25 +45<\/a><\/p>\n<p><a href=\"https:\/\/xelu.net\/html\/materials\/materials_fitxa.php?idioma=catala&amp;materials_ID=27\">Models ex\u00e0mens anys anteriors<\/a><\/p>\n<p><a href=\"https:\/\/www.educaweb.com\/notas-corte\/grados\/cataluna\/\">Notes de tall per a majors de 25<\/a><\/p>\n<p><a href=\"https:\/\/universitats.gencat.cat\/web\/.content\/01_acces_i_admissio\/preinscripcions\/documentacio\/Notes_i_places\/Notes-de-tall-via-MES-GRANS-45-ANYS_2019_2023.pdf\">Notes de tall majors de 45<\/a><\/p>\n<p><iframe loading=\"lazy\" title=\"Com fer el tr\u00e0mit de preinscripci\u00f3 a CFGS\" width=\"500\" height=\"281\" src=\"https:\/\/www.youtube.com\/embed\/uOjNF_uDn84?feature=oembed\" frameborder=\"0\" allow=\"accelerometer; autoplay; clipboard-write; encrypted-media; gyroscope; picture-in-picture; web-share\" referrerpolicy=\"strict-origin-when-cross-origin\" allowfullscreen><\/iframe><\/p>\n<p>&nbsp;<\/p>\n","protected":false},"excerpt":{"rendered":"<p>El curs de preparaci\u00f3 a la prova d&#8217;acc\u00e9s a la Universitat i a Grau Superior, va dirigit a tot aquell alumnat que compleixi els requisits oficials per presentar-se a la prova d&#8217;acc\u00e9s.<br \/>\n&nbsp;<br \/>\n<a href=\"https:\/\/agora.xtec.cat\/cfamollet\/ensenyaments\/ensenyaments-per-a-la-preparacio-de-proves-dacces\/a-cicles-formatius-de-grau-superior\/\">Preparaci\u00f3 Prova Acc\u00e9s Grau Superior (PPAGS)<\/a><br \/>\n<a href=\"https:\/\/agora.xtec.cat\/cfamollet\/ensenyaments\/ensenyaments-per-a-la-preparacio-de-proves-dacces\/a-la-universitat-per-a-majors-de-25-anys\/\">Preparaci\u00f3 Prova Acc\u00e9s Universitat (PPAU +25 i&hellip;  <a href=\"https:\/\/agora.xtec.cat\/cfamollet\/ensenyaments\/ensenyaments-per-a-la-preparacio-de-proves-dacces\/\" title=\"Read Preparaci\u00f3 de proves d&#8217;acc\u00e9s\">Llegeix m\u00e9s\u00bb<\/a><\/p>\n","protected":false},"author":1,"featured_media":0,"parent":274,"menu_order":0,"comment_status":"closed","ping_status":"closed","template":"page-templates\/side-menu.php","meta":{"_bbp_topic_count":0,"_bbp_reply_count":0,"_bbp_total_topic_count":0,"_bbp_total_reply_count":0,"_bbp_voice_count":0,"_bbp_anonymous_reply_count":0,"_bbp_topic_count_hidden":0,"_bbp_reply_count_hidden":0,"_bbp_forum_subforum_count":0,"footnotes":""},"class_list":["post-288","page","type-page","status-publish","hentry"],"post_mailing_queue_ids":[],"_links":{"self":[{"href":"https:\/\/agora.xtec.cat\/cfamollet\/wp-json\/wp\/v2\/pages\/288","targetHints":{"allow":["GET"]}}],"collection":[{"href":"https:\/\/agora.xtec.cat\/cfamollet\/wp-json\/wp\/v2\/pages"}],"about":[{"href":"https:\/\/agora.xtec.cat\/cfamollet\/wp-json\/wp\/v2\/types\/page"}],"author":[{"embeddable":true,"href":"https:\/\/agora.xtec.cat\/cfamollet\/wp-json\/wp\/v2\/users\/1"}],"replies":[{"embeddable":true,"href":"https:\/\/agora.xtec.cat\/cfamollet\/wp-json\/wp\/v2\/comments?post=288"}],"version-history":[{"count":7,"href":"https:\/\/agora.xtec.cat\/cfamollet\/wp-json\/wp\/v2\/pages\/288\/revisions"}],"predecessor-version":[{"id":3977,"href":"https:\/\/agora.xtec.cat\/cfamollet\/wp-json\/wp\/v2\/pages\/288\/revisions\/3977"}],"up":[{"embeddable":true,"href":"https:\/\/agora.xtec.cat\/cfamollet\/wp-json\/wp\/v2\/pages\/274"}],"wp:attachment":[{"href":"https:\/\/agora.xtec.cat\/cfamollet\/wp-json\/wp\/v2\/media?parent=288"}],"curies":[{"name":"wp","href":"https:\/\/api.w.org\/{rel}","templated":true}]}}