{"id":274,"date":"2015-01-27T17:56:20","date_gmt":"2015-01-27T16:56:20","guid":{"rendered":"http:\/\/agora.xtec.cat\/cfamollet\/?page_id=274"},"modified":"2025-09-09T13:40:47","modified_gmt":"2025-09-09T11:40:47","slug":"ensenyaments","status":"publish","type":"page","link":"https:\/\/agora.xtec.cat\/cfamollet\/ensenyaments\/","title":{"rendered":"Oferta formativa i horaris 25-26"},"content":{"rendered":"<p>&nbsp;<\/p>\n<table style=\"border-collapse: collapse; width: 100%;\">\n<tbody>\n<tr>\n<td style=\"width: 56.8342%;\">\n<h4>Ensenyaments inicials i formaci\u00f3 b\u00e0sica\/Horaris<\/h4>\n<ul>\n<li><a href=\"https:\/\/agora.xtec.cat\/cfamollet\/ensenyaments\/ensenyaments-inicials-i-formacio-basica\/llengua-catalana\/\">Llengua Catalana:<\/a> Catal\u00e0 1<\/li>\n<li><a href=\"https:\/\/agora.xtec.cat\/cfamollet\/ensenyaments\/ensenyaments-inicials-i-formacio-basica\/llengua-castellana\/\">Llengua Castellana<\/a>: Castell\u00e0 1,2 i\u00a0 3.<\/li>\n<li><a href=\"https:\/\/agora.xtec.cat\/cfamollet\/ensenyaments\/ensenyaments-inicials-i-formacio-basica\/formacio-instrumental\/\">Formaci\u00f3 Instrumental<\/a>: Instrumental 1, 2 , 3 i 4.<\/li>\n<li><a href=\"https:\/\/agora.xtec.cat\/cfamollet\/ensenyaments\/ensenyaments-inicials-i-formacio-basica\/graduat-en-educacio-secundaria-per-adults\/\">Graduat en Educaci\u00f3 Secund\u00e0ria<\/a> per a persones adultes (GESO)<\/li>\n<\/ul>\n<h4>Ensenyaments transprofessionals<\/h4>\n<ul>\n<li><a href=\"https:\/\/agora.xtec.cat\/cfamollet\/ensenyaments\/ensenyaments-transprofessionals\/llengua-anglesa\/\">Llengua Anglesa<\/a>: Angl\u00e8s 1, 2 i 3<\/li>\n<li><a href=\"https:\/\/agora.xtec.cat\/cfamollet\/ensenyaments\/ensenyaments-transprofessionals\/competencia-digital-competic\/\">Compet\u00e8ncia digital COMPETIC<\/a>: COMPETIC Inicial, 1, 2 i 3.<\/li>\n<\/ul>\n<h4><a href=\"https:\/\/agora.xtec.cat\/cfamollet\/ensenyaments\/ensenyaments-per-a-la-preparacio-de-proves-dacces\/\">Ensenyament per a la preparaci\u00f3 de proves d\u2019acc\u00e9s<\/a><\/h4>\n<ul>\n<li><a href=\"https:\/\/agora.xtec.cat\/cfamollet\/ensenyaments\/ensenyaments-per-a-la-preparacio-de-proves-dacces\/a-cicles-formatius-de-grau-superior\/\">A Cicles Formatius de Grau Superior<\/a><\/li>\n<li><a href=\"https:\/\/agora.xtec.cat\/cfamollet\/ensenyaments\/ensenyaments-per-a-la-preparacio-de-proves-dacces\/a-la-universitat-per-a-majors-de-25-anys\/\">A la universitat per a majors de 25 i 45 anys<\/a><\/li>\n<\/ul>\n<\/td>\n<td style=\"width: 43.1658%;\">\n<h4><img loading=\"lazy\" decoding=\"async\" class=\"alignright\" src=\"https:\/\/agora.xtec.cat\/cfamollet\/wp-content\/uploads\/usu465\/2022\/07\/estudis.png\" width=\"367\" height=\"258\" \/><\/h4>\n<\/td>\n<\/tr>\n<\/tbody>\n<\/table>\n<p><strong>HORARIS<\/strong><\/p>\n<p>Els horaris per al curs 25_26 els podeu consultar clicant en la imatge.<\/p>\n<p><a href=\"https:\/\/agora.xtec.cat\/cfamollet\/wp-content\/uploads\/usu465\/2025\/09\/horaris-25-26.pdf\"><img loading=\"lazy\" decoding=\"async\" class=\"alignnone wp-image-3912\" src=\"https:\/\/agora.xtec.cat\/cfamollet\/wp-content\/uploads\/usu465\/2025\/09\/horaris-25-26.png\" alt=\"\" width=\"205\" height=\"152\" srcset=\"https:\/\/agora.xtec.cat\/cfamollet\/wp-content\/uploads\/usu465\/2025\/09\/horaris-25-26.png 754w, https:\/\/agora.xtec.cat\/cfamollet\/wp-content\/uploads\/usu465\/2025\/09\/horaris-25-26-300x223.png 300w\" sizes=\"auto, (max-width: 205px) 100vw, 205px\" \/><\/a><\/p>\n<p><strong>CONTACTE<\/strong><\/p>\n<p>Si voleu realitzar alguna consulta relativa a un ensenyament, us atendr\u00e0 el coordinador\/a corresponent en la seg\u00fcent adre\u00e7a electr\u00f2nica.<\/p>\n<table style=\"border-collapse: collapse; width: 26.1278%; height: 184px;\">\n<tbody>\n<tr>\n<td style=\"width: 100%;\"><strong><span style=\"font-family: inherit; font-size: 1em; line-height: 1.6;\"><img loading=\"lazy\" decoding=\"async\" class=\"aligncenter\" src=\"https:\/\/encrypted-tbn0.gstatic.com\/images?q=tbn:ANd9GcQfB9rbe63K_1HZeeMUx6AE0BpAUTUyenRdqA&amp;usqp=CAU\" alt=\"Free contacts - Vector Art\" width=\"264\" height=\"185\" \/><\/span><\/strong><\/td>\n<\/tr>\n<\/tbody>\n<\/table>\n<table style=\"border-collapse: collapse; width: 74.4712%;\">\n<tbody>\n<tr>\n<td style=\"width: 33.2663%; text-align: left;\"><strong>ENSENYAMENT<\/strong><\/td>\n<td style=\"width: 19.0955%;\"><strong>COORDINADOR\/A<\/strong><\/td>\n<td style=\"width: 21.2372%;\"><strong>Adre\u00e7a electr\u00f2nica<\/strong><\/td>\n<\/tr>\n<tr>\n<td style=\"width: 33.2663%;\">COMPETIC<\/td>\n<td style=\"width: 19.0955%;\">Arnau Farguell<\/td>\n<td style=\"width: 21.2372%;\">informaticacfamollet@gmail.com<\/td>\n<\/tr>\n<tr>\n<td style=\"width: 33.2663%;\">ANGL\u00c8S<\/td>\n<td style=\"width: 19.0955%;\">\u00c0lex Carretero<\/td>\n<td style=\"width: 21.2372%;\">anglescfamollet@gmail.com<\/td>\n<\/tr>\n<tr>\n<td style=\"width: 33.2663%;\">INSTRUMENTALS, CATAL\u00c0 I CASTELL\u00c0<\/td>\n<td style=\"width: 19.0955%;\">Montse Caballero<\/td>\n<td style=\"width: 21.2372%;\">instrumentalcfamollet@gmail.com<\/td>\n<\/tr>\n<tr>\n<td style=\"width: 33.2663%;\">GES<\/td>\n<td style=\"width: 19.0955%;\">Miguel Cremades<\/td>\n<td style=\"width: 21.2372%;\">gescfamollet@gmail.com<\/td>\n<\/tr>\n<tr>\n<td style=\"width: 33.2663%;\">PROVES ACC\u00c9S GRAU SUPERIOR I UNIVERSITAT &gt;25 I 45<\/td>\n<td style=\"width: 19.0955%;\">Yolanda Rodr\u00edguez<\/td>\n<td style=\"width: 21.2372%;\">provescfamollet@gmail.com<\/td>\n<\/tr>\n<\/tbody>\n<\/table>\n<p><strong>P\u00c0GINES D&#8217;INTER\u00c8S<\/strong><\/p>\n<p><a href=\"https:\/\/agora.xtec.cat\/cfamollet\/wp-content\/uploads\/usu465\/2023\/09\/PAGINA-INTERES.png\"><img loading=\"lazy\" decoding=\"async\" class=\"wp-image-2756 alignright\" src=\"https:\/\/agora.xtec.cat\/cfamollet\/wp-content\/uploads\/usu465\/2023\/09\/PAGINA-INTERES.png\" alt=\"\" width=\"216\" height=\"123\" srcset=\"https:\/\/agora.xtec.cat\/cfamollet\/wp-content\/uploads\/usu465\/2023\/09\/PAGINA-INTERES.png 321w, https:\/\/agora.xtec.cat\/cfamollet\/wp-content\/uploads\/usu465\/2023\/09\/PAGINA-INTERES-300x171.png 300w\" sizes=\"auto, (max-width: 216px) 100vw, 216px\" \/><\/a><\/p>\n<p><a href=\"http:\/\/queestudiar.gencat.cat\/ca\/index.html\">Estudiar a Catalunya<\/a><\/p>\n<p><a href=\"https:\/\/triaeducativa.gencat.cat\/ca\/educacio-adults\/\">Educaci\u00f3 d&#8217;adults. Tria educativa (gencat.cat)<\/a><\/p>\n<p><a href=\"https:\/\/www.edubcn.cat\/rcs_gene\/extra\/04_carpeta_orientador\/K01_ItinerariADULTS.pdf\">K01 Educ Adults-2022.indd (edubcn.cat)<\/a><\/p>\n<p><a href=\"http:\/\/www.gencat.cat\/ensenyament\/eac\/pdf\/APA_CA.pdf\">APA_CA.pdf (gencat.cat)<\/a> Guia informativa 7\/22<\/p>\n","protected":false},"excerpt":{"rendered":"<p>&nbsp;<\/p>\n<p>Ensenyaments inicials i formaci\u00f3 b\u00e0sica\/Horaris<\/p>\n<ul>\n<li><a href=\"https:\/\/agora.xtec.cat\/cfamollet\/ensenyaments\/ensenyaments-inicials-i-formacio-basica\/llengua-catalana\/\">Llengua Catalana:<\/a> Catal\u00e0 1<\/li>\n<li><a href=\"https:\/\/agora.xtec.cat\/cfamollet\/ensenyaments\/ensenyaments-inicials-i-formacio-basica\/llengua-castellana\/\">Llengua Castellana<\/a>: Castell\u00e0 1,2 i\u00a0 3.<\/li>\n<li><a href=\"https:\/\/agora.xtec.cat\/cfamollet\/ensenyaments\/ensenyaments-inicials-i-formacio-basica\/formacio-instrumental\/\">Formaci\u00f3 Instrumental<\/a>: Instrumental 1, 2 , 3 i 4.<\/li>\n<li><a href=\"https:\/\/agora.xtec.cat\/cfamollet\/ensenyaments\/ensenyaments-inicials-i-formacio-basica\/graduat-en-educacio-secundaria-per-adults\/\">Graduat en Educaci\u00f3 Secund\u00e0ria<\/a> per a persones adultes (GESO)<\/li>\n<\/ul>\n<p>Ensenyaments transprofessionals<\/p>\n<ul>\n<li><a href=\"https:\/\/agora.xtec.cat\/cfamollet\/ensenyaments\/ensenyaments-transprofessionals\/llengua-anglesa\/\">Llengua Anglesa<\/a>: Angl\u00e8s 1, 2 i 3<\/li>\n<li><a href=\"https:\/\/agora.xtec.cat\/cfamollet\/ensenyaments\/ensenyaments-transprofessionals\/competencia-digital-competic\/\">Compet\u00e8ncia digital COMPETIC<\/a>: COMPETIC&hellip;  <a href=\"https:\/\/agora.xtec.cat\/cfamollet\/ensenyaments\/\" title=\"Read Oferta formativa i horaris 25-26\">Llegeix m\u00e9s\u00bb<\/a><br \/>\n","protected":false},"author":1,"featured_media":0,"parent":0,"menu_order":0,"comment_status":"closed","ping_status":"closed","template":"page-templates\/side-menu.php","meta":{"_bbp_topic_count":0,"_bbp_reply_count":0,"_bbp_total_topic_count":0,"_bbp_total_reply_count":0,"_bbp_voice_count":0,"_bbp_anonymous_reply_count":0,"_bbp_topic_count_hidden":0,"_bbp_reply_count_hidden":0,"_bbp_forum_subforum_count":0,"footnotes":""},"class_list":["post-274","page","type-page","status-publish","hentry"],"post_mailing_queue_ids":[],"_links":{"self":[{"href":"https:\/\/agora.xtec.cat\/cfamollet\/wp-json\/wp\/v2\/pages\/274","targetHints":{"allow":["GET"]}}],"collection":[{"href":"https:\/\/agora.xtec.cat\/cfamollet\/wp-json\/wp\/v2\/pages"}],"about":[{"href":"https:\/\/agora.xtec.cat\/cfamollet\/wp-json\/wp\/v2\/types\/page"}],"author":[{"embeddable":true,"href":"https:\/\/agora.xtec.cat\/cfamollet\/wp-json\/wp\/v2\/users\/1"}],"replies":[{"embeddable":true,"href":"https:\/\/agora.xtec.cat\/cfamollet\/wp-json\/wp\/v2\/comments?post=274"}],"version-history":[{"count":7,"href":"https:\/\/agora.xtec.cat\/cfamollet\/wp-json\/wp\/v2\/pages\/274\/revisions"}],"predecessor-version":[{"id":3949,"href":"https:\/\/agora.xtec.cat\/cfamollet\/wp-json\/wp\/v2\/pages\/274\/revisions\/3949"}],"wp:attachment":[{"href":"https:\/\/agora.xtec.cat\/cfamollet\/wp-json\/wp\/v2\/media?parent=274"}],"curies":[{"name":"wp","href":"https:\/\/api.w.org\/{rel}","templated":true}]}}