{"id":363,"date":"2015-04-16T13:03:58","date_gmt":"2015-04-16T12:03:58","guid":{"rendered":"http:\/\/agora.xtec.cat\/cfamollerussa\/?page_id=363"},"modified":"2015-09-03T11:56:30","modified_gmt":"2015-09-03T09:56:30","slug":"preparacio-per-a-la-prova-dacces-a-grau-superior-ppacfgs","status":"publish","type":"page","link":"https:\/\/agora.xtec.cat\/cfamollerussa\/preparacio-per-a-la-prova-dacces-a-grau-superior-ppacfgs\/","title":{"rendered":"Preparaci\u00f3 per a la Prova d&#8217;acc\u00e9s a Grau Superior (PPACFGS)"},"content":{"rendered":"<ul>\n<li><strong>Nivells:<\/strong> 1<\/li>\n<li><strong>Durada:<\/strong> anual, fins a la data de realitzaci\u00f3 de la prova<\/li>\n<li><strong>Organitzaci\u00f3:<\/strong> al CFA preparem per fer la prova d&#8217;acc\u00e9s al Grau Superior. Seguim el curr\u00edculum i fem les classes en funci\u00f3 de les proves anteriors.<\/li>\n<li><strong>Horaris:<\/strong>\n<ul>\n<li>dilluns i dimecres, de 15 a 20 <em>(mat\u00e8ries comunes)<\/em>,<\/li>\n<li>dimarts i dijous, de 15 a 18h.<em> (mat\u00e8ries espec\u00edfiques)<\/em><\/li>\n<\/ul>\n<\/li>\n<li><a href=\"http:\/\/agora.xtec.cat\/cfamollerussa\/moodle\/\" target=\"_blank\">Aula virtual<\/a><\/li>\n<li><strong>Avaluaci\u00f3 i promoci\u00f3:<\/strong> mireu el seg\u00fcent <a href=\"http:\/\/agora.xtec.cat\/cfamollerussa\/el-centre\/calendari-del-curs\/\">enlla\u00e7<\/a>.<\/li>\n<\/ul>\n","protected":false},"excerpt":{"rendered":"<ul>\n<li>Nivells: 1<\/li>\n<li>Durada: anual, fins a la data de realitzaci\u00f3 de la prova<\/li>\n<li>Organitzaci\u00f3: al CFA preparem per fer la prova d&#8217;acc\u00e9s al Grau Superior. Seguim el curr\u00edculum i fem les classes en funci\u00f3 de les proves anteriors.<\/li>\n<li>Horaris:\n<ul>\n<li>dilluns i dimecres, de 15 a 20 (mat\u00e8ries comunes),<\/li>\n<li>dimarts i&hellip;  <a href=\"https:\/\/agora.xtec.cat\/cfamollerussa\/preparacio-per-a-la-prova-dacces-a-grau-superior-ppacfgs\/\" title=\"Read Preparaci\u00f3 per a la Prova d&#8217;acc\u00e9s a Grau Superior (PPACFGS)\">Llegeix m\u00e9s\u00bb<\/a><br \/>\n","protected":false},"author":1,"featured_media":0,"parent":0,"menu_order":0,"comment_status":"closed","ping_status":"closed","template":"","meta":{"_bbp_topic_count":0,"_bbp_reply_count":0,"_bbp_total_topic_count":0,"_bbp_total_reply_count":0,"_bbp_voice_count":0,"_bbp_anonymous_reply_count":0,"_bbp_topic_count_hidden":0,"_bbp_reply_count_hidden":0,"_bbp_forum_subforum_count":0,"footnotes":""},"class_list":["post-363","page","type-page","status-publish","hentry"],"post_mailing_queue_ids":[],"_links":{"self":[{"href":"https:\/\/agora.xtec.cat\/cfamollerussa\/wp-json\/wp\/v2\/pages\/363","targetHints":{"allow":["GET"]}}],"collection":[{"href":"https:\/\/agora.xtec.cat\/cfamollerussa\/wp-json\/wp\/v2\/pages"}],"about":[{"href":"https:\/\/agora.xtec.cat\/cfamollerussa\/wp-json\/wp\/v2\/types\/page"}],"author":[{"embeddable":true,"href":"https:\/\/agora.xtec.cat\/cfamollerussa\/wp-json\/wp\/v2\/users\/1"}],"replies":[{"embeddable":true,"href":"https:\/\/agora.xtec.cat\/cfamollerussa\/wp-json\/wp\/v2\/comments?post=363"}],"version-history":[{"count":2,"href":"https:\/\/agora.xtec.cat\/cfamollerussa\/wp-json\/wp\/v2\/pages\/363\/revisions"}],"predecessor-version":[{"id":477,"href":"https:\/\/agora.xtec.cat\/cfamollerussa\/wp-json\/wp\/v2\/pages\/363\/revisions\/477"}],"wp:attachment":[{"href":"https:\/\/agora.xtec.cat\/cfamollerussa\/wp-json\/wp\/v2\/media?parent=363"}],"curies":[{"name":"wp","href":"https:\/\/api.w.org\/{rel}","templated":true}]}}