{"id":303,"date":"2015-01-28T11:23:05","date_gmt":"2015-01-28T10:23:05","guid":{"rendered":"http:\/\/agora.xtec.cat\/cfamollerussa\/?page_id=303"},"modified":"2024-12-23T20:21:16","modified_gmt":"2024-12-23T19:21:16","slug":"graduat-en-educacio-secundaria-per-adults","status":"publish","type":"page","link":"https:\/\/agora.xtec.cat\/cfamollerussa\/graduat-en-educacio-secundaria-per-adults\/","title":{"rendered":"Graduat en educaci\u00f3 secundaria per adults (GESO)"},"content":{"rendered":"<p>Aquests estudis permeten completar els ensenyaments b\u00e0sics i obtenir el t\u00edtol de graduat o graduada en educaci\u00f3 secund\u00e0ria obligat\u00f2ria (GESO).<\/p>\n<p>Els ensenyaments per a l\u2019obtenci\u00f3 del t\u00edtol de graduat o graduada en educaci\u00f3 secund\u00e0ria obligat\u00f2ria per a les persones adultes consisteixen en 34 m\u00f2duls amb una c\u00e0rrega lectiva de 35 hores per m\u00f2dul.<\/p>\n<p>La durada d\u2019aquests estudis \u00e9s de 1.190 hores.<\/p>\n<p>Els m\u00f2duls s\u2019articulen en tres \u00e0mbits:<\/p>\n<ul>\n<li>Comunicaci\u00f3,<\/li>\n<li>Cient\u00edfico-tenol\u00f2gic<\/li>\n<li>Social<\/li>\n<\/ul>\n<p>Aquests es distribueixen en dos nivells:<\/p>\n<table>\n<tbody>\n<tr>\n<td style=\"width: 211px;\"><span style=\"color: #ff0000;\"><strong>M\u00f2duls nivell I:<\/strong><\/span><\/td>\n<td style=\"width: 211px;\"><span style=\"color: #ff0000;\"><strong>M\u00f2duls nivell II:<\/strong><\/span><\/td>\n<td style=\"width: 171px;\"><span style=\"color: #ff0000;\"><strong>M\u00f2duls opcionals :<\/strong><\/span><\/td>\n<\/tr>\n<tr>\n<td style=\"width: 211px;\">\n<ul>\n<li>Literatura<\/li>\n<li>Llengua catalana I<\/li>\n<li>Llengua castellana I<\/li>\n<li>Llengua estrangera I<\/li>\n<li>Llengua catalana II<\/li>\n<li>Llengua castellana II<\/li>\n<li>Matem\u00e0tiques I<\/li>\n<li>Matem\u00e0tiques II<\/li>\n<li>F\u00edsica i qu\u00edmica I<\/li>\n<li>Ci\u00e8ncies naturals<\/li>\n<li>Educaci\u00f3 per a la salut<\/li>\n<li>Ci\u00e8ncies socials I<\/li>\n<li>Educaci\u00f3 per a la ciutadania<\/li>\n<li>Geografia I<\/li>\n<li>Hist\u00f2ria I<\/li>\n<\/ul>\n<\/td>\n<td style=\"width: 211px;\">\n<ul>\n<li>Llengua catalana III<\/li>\n<li>Llengua castellana III<\/li>\n<li>Llengua estrangera II<\/li>\n<li>Llengua estrangera III<\/li>\n<li>Literatua catalana<\/li>\n<li>Literatura castellana<\/li>\n<li>Matem\u00e0tiques III<\/li>\n<li>Matem\u00e0tiques IV<\/li>\n<li>F\u00edsica i qu\u00edmica II<\/li>\n<li>Biologia i geolog\u00eda<\/li>\n<li>Tecnologia<\/li>\n<li>Ci\u00e8ncies socials II<\/li>\n<li>Moviments migratoris<\/li>\n<li>Geografia II<\/li>\n<li>Hist\u00f2ria II<\/li>\n<li>Matem\u00e0tiques inicials<\/li>\n<\/ul>\n<\/td>\n<td style=\"width: 171px;\">\n<ul>\n<li>Taller d&#8217;escriptura creativa<\/li>\n<li>Llegim<\/li>\n<li>Diet\u00e8tica i nutrici\u00f3<\/li>\n<li>Tecnologies de la informaci\u00f3 i la comunicaci\u00f3<\/li>\n<li>Arts i artistes<\/li>\n<li>Viatjar per Catalunya<\/li>\n<\/ul>\n<\/td>\n<\/tr>\n<\/tbody>\n<\/table>\n<p><b>Recursos:<\/b>\u00a0disposem d\u2019aula d\u2019inform\u00e0tica, pissarres digitals i port\u00e0tils amb pantalla t\u00e0ctil per seguir el curs sense problemes.<\/p>\n<p><b>Aula virtual:<\/b>\u00a0totes les classes tenen suport de l\u2019aula virtual del centre, dipositada a la\u00a0<a href=\"http:\/\/agora.xtec.cat\/cfamollerussa\/moodle\/\">plataforma Moodle<\/a>.<\/p>\n<p>&nbsp;<\/p>\n","protected":false},"excerpt":{"rendered":"<p>Aquests estudis permeten completar els ensenyaments b\u00e0sics i obtenir el t\u00edtol de graduat o graduada en educaci\u00f3 secund\u00e0ria obligat\u00f2ria (GESO).<br \/>\nEls ensenyaments per a l\u2019obtenci\u00f3 del t\u00edtol de graduat o graduada en educaci\u00f3 secund\u00e0ria obligat\u00f2ria per a les persones adultes consisteixen en 34 m\u00f2duls amb una&hellip;  <a href=\"https:\/\/agora.xtec.cat\/cfamollerussa\/graduat-en-educacio-secundaria-per-adults\/\" title=\"Read Graduat en educaci\u00f3 secundaria per adults (GESO)\">Llegeix m\u00e9s\u00bb<\/a><\/p>\n","protected":false},"author":2,"featured_media":0,"parent":0,"menu_order":6,"comment_status":"closed","ping_status":"closed","template":"","meta":{"_bbp_topic_count":0,"_bbp_reply_count":0,"_bbp_total_topic_count":0,"_bbp_total_reply_count":0,"_bbp_voice_count":0,"_bbp_anonymous_reply_count":0,"_bbp_topic_count_hidden":0,"_bbp_reply_count_hidden":0,"_bbp_forum_subforum_count":0,"footnotes":""},"class_list":["post-303","page","type-page","status-publish","hentry"],"post_mailing_queue_ids":[],"_links":{"self":[{"href":"https:\/\/agora.xtec.cat\/cfamollerussa\/wp-json\/wp\/v2\/pages\/303","targetHints":{"allow":["GET"]}}],"collection":[{"href":"https:\/\/agora.xtec.cat\/cfamollerussa\/wp-json\/wp\/v2\/pages"}],"about":[{"href":"https:\/\/agora.xtec.cat\/cfamollerussa\/wp-json\/wp\/v2\/types\/page"}],"author":[{"embeddable":true,"href":"https:\/\/agora.xtec.cat\/cfamollerussa\/wp-json\/wp\/v2\/users\/2"}],"replies":[{"embeddable":true,"href":"https:\/\/agora.xtec.cat\/cfamollerussa\/wp-json\/wp\/v2\/comments?post=303"}],"version-history":[{"count":3,"href":"https:\/\/agora.xtec.cat\/cfamollerussa\/wp-json\/wp\/v2\/pages\/303\/revisions"}],"predecessor-version":[{"id":722,"href":"https:\/\/agora.xtec.cat\/cfamollerussa\/wp-json\/wp\/v2\/pages\/303\/revisions\/722"}],"wp:attachment":[{"href":"https:\/\/agora.xtec.cat\/cfamollerussa\/wp-json\/wp\/v2\/media?parent=303"}],"curies":[{"name":"wp","href":"https:\/\/api.w.org\/{rel}","templated":true}]}}