{"id":2248,"date":"2024-12-22T13:01:46","date_gmt":"2024-12-22T12:01:46","guid":{"rendered":"https:\/\/agora.xtec.cat\/cfamollerussa\/?page_id=2248"},"modified":"2024-12-22T17:11:41","modified_gmt":"2024-12-22T16:11:41","slug":"la-plataforma-moodle","status":"publish","type":"page","link":"https:\/\/agora.xtec.cat\/cfamollerussa\/la-plataforma-moodle\/","title":{"rendered":"La plataforma MOODLE"},"content":{"rendered":"<p>Des de ja fa molts anys, el CFA Mollerussa ha incorporat la plataforma Moodle en molts dels seus ensenyaments, ja sigui com a eina de treball formal en les classes del dia a dia o com a espai complementari on l&#8217;alumnat pot trobar m\u00e9s recursos.<\/p>\n<h4><span style=\"color: #ff0000;\">Qu\u00e8 \u00e9s Moodle?<a href=\"https:\/\/agora.xtec.cat\/cfamollerussa\/wp-content\/uploads\/usu345\/2024\/12\/moodle.jpeg\"><img loading=\"lazy\" decoding=\"async\" class=\"alignright size-full wp-image-2251\" src=\"https:\/\/agora.xtec.cat\/cfamollerussa\/wp-content\/uploads\/usu345\/2024\/12\/moodle.jpeg\" alt=\"\" width=\"263\" height=\"192\" \/><\/a><\/span><\/h4>\n<p>Moodle \u00e9s una plataforma educativa, un conjunt de programari que possibilita la creaci\u00f3 d\u2019aules virtuals, espais de trobada i comunicaci\u00f3 a Internet orientats a l\u2019ensenyament i l\u2019aprenentatge. Moodle \u00e9s un entorn din\u00e0mic perqu\u00e8 s\u2019actualitza immediatament a cada intervenci\u00f3 nova dels i de les participants, tant d\u2019estudiants com de professorat. Les aules virtuals constru\u00efdes amb Moodle no s\u00f3n p\u00e0gines web est\u00e0tiques a les quals l\u2019alumnat va a cercar informaci\u00f3 o a fer q\u00fcestionaris autocorrectius: s\u00f3n espais din\u00e0mics que creixen, es diversifiquen i milloren cada vegada que s\u2019hi entra i s\u2019hi fa qualsevol activitat.<\/p>\n<p>Per accedir al Moodle cal que ho facis a trav\u00e9s de la p\u00e0gina web de l&#8217;escola o pots anar-hi directament a trav\u00e9s del seg\u00fcent enlla\u00e7:<br \/>\n<a href=\"https:\/\/educaciodigital.cat\/cfamollerussa\/moodle\/\">https:\/\/educaciodigital.cat\/cfamollerussa\/moodle\/<\/a><br \/>\nA la part superior dreta trobar\u00e0s el punt d&#8217;entrada.<\/p>\n<p><span style=\"color: #ff0000;\"><strong>V\u00eddeo informatiu de com iniciar-te en la plataforma:<\/strong><\/span><\/p>\n<p><iframe loading=\"lazy\" title=\"YouTube video player\" src=\"https:\/\/www.youtube.com\/embed\/UHpZmo-iwRM?si=2H1OBeGy1ib728_S\" width=\"560\" height=\"315\" frameborder=\"0\" allowfullscreen=\"allowfullscreen\"><\/iframe><\/p>\n<h5><span style=\"color: #ff0000;\">Enlla\u00e7os d&#8217;inter\u00e8s:<\/span><\/h5>\n<p><a href=\"https:\/\/educaciodigital.cat\/cfamollerussa\/moodle\/\">Entrada al Moodle del CFA Mollerussa<\/a><\/p>\n<p><a href=\"https:\/\/xtec.gencat.cat\/ca\/recursos\/activitats-autoaprenentatge\/entorns-virtuals-aprenentatge\/moodle\/\">Recursos Moodle Gencat<\/a><\/p>\n<p>&nbsp;<\/p>\n<p>&nbsp;<\/p>\n<p>&nbsp;<\/p>\n<p>&nbsp;<\/p>\n<p>&nbsp;<\/p>\n<p>&nbsp;<\/p>\n","protected":false},"excerpt":{"rendered":"<p>Des de ja fa molts anys, el CFA Mollerussa ha incorporat la plataforma Moodle en molts dels seus ensenyaments, ja sigui com a eina de treball formal en les classes del dia a dia o com a espai complementari on l&#8217;alumnat pot trobar m\u00e9s recursos.<br \/>\nQu\u00e8&hellip;  <a href=\"https:\/\/agora.xtec.cat\/cfamollerussa\/la-plataforma-moodle\/\" title=\"Read La plataforma MOODLE\">Llegeix m\u00e9s\u00bb<\/a><\/p>\n","protected":false},"author":1,"featured_media":0,"parent":0,"menu_order":0,"comment_status":"closed","ping_status":"closed","template":"","meta":{"_bbp_topic_count":0,"_bbp_reply_count":0,"_bbp_total_topic_count":0,"_bbp_total_reply_count":0,"_bbp_voice_count":0,"_bbp_anonymous_reply_count":0,"_bbp_topic_count_hidden":0,"_bbp_reply_count_hidden":0,"_bbp_forum_subforum_count":0,"footnotes":""},"class_list":["post-2248","page","type-page","status-publish","hentry"],"post_mailing_queue_ids":[],"_links":{"self":[{"href":"https:\/\/agora.xtec.cat\/cfamollerussa\/wp-json\/wp\/v2\/pages\/2248","targetHints":{"allow":["GET"]}}],"collection":[{"href":"https:\/\/agora.xtec.cat\/cfamollerussa\/wp-json\/wp\/v2\/pages"}],"about":[{"href":"https:\/\/agora.xtec.cat\/cfamollerussa\/wp-json\/wp\/v2\/types\/page"}],"author":[{"embeddable":true,"href":"https:\/\/agora.xtec.cat\/cfamollerussa\/wp-json\/wp\/v2\/users\/1"}],"replies":[{"embeddable":true,"href":"https:\/\/agora.xtec.cat\/cfamollerussa\/wp-json\/wp\/v2\/comments?post=2248"}],"version-history":[{"count":3,"href":"https:\/\/agora.xtec.cat\/cfamollerussa\/wp-json\/wp\/v2\/pages\/2248\/revisions"}],"predecessor-version":[{"id":2252,"href":"https:\/\/agora.xtec.cat\/cfamollerussa\/wp-json\/wp\/v2\/pages\/2248\/revisions\/2252"}],"wp:attachment":[{"href":"https:\/\/agora.xtec.cat\/cfamollerussa\/wp-json\/wp\/v2\/media?parent=2248"}],"curies":[{"name":"wp","href":"https:\/\/api.w.org\/{rel}","templated":true}]}}