{"id":972,"date":"2022-02-07T18:10:46","date_gmt":"2022-02-07T17:10:46","guid":{"rendered":"https:\/\/agora.xtec.cat\/cfamartipolmanlleu\/?page_id=972"},"modified":"2022-10-11T15:48:04","modified_gmt":"2022-10-11T13:48:04","slug":"institut-obert-de-catalunya-ioc","status":"publish","type":"page","link":"https:\/\/agora.xtec.cat\/cfamartipolmanlleu\/ensenyaments\/institut-obert-de-catalunya-ioc\/","title":{"rendered":"IOC &#8211; Institut Obert de Catalunya"},"content":{"rendered":"<p>El CFA Mart\u00ed i Pol \u00e9s Centre de suport de l\u2019IOC (Institut Obert de Catalunya) i t\u2019ofereix la possibilitat de cursar el graduat en educaci\u00f3 secund\u00e0ria (GES) a dist\u00e0ncia.<\/p>\n<p>A l\u2019IOC les matr\u00edcules s\u00f3n trimestrals i des del CFA Mart\u00ed i Pol t\u2019assessorem i orientem en aquest proc\u00e9s de matriculaci\u00f3 i t\u2019acompanyen al llarg dels trimestres.<\/p>\n<p>A m\u00e9s, posem a l\u2019abast de l\u2019alumnat un espai i els recursos necessaris per poder dur a terme totes les tasques en horari flexible.<\/p>\n<p><strong>Trobar\u00e0s informaci\u00f3 detalla i les dates de la inscripci\u00f3 trimestral al web:<\/strong> <a href=\"https:\/\/ioc.xtec.cat\/educacio\/ges\" target=\"_blank\" rel=\"noopener\" data-saferedirecturl=\"https:\/\/www.google.com\/url?q=https:\/\/ioc.xtec.cat\/educacio\/ges&amp;source=gmail&amp;ust=1665075549735000&amp;usg=AOvVaw1YJJKzRTAX-J1kHqbdJQEu\">https:\/\/ioc.xtec.cat\/<wbr \/>educacio\/ges<\/a><\/p>\n<h5><span style=\"color: #008080;\">Vine\u2019ns a veure, truca\u2019ns o escriu-nos un correu i resoldrem qualsevol dubte que puguis tenir!<\/span><\/h5>\n<div><\/div>\n","protected":false},"excerpt":{"rendered":"<p>El CFA Mart\u00ed i Pol \u00e9s Centre de suport de l\u2019IOC (Institut Obert de Catalunya) i t\u2019ofereix la possibilitat de cursar el graduat en educaci\u00f3 secund\u00e0ria (GES) a dist\u00e0ncia. A l\u2019IOC les matr\u00edcules s\u00f3n trimestrals i des del CFA Mart\u00ed i Pol t\u2019assessorem i orientem en aquest proc\u00e9s de matriculaci\u00f3 i t\u2019acompanyen al llarg dels [&hellip;]<\/p>\n","protected":false},"author":1,"featured_media":0,"parent":274,"menu_order":6,"comment_status":"closed","ping_status":"closed","template":"page-templates\/side-menu.php","meta":{"_bbp_topic_count":0,"_bbp_reply_count":0,"_bbp_total_topic_count":0,"_bbp_total_reply_count":0,"_bbp_voice_count":0,"_bbp_anonymous_reply_count":0,"_bbp_topic_count_hidden":0,"_bbp_reply_count_hidden":0,"_bbp_forum_subforum_count":0,"site-sidebar-layout":"default","site-content-layout":"","ast-site-content-layout":"","site-content-style":"default","site-sidebar-style":"default","ast-global-header-display":"","ast-banner-title-visibility":"","ast-main-header-display":"","ast-hfb-above-header-display":"","ast-hfb-below-header-display":"","ast-hfb-mobile-header-display":"","site-post-title":"","ast-breadcrumbs-content":"","ast-featured-img":"","footer-sml-layout":"","theme-transparent-header-meta":"","adv-header-id-meta":"","stick-header-meta":"","header-above-stick-meta":"","header-main-stick-meta":"","header-below-stick-meta":"","astra-migrate-meta-layouts":"default","ast-page-background-enabled":"default","ast-page-background-meta":{"desktop":{"background-color":"var(--ast-global-color-4)","background-image":"","background-repeat":"repeat","background-position":"center center","background-size":"auto","background-attachment":"scroll","background-type":"","background-media":"","overlay-type":"","overlay-color":"","overlay-opacity":"","overlay-gradient":""},"tablet":{"background-color":"","background-image":"","background-repeat":"repeat","background-position":"center center","background-size":"auto","background-attachment":"scroll","background-type":"","background-media":"","overlay-type":"","overlay-color":"","overlay-opacity":"","overlay-gradient":""},"mobile":{"background-color":"","background-image":"","background-repeat":"repeat","background-position":"center center","background-size":"auto","background-attachment":"scroll","background-type":"","background-media":"","overlay-type":"","overlay-color":"","overlay-opacity":"","overlay-gradient":""}},"ast-content-background-meta":{"desktop":{"background-color":"var(--ast-global-color-5)","background-image":"","background-repeat":"repeat","background-position":"center center","background-size":"auto","background-attachment":"scroll","background-type":"","background-media":"","overlay-type":"","overlay-color":"","overlay-opacity":"","overlay-gradient":""},"tablet":{"background-color":"var(--ast-global-color-5)","background-image":"","background-repeat":"repeat","background-position":"center center","background-size":"auto","background-attachment":"scroll","background-type":"","background-media":"","overlay-type":"","overlay-color":"","overlay-opacity":"","overlay-gradient":""},"mobile":{"background-color":"var(--ast-global-color-5)","background-image":"","background-repeat":"repeat","background-position":"center center","background-size":"auto","background-attachment":"scroll","background-type":"","background-media":"","overlay-type":"","overlay-color":"","overlay-opacity":"","overlay-gradient":""}},"footnotes":""},"class_list":["post-972","page","type-page","status-publish","hentry"],"post_mailing_queue_ids":[],"_links":{"self":[{"href":"https:\/\/agora.xtec.cat\/cfamartipolmanlleu\/wp-json\/wp\/v2\/pages\/972","targetHints":{"allow":["GET"]}}],"collection":[{"href":"https:\/\/agora.xtec.cat\/cfamartipolmanlleu\/wp-json\/wp\/v2\/pages"}],"about":[{"href":"https:\/\/agora.xtec.cat\/cfamartipolmanlleu\/wp-json\/wp\/v2\/types\/page"}],"author":[{"embeddable":true,"href":"https:\/\/agora.xtec.cat\/cfamartipolmanlleu\/wp-json\/wp\/v2\/users\/1"}],"replies":[{"embeddable":true,"href":"https:\/\/agora.xtec.cat\/cfamartipolmanlleu\/wp-json\/wp\/v2\/comments?post=972"}],"version-history":[{"count":3,"href":"https:\/\/agora.xtec.cat\/cfamartipolmanlleu\/wp-json\/wp\/v2\/pages\/972\/revisions"}],"predecessor-version":[{"id":1215,"href":"https:\/\/agora.xtec.cat\/cfamartipolmanlleu\/wp-json\/wp\/v2\/pages\/972\/revisions\/1215"}],"up":[{"embeddable":true,"href":"https:\/\/agora.xtec.cat\/cfamartipolmanlleu\/wp-json\/wp\/v2\/pages\/274"}],"wp:attachment":[{"href":"https:\/\/agora.xtec.cat\/cfamartipolmanlleu\/wp-json\/wp\/v2\/media?parent=972"}],"curies":[{"name":"wp","href":"https:\/\/api.w.org\/{rel}","templated":true}]}}