{"id":27,"date":"2014-09-17T16:24:03","date_gmt":"2014-09-17T16:24:03","guid":{"rendered":"http:\/\/agora.xtec.cat\/cfamartipolmanlleu\/?page_id=27"},"modified":"2025-11-07T12:10:24","modified_gmt":"2025-11-07T11:10:24","slug":"historia","status":"publish","type":"page","link":"https:\/\/agora.xtec.cat\/cfamartipolmanlleu\/el-centre\/historia\/","title":{"rendered":"Hist\u00f2ria"},"content":{"rendered":"<div>\n<div>\n<div>\n<div>\n<div>\n<div>\n<div>\n<div>\n<div><\/div>\n<p><strong>Breu hist\u00f2ria del Centre<\/strong><\/p>\n<p>Durant la tardor de l&#8217;any 1978 s&#8217;inicia l&#8217;Escola d&#8217;Adults \u201cMiquel Mart\u00ed i Pol\u201d que comen\u00e7a la seva activitat a Manlleu i pret\u00e9n donar resposta a les necessitats de la poblaci\u00f3.<\/p>\n<p>En un primer moment la projecci\u00f3 de l&#8217;escola era d&#8217;\u00e0mbit comarcal ja que no n&#8217;hi havia cap m\u00e9s en el territori osonenc. Per aquesta ra\u00f3 el seu nom original era &#8220;Escola d&#8217;Adults Comarca d&#8217;Osona&#8221;.<\/p>\n<p>Aquesta escola obre les seves portes gr\u00e0cies als esfor\u00e7os i reivindicacions concentrats en la campanya \u201cCap barri, ni cap comarca sense una escola d&#8217;adults\u201d dirigida al M.E.C. Aquesta campanya es dugu\u00e9 a terme per la Coordinadora d&#8217;Adults de Catalunya juntament amb les associacions de ve\u00efns i els sindicats. L&#8217;escola es situ\u00e0 a Manlleu degut al car\u00e0cter industrial i a la concentraci\u00f3 migrat\u00f2ria del municipi, trets que afavorien la seva ubicaci\u00f3, amb l&#8217;objectiu de poder prestar un millor servei al col\u00b7lectiu d&#8217;adults.<\/p>\n<p>L&#8217;any 1979, tamb\u00e9 es comen\u00e7aren les classes a Vic, amb la intenci\u00f3 d&#8217;apropar el servei als alumnes i no al rev\u00e9s.<\/p>\n<p>M\u00e9s endavant tamb\u00e9 es van fer classes a Torell\u00f3 i es va treballar perqu\u00e8 diferents ajuntaments de la Comarca assumissin aquest servei.<\/p>\n<p>A partir de l&#8217;any 1997, la Generalitat considera que s&#8217;han de separar les escoles de Vic i de Manlleu, i Manlleu passa a ser una Aula depenent del Centre de Vic.<\/p>\n<p>Aquest fet comporta que molts dels ensenyaments no es puguin impartir, perqu\u00e8 es considera que Vic ja cobreix les necessitats dels dos centres. Per aquesta ra\u00f3,\u00a0 durant els \u00faltims anys, les persones que volien estudiar el Graduat en Educaci\u00f3 Secund\u00e0ria per adults s&#8217;havien de despla\u00e7ar for\u00e7osament.<\/p>\n<p>Finalment, durant la tardor de 2012, la Generalitat crea el Centre de Manlleu, per la qual cosa ja no dep\u00e8n del de Vic i pot impartir el GES, a m\u00e9s a m\u00e9s dels ensenyaments propis de l&#8217;Etapa Instrumental (alfabetitzaci\u00f3) i d&#8217;Inform\u00e0tica.<\/p>\n<p>Durant el curs 2012\/13\u00a0 es va\u00a0 formalitzar tots els processos que comportava el fet de passar a ser centre (elecci\u00f3 del Consell Escolar, de la direcci\u00f3, etc.).<\/p>\n<p>Actualment l\u2019escola ofereix els ensenyaments d\u2019etapa Instrumental, Catal\u00e0 inicial, Graduat en Educaci\u00f3 Secundaria i Comp\u00e8tic (1,2).<\/p>\n<p><strong>Diferents ubicacions del Centre<\/strong><\/p>\n<p>Durant els primers anys l&#8217;escola no tenia\u00a0 locals propis i s&#8217;ubicava als baixos de l&#8217;Escola Pui-Agut, en unes aules de parvulari, amb totes les dificultats que aix\u00f2 comportava (manca de despatx, mobiliari inadequat, etc.)\u00a0 M\u00e9s endavant va ocupar uns locals al carrer Mart\u00ed Pujol, per passar, l&#8217;any 1986, als espais de sobre del Mercat Municipal, al Barri de l&#8217;Erm. Aquesta ubicaci\u00f3 ens va permetre treballar colze a colze amb les entitats del barri, i impulsar diferents associacions: El Grup de Dones de Manlleu, La Pe\u00f1a Flamenca i Jameiat Essalam. Durant aquest anys l&#8217;Escola es va convertir en un centre de refer\u00e8ncia pel seu entorn m\u00e9s immediat, i va ser clau per treballar per la cohesi\u00f3 social i la conviv\u00e8ncia.<\/p>\n<p>L&#8217;any 2010, en haver-se d&#8217;enderrocar el Mercat Municipal, l&#8217;Ajuntament ens va proporcionar uns nous locals al\u00a0 n\u00famero 3 de la Pla\u00e7a de Llevant, al Barri de la Coromina. Finalment, l&#8217;escola t\u00e9 uns locals dignes, sense barreres arquitect\u00f2niques, amb gaireb\u00e9 tots els equipaments necessaris.<\/p>\n<p>No obstant, pensem que amb el canvi de Barri , l&#8217;escola ha perdut la seva interacci\u00f3 amb l&#8217;entorn m\u00e9s immediat i ha deixat de tenir el paper dinamitzador que l&#8217;ha caracteritzada durant molts anys. Es van establir noves complicitats\u00a0 amb les entitats de La Coromina, sense deixar de treballar amb les entitats de l&#8217;Erm i de tot Manlleu, quan s&#8217;escau.<\/p>\n<p>En aquests moments l\u2019escola participa en el PEC (projecte educatiu de ciutat).<\/p>\n<\/div>\n<\/div>\n<\/div>\n<\/div>\n<\/div>\n<\/div>\n<\/div>\n<\/div>\n<div><\/div>\n","protected":false},"excerpt":{"rendered":"<p>Breu hist\u00f2ria del Centre Durant la tardor de l&#8217;any 1978 s&#8217;inicia l&#8217;Escola d&#8217;Adults \u201cMiquel Mart\u00ed i Pol\u201d que comen\u00e7a la seva activitat a Manlleu i pret\u00e9n donar resposta a les necessitats de la poblaci\u00f3. En un primer moment la projecci\u00f3 de l&#8217;escola era d&#8217;\u00e0mbit comarcal ja que no n&#8217;hi havia cap m\u00e9s en el territori [&hellip;]<\/p>\n","protected":false},"author":1,"featured_media":0,"parent":261,"menu_order":40,"comment_status":"closed","ping_status":"closed","template":"","meta":{"_bbp_topic_count":0,"_bbp_reply_count":0,"_bbp_total_topic_count":0,"_bbp_total_reply_count":0,"_bbp_voice_count":0,"_bbp_anonymous_reply_count":0,"_bbp_topic_count_hidden":0,"_bbp_reply_count_hidden":0,"_bbp_forum_subforum_count":0,"site-sidebar-layout":"default","site-content-layout":"","ast-site-content-layout":"default","site-content-style":"default","site-sidebar-style":"default","ast-global-header-display":"","ast-banner-title-visibility":"","ast-main-header-display":"","ast-hfb-above-header-display":"","ast-hfb-below-header-display":"","ast-hfb-mobile-header-display":"","site-post-title":"","ast-breadcrumbs-content":"","ast-featured-img":"","footer-sml-layout":"","theme-transparent-header-meta":"default","adv-header-id-meta":"","stick-header-meta":"","header-above-stick-meta":"","header-main-stick-meta":"","header-below-stick-meta":"","astra-migrate-meta-layouts":"set","ast-page-background-enabled":"default","ast-page-background-meta":{"desktop":{"background-color":"var(--ast-global-color-4)","background-image":"","background-repeat":"repeat","background-position":"center center","background-size":"auto","background-attachment":"scroll","background-type":"","background-media":"","overlay-type":"","overlay-color":"","overlay-opacity":"","overlay-gradient":""},"tablet":{"background-color":"","background-image":"","background-repeat":"repeat","background-position":"center center","background-size":"auto","background-attachment":"scroll","background-type":"","background-media":"","overlay-type":"","overlay-color":"","overlay-opacity":"","overlay-gradient":""},"mobile":{"background-color":"","background-image":"","background-repeat":"repeat","background-position":"center center","background-size":"auto","background-attachment":"scroll","background-type":"","background-media":"","overlay-type":"","overlay-color":"","overlay-opacity":"","overlay-gradient":""}},"ast-content-background-meta":{"desktop":{"background-color":"var(--ast-global-color-5)","background-image":"","background-repeat":"repeat","background-position":"center center","background-size":"auto","background-attachment":"scroll","background-type":"","background-media":"","overlay-type":"","overlay-color":"","overlay-opacity":"","overlay-gradient":""},"tablet":{"background-color":"var(--ast-global-color-5)","background-image":"","background-repeat":"repeat","background-position":"center center","background-size":"auto","background-attachment":"scroll","background-type":"","background-media":"","overlay-type":"","overlay-color":"","overlay-opacity":"","overlay-gradient":""},"mobile":{"background-color":"var(--ast-global-color-5)","background-image":"","background-repeat":"repeat","background-position":"center center","background-size":"auto","background-attachment":"scroll","background-type":"","background-media":"","overlay-type":"","overlay-color":"","overlay-opacity":"","overlay-gradient":""}},"footnotes":""},"class_list":["post-27","page","type-page","status-publish","hentry"],"post_mailing_queue_ids":[],"_links":{"self":[{"href":"https:\/\/agora.xtec.cat\/cfamartipolmanlleu\/wp-json\/wp\/v2\/pages\/27","targetHints":{"allow":["GET"]}}],"collection":[{"href":"https:\/\/agora.xtec.cat\/cfamartipolmanlleu\/wp-json\/wp\/v2\/pages"}],"about":[{"href":"https:\/\/agora.xtec.cat\/cfamartipolmanlleu\/wp-json\/wp\/v2\/types\/page"}],"author":[{"embeddable":true,"href":"https:\/\/agora.xtec.cat\/cfamartipolmanlleu\/wp-json\/wp\/v2\/users\/1"}],"replies":[{"embeddable":true,"href":"https:\/\/agora.xtec.cat\/cfamartipolmanlleu\/wp-json\/wp\/v2\/comments?post=27"}],"version-history":[{"count":3,"href":"https:\/\/agora.xtec.cat\/cfamartipolmanlleu\/wp-json\/wp\/v2\/pages\/27\/revisions"}],"predecessor-version":[{"id":748,"href":"https:\/\/agora.xtec.cat\/cfamartipolmanlleu\/wp-json\/wp\/v2\/pages\/27\/revisions\/748"}],"up":[{"embeddable":true,"href":"https:\/\/agora.xtec.cat\/cfamartipolmanlleu\/wp-json\/wp\/v2\/pages\/261"}],"wp:attachment":[{"href":"https:\/\/agora.xtec.cat\/cfamartipolmanlleu\/wp-json\/wp\/v2\/media?parent=27"}],"curies":[{"name":"wp","href":"https:\/\/api.w.org\/{rel}","templated":true}]}}