{"id":2282,"date":"2025-11-07T11:10:14","date_gmt":"2025-11-07T10:10:14","guid":{"rendered":"https:\/\/agora.xtec.cat\/cfamartipolmanlleu\/?page_id=2282"},"modified":"2026-09-01T13:29:52","modified_gmt":"2026-09-01T11:29:52","slug":"on-som","status":"publish","type":"page","link":"https:\/\/agora.xtec.cat\/cfamartipolmanlleu\/el-centre\/on-som\/","title":{"rendered":"On som"},"content":{"rendered":"<p>Recuperem l&#8217;edifici de la Pla\u00e7a Llevant!<\/p>\n<p><iframe loading=\"lazy\" style=\"border: 0;\" src=\"https:\/\/www.google.com\/maps\/embed?pb=!1m18!1m12!1m3!1d2964.6296629669187!2d2.2858936753934884!3d42.00822285725821!2m3!1f0!2f0!3f0!3m2!1i1024!2i768!4f13.1!3m3!1m2!1s0x12a5259a33b8ed4b%3A0x3d7065a0a01614e!2sPla%C3%A7a%20Llevant%2C%203%2C%2008560%20Manlleu%2C%20Barcelona!5e0!3m2!1sca!2ses!4v1788260472829!5m2!1sca!2ses\" width=\"600\" height=\"450\" allowfullscreen=\"allowfullscreen\"><\/iframe><\/p>\n<p>\u00c9s a l&#8217;altra punta de Manlleu, a la <a href=\"https:\/\/www.google.com\/maps\/place\/Pla%C3%A7a+Llevant,+3,+08560+Manlleu,+Barcelona\/@42.0082927,2.2883132,147m\/data=!3m1!1e3!4m23!1m16!4m15!1m6!1m2!1s0x12a525ba35e570a9:0xfecdfd1878957f82!2sIES+Antoni+Pous+i+Argila,+Av.+de+Roma,+260,+08560+Manlleu,+Barcelona!2m2!1d2.2745168!2d42.0025045!1m6!1m2!1s0x12a5259a33b8ed4b:0x3d7065a0a01614e!2sPla%C3%A7a+Llevant,+3,+08560+Manlleu,+Barcelona!2m2!1d2.2884686!2d42.0082189!3e2!3m5!1s0x12a5259a33b8ed4b:0x3d7065a0a01614e!8m2!3d42.0082189!4d2.2884686!16s%2Fg%2F11gvwtf8_n?entry=ttu&amp;g_ep=EgoyMDI2MDYwOS4wIKXMDSoASAFQAw%3D%3D\"><strong>Pla\u00e7a Llevant 3<\/strong><\/a> (compte, que Google Maps encara no ha acabat de pair el canvi i de vegades us envia ben b\u00e9 al centre de Manlleu i all\u00ed no \u00e9s).<\/p>\n<p><a href=\"https:\/\/agora.xtec.cat\/cfamartipolmanlleu\/wp-content\/uploads\/usu883\/2026\/06\/Captura-de-pantalla-2026-06-12-124427.png\"><img loading=\"lazy\" decoding=\"async\" class=\"aligncenter size-large wp-image-2659\" src=\"https:\/\/agora.xtec.cat\/cfamartipolmanlleu\/wp-content\/uploads\/usu883\/2026\/06\/Captura-de-pantalla-2026-06-12-124427-1024x485.png\" alt=\"\" width=\"1024\" height=\"485\" srcset=\"https:\/\/agora.xtec.cat\/cfamartipolmanlleu\/wp-content\/uploads\/usu883\/2026\/06\/Captura-de-pantalla-2026-06-12-124427-1024x485.png 1024w, https:\/\/agora.xtec.cat\/cfamartipolmanlleu\/wp-content\/uploads\/usu883\/2026\/06\/Captura-de-pantalla-2026-06-12-124427-300x142.png 300w, https:\/\/agora.xtec.cat\/cfamartipolmanlleu\/wp-content\/uploads\/usu883\/2026\/06\/Captura-de-pantalla-2026-06-12-124427-768x364.png 768w, https:\/\/agora.xtec.cat\/cfamartipolmanlleu\/wp-content\/uploads\/usu883\/2026\/06\/Captura-de-pantalla-2026-06-12-124427-1536x728.png 1536w, https:\/\/agora.xtec.cat\/cfamartipolmanlleu\/wp-content\/uploads\/usu883\/2026\/06\/Captura-de-pantalla-2026-06-12-124427.png 1904w\" sizes=\"auto, (max-width: 1024px) 100vw, 1024px\" \/><\/a><\/p>\n<p><a href=\"https:\/\/agora.xtec.cat\/cfamartipolmanlleu\/wp-content\/uploads\/usu883\/2026\/06\/Captura-de-pantalla-2026-06-12-124729.png\"><img loading=\"lazy\" decoding=\"async\" class=\"aligncenter size-large wp-image-2660\" src=\"https:\/\/agora.xtec.cat\/cfamartipolmanlleu\/wp-content\/uploads\/usu883\/2026\/06\/Captura-de-pantalla-2026-06-12-124729-1024x588.png\" alt=\"\" width=\"1024\" height=\"588\" srcset=\"https:\/\/agora.xtec.cat\/cfamartipolmanlleu\/wp-content\/uploads\/usu883\/2026\/06\/Captura-de-pantalla-2026-06-12-124729-1024x588.png 1024w, https:\/\/agora.xtec.cat\/cfamartipolmanlleu\/wp-content\/uploads\/usu883\/2026\/06\/Captura-de-pantalla-2026-06-12-124729-300x172.png 300w, https:\/\/agora.xtec.cat\/cfamartipolmanlleu\/wp-content\/uploads\/usu883\/2026\/06\/Captura-de-pantalla-2026-06-12-124729-768x441.png 768w, https:\/\/agora.xtec.cat\/cfamartipolmanlleu\/wp-content\/uploads\/usu883\/2026\/06\/Captura-de-pantalla-2026-06-12-124729.png 1356w\" sizes=\"auto, (max-width: 1024px) 100vw, 1024px\" \/><\/a><\/p>\n","protected":false},"excerpt":{"rendered":"<p>Recuperem l&#8217;edifici de la Pla\u00e7a Llevant! \u00c9s a l&#8217;altra punta de Manlleu, a la Pla\u00e7a Llevant 3 (compte, que Google Maps encara no ha acabat de pair el canvi i de vegades us envia ben b\u00e9 al centre de Manlleu i all\u00ed no \u00e9s).<\/p>\n","protected":false},"author":1,"featured_media":0,"parent":261,"menu_order":20,"comment_status":"closed","ping_status":"closed","template":"","meta":{"_bbp_topic_count":0,"_bbp_reply_count":0,"_bbp_total_topic_count":0,"_bbp_total_reply_count":0,"_bbp_voice_count":0,"_bbp_anonymous_reply_count":0,"_bbp_topic_count_hidden":0,"_bbp_reply_count_hidden":0,"_bbp_forum_subforum_count":0,"site-sidebar-layout":"default","site-content-layout":"","ast-site-content-layout":"default","site-content-style":"default","site-sidebar-style":"default","ast-global-header-display":"","ast-banner-title-visibility":"","ast-main-header-display":"","ast-hfb-above-header-display":"","ast-hfb-below-header-display":"","ast-hfb-mobile-header-display":"","site-post-title":"","ast-breadcrumbs-content":"","ast-featured-img":"","footer-sml-layout":"","theme-transparent-header-meta":"default","adv-header-id-meta":"","stick-header-meta":"","header-above-stick-meta":"","header-main-stick-meta":"","header-below-stick-meta":"","astra-migrate-meta-layouts":"set","ast-page-background-enabled":"default","ast-page-background-meta":{"desktop":{"background-color":"var(--ast-global-color-4)","background-image":"","background-repeat":"repeat","background-position":"center center","background-size":"auto","background-attachment":"scroll","background-type":"","background-media":"","overlay-type":"","overlay-color":"","overlay-opacity":"","overlay-gradient":""},"tablet":{"background-color":"","background-image":"","background-repeat":"repeat","background-position":"center center","background-size":"auto","background-attachment":"scroll","background-type":"","background-media":"","overlay-type":"","overlay-color":"","overlay-opacity":"","overlay-gradient":""},"mobile":{"background-color":"","background-image":"","background-repeat":"repeat","background-position":"center center","background-size":"auto","background-attachment":"scroll","background-type":"","background-media":"","overlay-type":"","overlay-color":"","overlay-opacity":"","overlay-gradient":""}},"ast-content-background-meta":{"desktop":{"background-color":"var(--ast-global-color-5)","background-image":"","background-repeat":"repeat","background-position":"center center","background-size":"auto","background-attachment":"scroll","background-type":"","background-media":"","overlay-type":"","overlay-color":"","overlay-opacity":"","overlay-gradient":""},"tablet":{"background-color":"var(--ast-global-color-5)","background-image":"","background-repeat":"repeat","background-position":"center center","background-size":"auto","background-attachment":"scroll","background-type":"","background-media":"","overlay-type":"","overlay-color":"","overlay-opacity":"","overlay-gradient":""},"mobile":{"background-color":"var(--ast-global-color-5)","background-image":"","background-repeat":"repeat","background-position":"center center","background-size":"auto","background-attachment":"scroll","background-type":"","background-media":"","overlay-type":"","overlay-color":"","overlay-opacity":"","overlay-gradient":""}},"footnotes":""},"class_list":["post-2282","page","type-page","status-publish","hentry"],"post_mailing_queue_ids":[],"_links":{"self":[{"href":"https:\/\/agora.xtec.cat\/cfamartipolmanlleu\/wp-json\/wp\/v2\/pages\/2282","targetHints":{"allow":["GET"]}}],"collection":[{"href":"https:\/\/agora.xtec.cat\/cfamartipolmanlleu\/wp-json\/wp\/v2\/pages"}],"about":[{"href":"https:\/\/agora.xtec.cat\/cfamartipolmanlleu\/wp-json\/wp\/v2\/types\/page"}],"author":[{"embeddable":true,"href":"https:\/\/agora.xtec.cat\/cfamartipolmanlleu\/wp-json\/wp\/v2\/users\/1"}],"replies":[{"embeddable":true,"href":"https:\/\/agora.xtec.cat\/cfamartipolmanlleu\/wp-json\/wp\/v2\/comments?post=2282"}],"version-history":[{"count":6,"href":"https:\/\/agora.xtec.cat\/cfamartipolmanlleu\/wp-json\/wp\/v2\/pages\/2282\/revisions"}],"predecessor-version":[{"id":2762,"href":"https:\/\/agora.xtec.cat\/cfamartipolmanlleu\/wp-json\/wp\/v2\/pages\/2282\/revisions\/2762"}],"up":[{"embeddable":true,"href":"https:\/\/agora.xtec.cat\/cfamartipolmanlleu\/wp-json\/wp\/v2\/pages\/261"}],"wp:attachment":[{"href":"https:\/\/agora.xtec.cat\/cfamartipolmanlleu\/wp-json\/wp\/v2\/media?parent=2282"}],"curies":[{"name":"wp","href":"https:\/\/api.w.org\/{rel}","templated":true}]}}

<p>Recuperem l&#8217;edifici de la Plaça Llevant!</p>
<p><iframe loading="lazy" style="border: 0;" src="https://www.google.com/maps/embed?pb=!1m18!1m12!1m3!1d2964.6296629669187!2d2.2858936753934884!3d42.00822285725821!2m3!1f0!2f0!3f0!3m2!1i1024!2i768!4f13.1!3m3!1m2!1s0x12a5259a33b8ed4b%3A0x3d7065a0a01614e!2sPla%C3%A7a%20Llevant%2C%203%2C%2008560%20Manlleu%2C%20Barcelona!5e0!3m2!1sca!2ses!4v1788260472829!5m2!1sca!2ses" width="600" height="450" allowfullscreen="allowfullscreen"></iframe></p>
<p>És a l&#8217;altra punta de Manlleu, a la <a href="https://www.google.com/maps/place/Pla%C3%A7a+Llevant,+3,+08560+Manlleu,+Barcelona/@42.0082927,2.2883132,147m/data=!3m1!1e3!4m23!1m16!4m15!1m6!1m2!1s0x12a525ba35e570a9:0xfecdfd1878957f82!2sIES+Antoni+Pous+i+Argila,+Av.+de+Roma,+260,+08560+Manlleu,+Barcelona!2m2!1d2.2745168!2d42.0025045!1m6!1m2!1s0x12a5259a33b8ed4b:0x3d7065a0a01614e!2sPla%C3%A7a+Llevant,+3,+08560+Manlleu,+Barcelona!2m2!1d2.2884686!2d42.0082189!3e2!3m5!1s0x12a5259a33b8ed4b:0x3d7065a0a01614e!8m2!3d42.0082189!4d2.2884686!16s%2Fg%2F11gvwtf8_n?entry=ttu&amp;g_ep=EgoyMDI2MDYwOS4wIKXMDSoASAFQAw%3D%3D"><strong>Plaça Llevant 3</strong></a> (compte, que Google Maps encara no ha acabat de pair el canvi i de vegades us envia ben bé al centre de Manlleu i allí no és).</p>
<p><a href="https://agora.xtec.cat/cfamartipolmanlleu/wp-content/uploads/usu883/2026/06/Captura-de-pantalla-2026-06-12-124427.png"><img loading="lazy" decoding="async" class="aligncenter size-large wp-image-2659" src="https://agora.xtec.cat/cfamartipolmanlleu/wp-content/uploads/usu883/2026/06/Captura-de-pantalla-2026-06-12-124427-1024x485.png" alt="" width="1024" height="485" srcset="https://agora.xtec.cat/cfamartipolmanlleu/wp-content/uploads/usu883/2026/06/Captura-de-pantalla-2026-06-12-124427-1024x485.png 1024w, https://agora.xtec.cat/cfamartipolmanlleu/wp-content/uploads/usu883/2026/06/Captura-de-pantalla-2026-06-12-124427-300x142.png 300w, https://agora.xtec.cat/cfamartipolmanlleu/wp-content/uploads/usu883/2026/06/Captura-de-pantalla-2026-06-12-124427-768x364.png 768w, https://agora.xtec.cat/cfamartipolmanlleu/wp-content/uploads/usu883/2026/06/Captura-de-pantalla-2026-06-12-124427-1536x728.png 1536w, https://agora.xtec.cat/cfamartipolmanlleu/wp-content/uploads/usu883/2026/06/Captura-de-pantalla-2026-06-12-124427.png 1904w" sizes="auto, (max-width: 1024px) 100vw, 1024px" /></a></p>
<p><a href="https://agora.xtec.cat/cfamartipolmanlleu/wp-content/uploads/usu883/2026/06/Captura-de-pantalla-2026-06-12-124729.png"><img loading="lazy" decoding="async" class="aligncenter size-large wp-image-2660" src="https://agora.xtec.cat/cfamartipolmanlleu/wp-content/uploads/usu883/2026/06/Captura-de-pantalla-2026-06-12-124729-1024x588.png" alt="" width="1024" height="588" srcset="https://agora.xtec.cat/cfamartipolmanlleu/wp-content/uploads/usu883/2026/06/Captura-de-pantalla-2026-06-12-124729-1024x588.png 1024w, https://agora.xtec.cat/cfamartipolmanlleu/wp-content/uploads/usu883/2026/06/Captura-de-pantalla-2026-06-12-124729-300x172.png 300w, https://agora.xtec.cat/cfamartipolmanlleu/wp-content/uploads/usu883/2026/06/Captura-de-pantalla-2026-06-12-124729-768x441.png 768w, https://agora.xtec.cat/cfamartipolmanlleu/wp-content/uploads/usu883/2026/06/Captura-de-pantalla-2026-06-12-124729.png 1356w" sizes="auto, (max-width: 1024px) 100vw, 1024px" /></a></p>

<p>Recuperem l&#8217;edifici de la Plaça Llevant! És a l&#8217;altra punta de Manlleu, a la Plaça Llevant 3 (compte, que Google Maps encara no ha acabat de pair el canvi i de vegades us envia ben bé al centre de Manlleu i allí no és).</p>
