{"id":2242,"date":"2025-11-01T12:24:29","date_gmt":"2025-11-01T11:24:29","guid":{"rendered":"https:\/\/agora.xtec.cat\/cfamartipolmanlleu\/?page_id=2242"},"modified":"2025-11-27T16:13:22","modified_gmt":"2025-11-27T15:13:22","slug":"teixit-local","status":"publish","type":"page","link":"https:\/\/agora.xtec.cat\/cfamartipolmanlleu\/recursos\/teixit-local\/","title":{"rendered":"Teixit local"},"content":{"rendered":"<p>Enlla\u00e7os de proximitat:<\/p>\n<ul>\n<li><a href=\"https:\/\/agora.xtec.cat\/ies-antoni-pous\/\">Institut Antoni Pous i Argila<\/a> &#8211; Els nostres companys de pis<\/li>\n<li><a href=\"https:\/\/www.manlleu.cat\/\">Ajuntament de Manlleu<\/a> &#8211; Tota la informaci\u00f3 de la ciutat i seu electr\u00f2nica<\/li>\n<li><a href=\"https:\/\/www.bibliotecamanlleu.cat\/\">Biblioteca Municipal de Manlleu<\/a> &#8211; Un espai de llibres i divulgaci\u00f3 cultural.<\/li>\n<li><a href=\"https:\/\/www.museudelter.cat\/\">Museu del Ter<\/a> &#8211; Patrimoni cultural vinculat a la hist\u00f2ria de la industrialitzaci\u00f3 i el patrimoni natural del riu Ter<\/li>\n<li><a href=\"https:\/\/www.entitatsmanlleu.cat\/\">Portal d&#8217;Entitats de Manlleu<\/a> &#8211; Espai on consultar les dades de les entitats del nostre municipi, classificada per \u00e0mbits d&#8217;actuaci\u00f3<\/li>\n<li><a href=\"https:\/\/www.elter.net\/\">El Ter<\/a> &#8211; Per saber-ho tot de Manlleu<\/li>\n<li><a href=\"https:\/\/webs.gegants.cat\/manlleu\/\">Colla Gegantera i Grallera de Manlleu<\/a> &#8211; Calendari, imatgeria i informaci\u00f3<\/li>\n<li><a href=\"http:\/\/www.cordecarxofa.cat\/\">Cor de Carxofa<\/a> &#8211; Associaci\u00f3 de foment de la glosa<\/li>\n<li><a href=\"https:\/\/www.gdter.org\/\">Grup de defensa del Ter<\/a> &#8211; Associaci\u00f3 ecologista<\/li>\n<li><a href=\"https:\/\/www.gfmanlleu.cat\/\">GFM<\/a> &#8211; Grup Fotogr\u00e0fic de Manlleu<\/li>\n<li><a href=\"https:\/\/gem.entitatsmanlleu.cat\/\">GEM<\/a> &#8211; Grup Excursionista de Manlleu<\/li>\n<li><a href=\"https:\/\/www.mabmanlleu.cat\/\">MAB<\/a> &#8211; Associaci\u00f3 de Botiguers de Manlleu<\/li>\n<li><a href=\"https:\/\/teatrecentre.cat\/\">Teatre Centre<\/a> &#8211; Produccions teatrals propies i contractades i formaci\u00f3 per a nens i adults<\/li>\n<li><a href=\"https:\/\/www.maresmon.org\/\">Maresmon<\/a> &#8211; Projectes d\u2019acollida, tallers de participaci\u00f3 ciutadana i programes de formaci\u00f3 laboral, fomentant valors com la toler\u00e0ncia, el comprom\u00eds o l&#8217;ajut desinteressat<\/li>\n<li><a href=\"https:\/\/boirabaixa.cat\/\">Boira Baixa<\/a> &#8211; Casal popular<\/li>\n<li><a href=\"https:\/\/casalgentgranmanlleu.cat\/\">Associaci\u00f3 de la Gent Gran del Casal de Manlleu<\/a> &#8211; Entitat que agrupa a la gent gran del nostre municipi i rodalies.<\/li>\n<li><a href=\"https:\/\/www.serpentmanlleu.cat\/\">Festa del Serpent de Manlleu<\/a> &#8211; Celebraci\u00f3 del 14 d\u2019agost<\/li>\n<li><a href=\"http:\/\/usuaris.webflex.cat\/tonismanlleu\/\">Festes dels Tonis de Manlleu<\/a> &#8211; Commemoraci\u00f3 de car\u00e0cter religi\u00f3s i popular<\/li>\n<li><a href=\"https:\/\/carrersdemanlleu.blogspot.com\/\">Els noms dels carrers de Manlleu<\/a> &#8211; Estudi sobre l\u2019origen, desenvolupament i caracter\u00edstiques especials dels carrers de la ciutat<\/li>\n<li><a href=\"https:\/\/manlleuhistoric.blogspot.com\/\">Manlleu hist\u00f2ric<\/a> &#8211; Blog amb tota la Hist\u00f2ria de Manlleu<\/li>\n<\/ul>\n","protected":false},"excerpt":{"rendered":"<p>Enlla\u00e7os de proximitat: Institut Antoni Pous i Argila &#8211; Els nostres companys de pis Ajuntament de Manlleu &#8211; Tota la informaci\u00f3 de la ciutat i seu electr\u00f2nica Biblioteca Municipal de Manlleu &#8211; Un espai de llibres i divulgaci\u00f3 cultural. Museu del Ter &#8211; Patrimoni cultural vinculat a la hist\u00f2ria de la industrialitzaci\u00f3 i el patrimoni [&hellip;]<\/p>\n","protected":false},"author":1,"featured_media":0,"parent":2145,"menu_order":95,"comment_status":"closed","ping_status":"closed","template":"","meta":{"_bbp_topic_count":0,"_bbp_reply_count":0,"_bbp_total_topic_count":0,"_bbp_total_reply_count":0,"_bbp_voice_count":0,"_bbp_anonymous_reply_count":0,"_bbp_topic_count_hidden":0,"_bbp_reply_count_hidden":0,"_bbp_forum_subforum_count":0,"site-sidebar-layout":"default","site-content-layout":"","ast-site-content-layout":"default","site-content-style":"default","site-sidebar-style":"default","ast-global-header-display":"","ast-banner-title-visibility":"","ast-main-header-display":"","ast-hfb-above-header-display":"","ast-hfb-below-header-display":"","ast-hfb-mobile-header-display":"","site-post-title":"","ast-breadcrumbs-content":"","ast-featured-img":"","footer-sml-layout":"","theme-transparent-header-meta":"default","adv-header-id-meta":"","stick-header-meta":"","header-above-stick-meta":"","header-main-stick-meta":"","header-below-stick-meta":"","astra-migrate-meta-layouts":"set","ast-page-background-enabled":"default","ast-page-background-meta":{"desktop":{"background-color":"var(--ast-global-color-4)","background-image":"","background-repeat":"repeat","background-position":"center center","background-size":"auto","background-attachment":"scroll","background-type":"","background-media":"","overlay-type":"","overlay-color":"","overlay-opacity":"","overlay-gradient":""},"tablet":{"background-color":"","background-image":"","background-repeat":"repeat","background-position":"center center","background-size":"auto","background-attachment":"scroll","background-type":"","background-media":"","overlay-type":"","overlay-color":"","overlay-opacity":"","overlay-gradient":""},"mobile":{"background-color":"","background-image":"","background-repeat":"repeat","background-position":"center center","background-size":"auto","background-attachment":"scroll","background-type":"","background-media":"","overlay-type":"","overlay-color":"","overlay-opacity":"","overlay-gradient":""}},"ast-content-background-meta":{"desktop":{"background-color":"var(--ast-global-color-5)","background-image":"","background-repeat":"repeat","background-position":"center center","background-size":"auto","background-attachment":"scroll","background-type":"","background-media":"","overlay-type":"","overlay-color":"","overlay-opacity":"","overlay-gradient":""},"tablet":{"background-color":"var(--ast-global-color-5)","background-image":"","background-repeat":"repeat","background-position":"center center","background-size":"auto","background-attachment":"scroll","background-type":"","background-media":"","overlay-type":"","overlay-color":"","overlay-opacity":"","overlay-gradient":""},"mobile":{"background-color":"var(--ast-global-color-5)","background-image":"","background-repeat":"repeat","background-position":"center center","background-size":"auto","background-attachment":"scroll","background-type":"","background-media":"","overlay-type":"","overlay-color":"","overlay-opacity":"","overlay-gradient":""}},"footnotes":""},"class_list":["post-2242","page","type-page","status-publish","hentry"],"post_mailing_queue_ids":[],"_links":{"self":[{"href":"https:\/\/agora.xtec.cat\/cfamartipolmanlleu\/wp-json\/wp\/v2\/pages\/2242","targetHints":{"allow":["GET"]}}],"collection":[{"href":"https:\/\/agora.xtec.cat\/cfamartipolmanlleu\/wp-json\/wp\/v2\/pages"}],"about":[{"href":"https:\/\/agora.xtec.cat\/cfamartipolmanlleu\/wp-json\/wp\/v2\/types\/page"}],"author":[{"embeddable":true,"href":"https:\/\/agora.xtec.cat\/cfamartipolmanlleu\/wp-json\/wp\/v2\/users\/1"}],"replies":[{"embeddable":true,"href":"https:\/\/agora.xtec.cat\/cfamartipolmanlleu\/wp-json\/wp\/v2\/comments?post=2242"}],"version-history":[{"count":6,"href":"https:\/\/agora.xtec.cat\/cfamartipolmanlleu\/wp-json\/wp\/v2\/pages\/2242\/revisions"}],"predecessor-version":[{"id":2394,"href":"https:\/\/agora.xtec.cat\/cfamartipolmanlleu\/wp-json\/wp\/v2\/pages\/2242\/revisions\/2394"}],"up":[{"embeddable":true,"href":"https:\/\/agora.xtec.cat\/cfamartipolmanlleu\/wp-json\/wp\/v2\/pages\/2145"}],"wp:attachment":[{"href":"https:\/\/agora.xtec.cat\/cfamartipolmanlleu\/wp-json\/wp\/v2\/media?parent=2242"}],"curies":[{"name":"wp","href":"https:\/\/api.w.org\/{rel}","templated":true}]}}