{"id":261,"date":"2015-01-27T17:25:01","date_gmt":"2015-01-27T16:25:01","guid":{"rendered":"http:\/\/agora.xtec.cat\/cfamarinada\/\/?page_id=261"},"modified":"2020-07-15T17:06:14","modified_gmt":"2020-07-15T15:06:14","slug":"el-centre","status":"publish","type":"page","link":"https:\/\/agora.xtec.cat\/cfamarinada\/el-centre\/","title":{"rendered":"El Centre"},"content":{"rendered":"<p>Aqu\u00ed podr\u00e0s con\u00e8ixer millor la nostra escola.<\/p>\n<ul>\n<li>On som?<\/li>\n<li>Hist\u00f2ria<\/li>\n<li>Instal\u00b7lacions<\/li>\n<li>Organitzaci\u00f3 interna<\/li>\n<li>Calendari escolar<\/li>\n<li>Normes del centre<\/li>\n<li>Projecte educatiu<\/li>\n<li>Projecte ling\u00fc\u00edstic<\/li>\n<\/ul>\n","protected":false},"excerpt":{"rendered":"<p>Aqu\u00ed podr\u00e0s con\u00e8ixer millor la nostra escola.<\/p>\n<ul>\n<li>On som?<\/li>\n<li>Hist\u00f2ria<\/li>\n<li>Instal\u00b7lacions<\/li>\n<li>Organitzaci\u00f3 interna<\/li>\n<li>Calendari escolar<\/li>\n<li>Normes del centre<\/li>\n<li>Projecte educatiu<\/li>\n<li>Projecte ling\u00fc\u00edstic<\/li>\n<\/ul>\n","protected":false},"author":2,"featured_media":0,"parent":0,"menu_order":0,"comment_status":"closed","ping_status":"closed","template":"page-templates\/side-menu.php","meta":{"_bbp_topic_count":0,"_bbp_reply_count":0,"_bbp_total_topic_count":0,"_bbp_total_reply_count":0,"_bbp_voice_count":0,"_bbp_anonymous_reply_count":0,"_bbp_topic_count_hidden":0,"_bbp_reply_count_hidden":0,"_bbp_forum_subforum_count":0,"footnotes":""},"class_list":["post-261","page","type-page","status-publish","hentry"],"post_mailing_queue_ids":[],"_links":{"self":[{"href":"https:\/\/agora.xtec.cat\/cfamarinada\/wp-json\/wp\/v2\/pages\/261","targetHints":{"allow":["GET"]}}],"collection":[{"href":"https:\/\/agora.xtec.cat\/cfamarinada\/wp-json\/wp\/v2\/pages"}],"about":[{"href":"https:\/\/agora.xtec.cat\/cfamarinada\/wp-json\/wp\/v2\/types\/page"}],"author":[{"embeddable":true,"href":"https:\/\/agora.xtec.cat\/cfamarinada\/wp-json\/wp\/v2\/users\/2"}],"replies":[{"embeddable":true,"href":"https:\/\/agora.xtec.cat\/cfamarinada\/wp-json\/wp\/v2\/comments?post=261"}],"version-history":[{"count":3,"href":"https:\/\/agora.xtec.cat\/cfamarinada\/wp-json\/wp\/v2\/pages\/261\/revisions"}],"predecessor-version":[{"id":1071,"href":"https:\/\/agora.xtec.cat\/cfamarinada\/wp-json\/wp\/v2\/pages\/261\/revisions\/1071"}],"wp:attachment":[{"href":"https:\/\/agora.xtec.cat\/cfamarinada\/wp-json\/wp\/v2\/media?parent=261"}],"curies":[{"name":"wp","href":"https:\/\/api.w.org\/{rel}","templated":true}]}}