{"id":322,"date":"2015-01-28T11:36:17","date_gmt":"2015-01-28T10:36:17","guid":{"rendered":"http:\/\/agora.xtec.cat\/cfamariaverdaguer\/?page_id=322"},"modified":"2023-01-26T12:50:51","modified_gmt":"2023-01-26T11:50:51","slug":"a-la-universitat-per-a-majors-de-25-i-45-anys","status":"publish","type":"page","link":"https:\/\/agora.xtec.cat\/cfamariaverdaguer\/ensenyaments\/ensenyaments-per-a-la-preparacio-de-proves-dacces\/a-la-universitat-per-a-majors-de-25-i-45-anys\/","title":{"rendered":"A la universitat per a majors de 25 i 45 anys"},"content":{"rendered":"<p dir=\"ltr\">Aquests estudis\u00a0<strong>preparen les persones m\u00e9s grans de 25 \u00a0i 45 anys per a les proves d&#8217;acc\u00e9s a la universitat.<\/strong><\/p>\n<p dir=\"ltr\">La durada per a la preparaci\u00f3 de les proves d&#8217;acc\u00e9s a la universitat \u00e9s de\u00a0<strong>230 hores per a la part comuna i de 99 hores per a la part espec\u00edfica.<\/strong><\/p>\n<p dir=\"ltr\"><strong>El curs comen\u00e7a a finals de setembre i acaba a mitjans d\u2019abril,<\/strong> ja que les proves es realitzen a finals d\u2019abril.<\/p>\n<p dir=\"ltr\">Les mat\u00e8ries de la fase general per als majors de 25 anys s\u00f3n les seg\u00fcents: comentari de text, llengua catalana, llengua castellana i angl\u00e8s.<\/p>\n<p dir=\"ltr\">Quant a les mat\u00e8ries de la fase espec\u00edfica, l\u2019alumnat ha d&#8217;escollir dues mat\u00e8ries relacionades amb una de les cinc branques del coneixement entorn de les quals s&#8217;organitzen els t\u00edtols universitaris de grau.\u00a0<strong>L\u2019escola dona orientacions per a la preparaci\u00f3 de les mat\u00e8ries espec\u00edfiques per\u00f2 no imparteix continguts al respecte.<\/strong><\/p>\n<p dir=\"ltr\">Els alumnes majors de 45 anys han de cursar nom\u00e9s les mat\u00e8ries de comentari de text, llengua catalana i llengua castellana. No han de fer examen de llengua estrangera i ni de les mat\u00e8ries espec\u00edfiques.<\/p>\n<p dir=\"ltr\"><a href=\"https:\/\/triaeducativa.gencat.cat\/ca\/educacio-adults\/ofertats\/proves-acces\/?p_id=285&amp;estudi\" target=\"_blank\" rel=\"noopener noreferrer\"><strong>M\u00c9S INFORMACI\u00d3<\/strong><\/a><\/p>\n<h1 dir=\"ltr\"><\/h1>\n","protected":false},"excerpt":{"rendered":"<p>Aquests estudis\u00a0preparen les persones m\u00e9s grans de 25 \u00a0i 45 anys per a les proves d&#8217;acc\u00e9s a la universitat.<br \/>\nLa durada per a la preparaci\u00f3 de les proves d&#8217;acc\u00e9s a la universitat \u00e9s de\u00a0230 hores per a la part comuna i de 99 hores per a&hellip;  <a href=\"https:\/\/agora.xtec.cat\/cfamariaverdaguer\/ensenyaments\/ensenyaments-per-a-la-preparacio-de-proves-dacces\/a-la-universitat-per-a-majors-de-25-i-45-anys\/\" title=\"Read A la universitat per a majors de 25 i 45 anys\">Llegeix m\u00e9s\u00bb<\/a><\/p>\n","protected":false},"author":1,"featured_media":0,"parent":288,"menu_order":20,"comment_status":"closed","ping_status":"closed","template":"page-templates\/side-menu.php","meta":{"_bbp_topic_count":0,"_bbp_reply_count":0,"_bbp_total_topic_count":0,"_bbp_total_reply_count":0,"_bbp_voice_count":0,"_bbp_anonymous_reply_count":0,"_bbp_topic_count_hidden":0,"_bbp_reply_count_hidden":0,"_bbp_forum_subforum_count":0,"footnotes":""},"class_list":["post-322","page","type-page","status-publish","hentry"],"post_mailing_queue_ids":[],"_links":{"self":[{"href":"https:\/\/agora.xtec.cat\/cfamariaverdaguer\/wp-json\/wp\/v2\/pages\/322","targetHints":{"allow":["GET"]}}],"collection":[{"href":"https:\/\/agora.xtec.cat\/cfamariaverdaguer\/wp-json\/wp\/v2\/pages"}],"about":[{"href":"https:\/\/agora.xtec.cat\/cfamariaverdaguer\/wp-json\/wp\/v2\/types\/page"}],"author":[{"embeddable":true,"href":"https:\/\/agora.xtec.cat\/cfamariaverdaguer\/wp-json\/wp\/v2\/users\/1"}],"replies":[{"embeddable":true,"href":"https:\/\/agora.xtec.cat\/cfamariaverdaguer\/wp-json\/wp\/v2\/comments?post=322"}],"version-history":[{"count":4,"href":"https:\/\/agora.xtec.cat\/cfamariaverdaguer\/wp-json\/wp\/v2\/pages\/322\/revisions"}],"predecessor-version":[{"id":2100,"href":"https:\/\/agora.xtec.cat\/cfamariaverdaguer\/wp-json\/wp\/v2\/pages\/322\/revisions\/2100"}],"up":[{"embeddable":true,"href":"https:\/\/agora.xtec.cat\/cfamariaverdaguer\/wp-json\/wp\/v2\/pages\/288"}],"wp:attachment":[{"href":"https:\/\/agora.xtec.cat\/cfamariaverdaguer\/wp-json\/wp\/v2\/media?parent=322"}],"curies":[{"name":"wp","href":"https:\/\/api.w.org\/{rel}","templated":true}]}}