{"id":2093,"date":"2023-01-26T12:20:27","date_gmt":"2023-01-26T11:20:27","guid":{"rendered":"https:\/\/agora.xtec.cat\/cfamariaverdaguer\/?page_id=2093"},"modified":"2023-01-26T12:25:11","modified_gmt":"2023-01-26T11:25:11","slug":"a-cicles-formatius-de-grau-mitja","status":"publish","type":"page","link":"https:\/\/agora.xtec.cat\/cfamariaverdaguer\/ensenyaments\/ensenyaments-per-a-la-preparacio-de-proves-dacces\/a-cicles-formatius-de-grau-mitja\/","title":{"rendered":"A cicles formatius de Grau Mitj\u00e0"},"content":{"rendered":"<p dir=\"ltr\">Aquests estudis <strong>preparen per presentar-se a les proves d\u2019acc\u00e9s als cicles de grau mitj\u00e0 de formaci\u00f3 professional, d\u2019arts pl\u00e0stiques i disseny, i d\u2019ensenyaments esportius.<\/strong><\/p>\n<p dir=\"ltr\">La durada per a la preparaci\u00f3 de les proves d&#8217;acc\u00e9s al grau mitj\u00e0 \u00e9s de<strong>\u00a0330 hores.\u00a0El curs \u00e9s Anual, s\u2019inicia el setembre i acaba a finals d\u2019abril.<\/strong><\/p>\n<p dir=\"ltr\">Les mat\u00e8ries de la prova d\u2019acc\u00e9s a cicles formatius de grau mitj\u00e0 s\u00f3n les seg\u00fcents: compet\u00e8ncia en llengua catalana i castellana, compet\u00e8ncia en llengua estrangera, compet\u00e8ncia social i ciutadana, compet\u00e8ncia matem\u00e0tica, compet\u00e8ncia d\u2019interacci\u00f3 amb el m\u00f3n f\u00edsic i compet\u00e8ncia en tecnologies.<\/p>\n<p dir=\"ltr\">La superaci\u00f3 de la prova d&#8217;acc\u00e9s a cicles formatius de Grau Mitj\u00e0:<\/p>\n<ul>\n<li dir=\"ltr\">\n<p dir=\"ltr\">No equival a cap titulaci\u00f3 acad\u00e8mica, tan sols dona la possibilitat a qui no t\u00e9 la titulaci\u00f3 exigida de poder-se matricular a un cicle formatiu de Grau Mitj\u00e0.<\/p>\n<\/li>\n<li dir=\"ltr\">\n<p dir=\"ltr\">Les proves superades tenen validesa permanent i a tot l&#8217;Estat, per\u00f2 no garanteixen pla\u00e7a.<\/p>\n<\/li>\n<\/ul>\n<p dir=\"ltr\"><em><strong>REQUISITS\u00a0<\/strong><\/em><\/p>\n<p dir=\"ltr\"><strong>Per realitzar les proves d\u2019acc\u00e9s als cicles formatius de grau mitj\u00e0 s\u2019han de tenir 17 anys o complir-los l\u2019any natural en qu\u00e8 es realitza la prova.<\/strong><\/p>\n<p dir=\"ltr\">Tamb\u00e9 hi ha\u00a0<strong>exempcions\u00a0<\/strong>que cal tenir en compte segons la formaci\u00f3 i la vida laboral de l\u2019alumne. Es recomana tenir un nivell m\u00ednim d\u2019estudis.<\/p>\n<p dir=\"ltr\"><a href=\"https:\/\/triaeducativa.gencat.cat\/ca\/educacio-adults\/ofertats\/proves-acces\/?p_id=283&amp;estudi\" target=\"_blank\" rel=\"noopener noreferrer\"><strong>M\u00c9S INFORMACI\u00d3<\/strong><\/a><\/p>\n","protected":false},"excerpt":{"rendered":"<p>Aquests estudis preparen per presentar-se a les proves d\u2019acc\u00e9s als cicles de grau mitj\u00e0 de formaci\u00f3 professional, d\u2019arts pl\u00e0stiques i disseny, i d\u2019ensenyaments esportius.<br \/>\nLa durada per a la preparaci\u00f3 de les proves d&#8217;acc\u00e9s al grau mitj\u00e0 \u00e9s de\u00a0330 hores.\u00a0El curs \u00e9s Anual, s\u2019inicia el setembre&hellip;  <a href=\"https:\/\/agora.xtec.cat\/cfamariaverdaguer\/ensenyaments\/ensenyaments-per-a-la-preparacio-de-proves-dacces\/a-cicles-formatius-de-grau-mitja\/\" title=\"Read A cicles formatius de Grau Mitj\u00e0\">Llegeix m\u00e9s\u00bb<\/a><\/p>\n","protected":false},"author":1,"featured_media":0,"parent":288,"menu_order":10,"comment_status":"closed","ping_status":"closed","template":"page-templates\/side-menu.php","meta":{"_bbp_topic_count":0,"_bbp_reply_count":0,"_bbp_total_topic_count":0,"_bbp_total_reply_count":0,"_bbp_voice_count":0,"_bbp_anonymous_reply_count":0,"_bbp_topic_count_hidden":0,"_bbp_reply_count_hidden":0,"_bbp_forum_subforum_count":0,"footnotes":""},"class_list":["post-2093","page","type-page","status-publish","hentry"],"post_mailing_queue_ids":[],"_links":{"self":[{"href":"https:\/\/agora.xtec.cat\/cfamariaverdaguer\/wp-json\/wp\/v2\/pages\/2093","targetHints":{"allow":["GET"]}}],"collection":[{"href":"https:\/\/agora.xtec.cat\/cfamariaverdaguer\/wp-json\/wp\/v2\/pages"}],"about":[{"href":"https:\/\/agora.xtec.cat\/cfamariaverdaguer\/wp-json\/wp\/v2\/types\/page"}],"author":[{"embeddable":true,"href":"https:\/\/agora.xtec.cat\/cfamariaverdaguer\/wp-json\/wp\/v2\/users\/1"}],"replies":[{"embeddable":true,"href":"https:\/\/agora.xtec.cat\/cfamariaverdaguer\/wp-json\/wp\/v2\/comments?post=2093"}],"version-history":[{"count":1,"href":"https:\/\/agora.xtec.cat\/cfamariaverdaguer\/wp-json\/wp\/v2\/pages\/2093\/revisions"}],"predecessor-version":[{"id":2094,"href":"https:\/\/agora.xtec.cat\/cfamariaverdaguer\/wp-json\/wp\/v2\/pages\/2093\/revisions\/2094"}],"up":[{"embeddable":true,"href":"https:\/\/agora.xtec.cat\/cfamariaverdaguer\/wp-json\/wp\/v2\/pages\/288"}],"wp:attachment":[{"href":"https:\/\/agora.xtec.cat\/cfamariaverdaguer\/wp-json\/wp\/v2\/media?parent=2093"}],"curies":[{"name":"wp","href":"https:\/\/api.w.org\/{rel}","templated":true}]}}