{"id":621,"date":"2020-09-29T12:30:19","date_gmt":"2020-09-29T10:30:19","guid":{"rendered":"https:\/\/agora.xtec.cat\/cfalopont\/?page_id=621"},"modified":"2020-09-29T12:30:19","modified_gmt":"2020-09-29T10:30:19","slug":"projectes-5-estrelles","status":"publish","type":"page","link":"https:\/\/agora.xtec.cat\/cfalopont\/projecte-educatiu\/projectes-5-estrelles\/","title":{"rendered":"Projectes 5 estrelles"},"content":{"rendered":"<p>En els projectes 5 estrelles del centre es treballen de manera cont\u00ednua compet\u00e8ncies emocionals i transversals tant a l\u2019aula i com a fora. A m\u00e9s a m\u00e9s, tenen les seg\u00fcents particularitats:<\/p>\n<ul>\n<li><strong>Visi\u00f3 comunit\u00e0ria<\/strong>. Tots els projectes i activitats dels joves tenen com a objectiu aconseguir un canvi de mirada de la societat en la qual s\u2019han de desenvolupar com a persones un cop assolit l\u2019objectiu del seu itinerari. En aquest sentit des del centre es fa la tasca de mostrar a l\u2019exterior el que fan aquests joves (xarxes socials, facebook, Twiter, Instagram i mitjans de comunicaci\u00f3 del territori com Canal TTE, Imagina R\u00e0dio, La Veu de l\u2019Ebre i Ebredigital).<\/li>\n<li><strong>Integralitat 360 de l\u2019alumnat<\/strong>. Les activitats i projectes que es desenvolupen posen a la persona al centre del proc\u00e9s educatiu. El CFA Lo Pont connectem els aprenentatges des de diferents entorns tenint en compte la individualitat de les persones i la seva capacitat, sense discriminacions i de manera inclusiva, correponsabilitzant altres actors i recursos de la comunitat.<\/li>\n<li><strong>Xarxa i comunitat.<\/strong> El CFA Lo Pont compta amb el suport de l\u2019administraci\u00f3 local i supralocal per ubicar els punts d\u2019atenci\u00f3 a les persones joves. Treballem en espais cedits per l\u2019administraci\u00f3 per tal de prestar servei als joves i a les seves fam\u00edlies. S\u00f3n espais oberts on els i les tutores treballen amb diferents nivells i recursos d\u2019aprenentatge a l\u2019aula de manera transversal.<\/li>\n<li><strong>Flexibilitat<\/strong>. En les hores d\u2019atenci\u00f3 a l&#8217;alumnat, en les entrades i sortides conjunturals durant l\u2019execuci\u00f3 del seu itinerari i en la redefinici\u00f3 del seu pla de treball si \u00e9s necessari. Aquestes incid\u00e8ncies no comporten la sortida de l&#8217;alumnat del centre, es congela el seu itinerari i quan les circumst\u00e0ncies que han provocat la paralitzaci\u00f3 finalitzen, reemprenem la tasca del seu Pla de treball.<\/li>\n<\/ul>\n<p style=\"text-align: center;\"><a href=\"https:\/\/agora.xtec.cat\/cfalopont\/wp-content\/uploads\/usu1018\/2020\/09\/Projectes-5-estrelles-CFA-Lo-Pont.png\"><img loading=\"lazy\" decoding=\"async\" class=\"alignnone size-large wp-image-622\" src=\"https:\/\/agora.xtec.cat\/cfalopont\/wp-content\/uploads\/usu1018\/2020\/09\/Projectes-5-estrelles-CFA-Lo-Pont-1024x656.png\" alt=\"\" width=\"1024\" height=\"656\" srcset=\"https:\/\/agora.xtec.cat\/cfalopont\/wp-content\/uploads\/usu1018\/2020\/09\/Projectes-5-estrelles-CFA-Lo-Pont-1024x656.png 1024w, https:\/\/agora.xtec.cat\/cfalopont\/wp-content\/uploads\/usu1018\/2020\/09\/Projectes-5-estrelles-CFA-Lo-Pont-300x192.png 300w, https:\/\/agora.xtec.cat\/cfalopont\/wp-content\/uploads\/usu1018\/2020\/09\/Projectes-5-estrelles-CFA-Lo-Pont-768x492.png 768w, https:\/\/agora.xtec.cat\/cfalopont\/wp-content\/uploads\/usu1018\/2020\/09\/Projectes-5-estrelles-CFA-Lo-Pont.png 1096w\" sizes=\"auto, (max-width: 1024px) 100vw, 1024px\" \/><\/a><\/p>\n","protected":false},"excerpt":{"rendered":"<p>En els projectes 5 estrelles del centre es treballen de manera cont\u00ednua compet\u00e8ncies emocionals i transversals tant a l\u2019aula i com a fora. A m\u00e9s a m\u00e9s, tenen les seg\u00fcents particularitats:<\/p>\n<ul>\n<li>Visi\u00f3 comunit\u00e0ria. Tots els projectes i activitats dels joves tenen com a objectiu aconseguir un&hellip;  <a href=\"https:\/\/agora.xtec.cat\/cfalopont\/projecte-educatiu\/projectes-5-estrelles\/\" title=\"Read Projectes 5 estrelles\">Llegeix m\u00e9s\u00bb<\/a><br \/>\n","protected":false},"author":1,"featured_media":0,"parent":57,"menu_order":2,"comment_status":"closed","ping_status":"closed","template":"page-templates\/side-menu.php","meta":{"_bbp_topic_count":0,"_bbp_reply_count":0,"_bbp_total_topic_count":0,"_bbp_total_reply_count":0,"_bbp_voice_count":0,"_bbp_anonymous_reply_count":0,"_bbp_topic_count_hidden":0,"_bbp_reply_count_hidden":0,"_bbp_forum_subforum_count":0,"footnotes":""},"class_list":["post-621","page","type-page","status-publish","hentry"],"post_mailing_queue_ids":[],"_links":{"self":[{"href":"https:\/\/agora.xtec.cat\/cfalopont\/wp-json\/wp\/v2\/pages\/621","targetHints":{"allow":["GET"]}}],"collection":[{"href":"https:\/\/agora.xtec.cat\/cfalopont\/wp-json\/wp\/v2\/pages"}],"about":[{"href":"https:\/\/agora.xtec.cat\/cfalopont\/wp-json\/wp\/v2\/types\/page"}],"author":[{"embeddable":true,"href":"https:\/\/agora.xtec.cat\/cfalopont\/wp-json\/wp\/v2\/users\/1"}],"replies":[{"embeddable":true,"href":"https:\/\/agora.xtec.cat\/cfalopont\/wp-json\/wp\/v2\/comments?post=621"}],"version-history":[{"count":1,"href":"https:\/\/agora.xtec.cat\/cfalopont\/wp-json\/wp\/v2\/pages\/621\/revisions"}],"predecessor-version":[{"id":623,"href":"https:\/\/agora.xtec.cat\/cfalopont\/wp-json\/wp\/v2\/pages\/621\/revisions\/623"}],"up":[{"embeddable":true,"href":"https:\/\/agora.xtec.cat\/cfalopont\/wp-json\/wp\/v2\/pages\/57"}],"wp:attachment":[{"href":"https:\/\/agora.xtec.cat\/cfalopont\/wp-json\/wp\/v2\/media?parent=621"}],"curies":[{"name":"wp","href":"https:\/\/api.w.org\/{rel}","templated":true}]}}