{"id":552,"date":"2019-08-14T11:07:17","date_gmt":"2019-08-14T09:07:17","guid":{"rendered":"https:\/\/agora.xtec.cat\/cfalopont\/?page_id=552"},"modified":"2020-02-05T08:46:21","modified_gmt":"2020-02-05T07:46:21","slug":"educacio-360","status":"publish","type":"page","link":"https:\/\/agora.xtec.cat\/cfalopont\/ensenyaments\/educacio-360\/","title":{"rendered":"Educaci\u00f3 360"},"content":{"rendered":"<p>Educaci\u00f3 360 \u00e9s una iniciativa educativa, social i pol\u00edtica que planteja connectar els aprenentatges que es produeixen en tots els temps i espais de la vida de les persones. Ho fa vinculant escola, fam\u00edlies i tots els recursos i actius de la comunitat i vetllant per garantir l\u2019equitat i la igualtat d\u2019oportunitats.<\/p>\n<p>La Fundaci\u00f3 Gentis forma part del grup impulsor d\u2019aquesta iniciativa a Terres de l\u2019Ebre que es va presentar p\u00fablicament el pasatmes de maig. Actualment \u00e9s una entitat membre de la\u00a0 Xarxa Territori d\u2019Educaci\u00f3 360 a Terres de l\u2019Ebre.<\/p>\n<p><a href=\"https:\/\/www.youtube.com\/watch?v=-Y17h1TwT8s\">Projecte Pipa. Land Art<\/a><\/p>\n<p>Articles de Premsa<\/p>\n<ul>\n<li><a href=\"http:\/\/www.aguaita.cat\/noticia\/14841\/arrenca\/alianca\/educacio\/360\/terres\/ebre\">http:\/\/www.aguaita.cat\/noticia\/14841\/arrenca\/alianca\/educacio\/360\/terres\/ebre<\/a><\/li>\n<li><a href=\"https:\/\/ebredigital.cat\/2019\/05\/09\/potenciar-leducacio-en-todes-direccions-repte-de-lalianca-educacio-360\/\">https:\/\/ebredigital.cat\/2019\/05\/09\/potenciar-leducacio-en-todes-direccions-repte-de-lalianca-educacio-360\/<\/a><\/li>\n<\/ul>\n<p>&nbsp;<\/p>\n","protected":false},"excerpt":{"rendered":"<p>Educaci\u00f3 360 \u00e9s una iniciativa educativa, social i pol\u00edtica que planteja connectar els aprenentatges que es produeixen en tots els temps i espais de la vida de les persones. Ho fa vinculant escola, fam\u00edlies i tots els recursos i actius de la comunitat i vetllant&hellip;  <a href=\"https:\/\/agora.xtec.cat\/cfalopont\/ensenyaments\/educacio-360\/\" title=\"Read Educaci\u00f3 360\">Llegeix m\u00e9s\u00bb<\/a><\/p>\n","protected":false},"author":1,"featured_media":0,"parent":274,"menu_order":0,"comment_status":"closed","ping_status":"closed","template":"page-templates\/side-menu.php","meta":{"_bbp_topic_count":0,"_bbp_reply_count":0,"_bbp_total_topic_count":0,"_bbp_total_reply_count":0,"_bbp_voice_count":0,"_bbp_anonymous_reply_count":0,"_bbp_topic_count_hidden":0,"_bbp_reply_count_hidden":0,"_bbp_forum_subforum_count":0,"footnotes":""},"class_list":["post-552","page","type-page","status-publish","hentry"],"post_mailing_queue_ids":[],"_links":{"self":[{"href":"https:\/\/agora.xtec.cat\/cfalopont\/wp-json\/wp\/v2\/pages\/552","targetHints":{"allow":["GET"]}}],"collection":[{"href":"https:\/\/agora.xtec.cat\/cfalopont\/wp-json\/wp\/v2\/pages"}],"about":[{"href":"https:\/\/agora.xtec.cat\/cfalopont\/wp-json\/wp\/v2\/types\/page"}],"author":[{"embeddable":true,"href":"https:\/\/agora.xtec.cat\/cfalopont\/wp-json\/wp\/v2\/users\/1"}],"replies":[{"embeddable":true,"href":"https:\/\/agora.xtec.cat\/cfalopont\/wp-json\/wp\/v2\/comments?post=552"}],"version-history":[{"count":3,"href":"https:\/\/agora.xtec.cat\/cfalopont\/wp-json\/wp\/v2\/pages\/552\/revisions"}],"predecessor-version":[{"id":583,"href":"https:\/\/agora.xtec.cat\/cfalopont\/wp-json\/wp\/v2\/pages\/552\/revisions\/583"}],"up":[{"embeddable":true,"href":"https:\/\/agora.xtec.cat\/cfalopont\/wp-json\/wp\/v2\/pages\/274"}],"wp:attachment":[{"href":"https:\/\/agora.xtec.cat\/cfalopont\/wp-json\/wp\/v2\/media?parent=552"}],"curies":[{"name":"wp","href":"https:\/\/api.w.org\/{rel}","templated":true}]}}