{"id":305,"date":"2015-01-28T11:24:04","date_gmt":"2015-01-28T10:24:04","guid":{"rendered":"http:\/\/agora.xtec.cat\/cfalopont\/?page_id=305"},"modified":"2022-11-03T09:04:01","modified_gmt":"2022-11-03T08:04:01","slug":"curs-dacces-als-cicles-de-grau-mitja","status":"publish","type":"page","link":"https:\/\/agora.xtec.cat\/cfalopont\/ensenyaments\/ensenyaments-inicials-i-formacio-basica\/curs-dacces-als-cicles-de-grau-mitja\/","title":{"rendered":"Curs espec\u00edfic d&#8217;acc\u00e9s als cicles de grau mitj\u00e0 (CAM)"},"content":{"rendered":"<p><strong>Nom del curs:<\/strong><\/p>\n<p>Curs d&#8217;Acc\u00e9s Espec\u00edfic a Grau Mitj\u00e0 (CAM)<\/p>\n<p><strong>\u00c0mbit\/Fam\u00edlia professional:<\/strong><\/p>\n<ul>\n<li>Formaci\u00f3 reglada<\/li>\n<\/ul>\n<p><strong>Dates:<\/strong><\/p>\n<ul>\n<li>No hi ha properes dates.<\/li>\n<\/ul>\n<p><strong>Empresa\/Entitat:<\/strong><\/p>\n<p>Centre de Formaci\u00f3 &#8220;Lo Pont&#8221; Fundaci\u00f3 Privada Gentis<\/p>\n<p><strong>Adre\u00e7a:<\/strong><\/p>\n<p>Avinguda de la Pau, 178 &#8211; 43580 Deltebre<\/p>\n<p>Telf: 977 894 645<\/p>\n<blockquote><p><strong>Requisits d&#8217;entrada:<\/strong> si tens 16 anys has d&#8217;haver realitzat un PFI; a\u00a0 partir de 18 anys cap requisit.<\/p><\/blockquote>\n","protected":false},"excerpt":{"rendered":"<p>Nom del curs:<br \/>\nCurs d&#8217;Acc\u00e9s Espec\u00edfic a Grau Mitj\u00e0 (CAM)<br \/>\n\u00c0mbit\/Fam\u00edlia professional:<\/p>\n<ul>\n<li>Formaci\u00f3 reglada<\/li>\n<\/ul>\n<p>Dates:<\/p>\n<ul>\n<li>No hi ha properes dates.<\/li>\n<\/ul>\n<p>Empresa\/Entitat:<br \/>\nCentre de Formaci\u00f3 &#8220;Lo Pont&#8221; Fundaci\u00f3 Privada Gentis<br \/>\nAdre\u00e7a:<br \/>\nAvinguda de la Pau, 178 &#8211; 43580 Deltebre<br \/>\nTelf: 977 894 645<br \/>\nRequisits d&#8217;entrada: si tens 16 anys has d&#8217;haver realitzat un PFI; a\u00a0 partir de&hellip;  <a href=\"https:\/\/agora.xtec.cat\/cfalopont\/ensenyaments\/ensenyaments-inicials-i-formacio-basica\/curs-dacces-als-cicles-de-grau-mitja\/\" title=\"Read Curs espec\u00edfic d&#8217;acc\u00e9s als cicles de grau mitj\u00e0 (CAM)\">Llegeix m\u00e9s\u00bb<\/a><\/p>\n","protected":false},"author":1,"featured_media":0,"parent":283,"menu_order":0,"comment_status":"closed","ping_status":"closed","template":"page-templates\/side-menu.php","meta":{"_bbp_topic_count":0,"_bbp_reply_count":0,"_bbp_total_topic_count":0,"_bbp_total_reply_count":0,"_bbp_voice_count":0,"_bbp_anonymous_reply_count":0,"_bbp_topic_count_hidden":0,"_bbp_reply_count_hidden":0,"_bbp_forum_subforum_count":0,"footnotes":""},"class_list":["post-305","page","type-page","status-publish","hentry"],"post_mailing_queue_ids":[],"_links":{"self":[{"href":"https:\/\/agora.xtec.cat\/cfalopont\/wp-json\/wp\/v2\/pages\/305","targetHints":{"allow":["GET"]}}],"collection":[{"href":"https:\/\/agora.xtec.cat\/cfalopont\/wp-json\/wp\/v2\/pages"}],"about":[{"href":"https:\/\/agora.xtec.cat\/cfalopont\/wp-json\/wp\/v2\/types\/page"}],"author":[{"embeddable":true,"href":"https:\/\/agora.xtec.cat\/cfalopont\/wp-json\/wp\/v2\/users\/1"}],"replies":[{"embeddable":true,"href":"https:\/\/agora.xtec.cat\/cfalopont\/wp-json\/wp\/v2\/comments?post=305"}],"version-history":[{"count":4,"href":"https:\/\/agora.xtec.cat\/cfalopont\/wp-json\/wp\/v2\/pages\/305\/revisions"}],"predecessor-version":[{"id":786,"href":"https:\/\/agora.xtec.cat\/cfalopont\/wp-json\/wp\/v2\/pages\/305\/revisions\/786"}],"up":[{"embeddable":true,"href":"https:\/\/agora.xtec.cat\/cfalopont\/wp-json\/wp\/v2\/pages\/283"}],"wp:attachment":[{"href":"https:\/\/agora.xtec.cat\/cfalopont\/wp-json\/wp\/v2\/media?parent=305"}],"curies":[{"name":"wp","href":"https:\/\/api.w.org\/{rel}","templated":true}]}}