{"id":312,"date":"2015-01-28T11:32:38","date_gmt":"2015-01-28T10:32:38","guid":{"rendered":"http:\/\/agora.xtec.cat\/cfalloretdemar\/?page_id=312"},"modified":"2022-05-24T18:59:58","modified_gmt":"2022-05-24T16:59:58","slug":"llengua-anglesa","status":"publish","type":"page","link":"https:\/\/agora.xtec.cat\/cfalloretdemar\/ensenyaments\/llengua-anglesa\/","title":{"rendered":"Llengua anglesa"},"content":{"rendered":"<p>&nbsp;<\/p>\n<table>\n<tbody>\n<tr>\n<td>&nbsp;<\/p>\n<h4 style=\"text-align: justify;\"><span style=\"color: #000000;\">Aquests ensenyaments, que tenen com a objectiu que les persones adultes assoleixin un grau de compet\u00e8ncia m\u00ednima en llengua anglesa, s&#8217;imparteixen en tres nivells: Llengua Anglesa nivell 1, 2 i 3, que es corresponen amb els nivells de compet\u00e8ncia A1, A2-1 i A2-2 del MECR (Marc Europeu Com\u00fa de Refer\u00e8ncia per a les Lleng\u00fces).<\/span><\/h4>\n<p>&nbsp;<\/p>\n<h4><span style=\"color: #993366;\"><u><b>ANGL\u00c8S FUNCIONAL\u00a0<\/b><\/u><\/span><\/h4>\n<h4 style=\"text-align: justify;\"><span style=\"color: #000000;\">En el nostre centre s&#8217;imparteixen els nivell <b>1, 2<\/b> i <strong>3<\/strong>.<\/span><\/h4>\n<h4 style=\"text-align: justify;\"><span style=\"color: #000000;\">En aquests cursos es treballen les habilitats de comprensi\u00f3 i producci\u00f3 orals i escrites que permeten fer front a la major part de situacions ling\u00fc\u00edstiques quotidianes.<\/span><\/h4>\n<h4 style=\"text-align: justify;\"><span style=\"color: #000000;\">Aquests ensenyaments tenen una durada d\u2019un curs acad\u00e8mic sencer, \u00e9s a dir, comencen al mes de setembre i acaben al juny.<\/span><\/h4>\n<h4 style=\"text-align: justify;\"><span style=\"color: #000000;\">El nivell 1 consta de 105 hores anuals distribu\u00efdes en 3 hores setmanals i els nivells 2 i 3 consten de 140 hores anuals distribu\u00efdes en 4 hores setmanals.<\/span><\/h4>\n<h4><span style=\"color: #000000;\">Al finalitzar el curs l\u2019alumnat obtindr\u00e0 el certificat oficial acreditatiu del nivell cursat reconegut.<\/span><\/h4>\n<h4><\/h4>\n<\/td>\n<\/tr>\n<\/tbody>\n<\/table>\n<p>&nbsp;<\/p>\n<p>&nbsp;<\/p>\n<p>&nbsp;<\/p>\n<h4><\/h4>\n<h4><\/h4>\n","protected":false},"excerpt":{"rendered":"<p>&nbsp;<\/p>\n<p>&nbsp;<br \/>\nAquests ensenyaments, que tenen com a objectiu que les persones adultes assoleixin un grau de compet\u00e8ncia m\u00ednima en llengua anglesa, s&#8217;imparteixen en tres nivells: Llengua Anglesa nivell 1, 2 i 3, que es corresponen amb els nivells de compet\u00e8ncia A1, A2-1 i A2-2 del MECR&hellip;  <a href=\"https:\/\/agora.xtec.cat\/cfalloretdemar\/ensenyaments\/llengua-anglesa\/\" title=\"Read Llengua anglesa\">Llegeix m\u00e9s\u00bb<\/a><\/p>\n","protected":false},"author":1,"featured_media":0,"parent":274,"menu_order":1,"comment_status":"closed","ping_status":"closed","template":"page-templates\/side-menu.php","meta":{"_bbp_topic_count":0,"_bbp_reply_count":0,"_bbp_total_topic_count":0,"_bbp_total_reply_count":0,"_bbp_voice_count":0,"_bbp_anonymous_reply_count":0,"_bbp_topic_count_hidden":0,"_bbp_reply_count_hidden":0,"_bbp_forum_subforum_count":0,"footnotes":""},"class_list":["post-312","page","type-page","status-publish","hentry"],"post_mailing_queue_ids":[],"_links":{"self":[{"href":"https:\/\/agora.xtec.cat\/cfalloretdemar\/wp-json\/wp\/v2\/pages\/312","targetHints":{"allow":["GET"]}}],"collection":[{"href":"https:\/\/agora.xtec.cat\/cfalloretdemar\/wp-json\/wp\/v2\/pages"}],"about":[{"href":"https:\/\/agora.xtec.cat\/cfalloretdemar\/wp-json\/wp\/v2\/types\/page"}],"author":[{"embeddable":true,"href":"https:\/\/agora.xtec.cat\/cfalloretdemar\/wp-json\/wp\/v2\/users\/1"}],"replies":[{"embeddable":true,"href":"https:\/\/agora.xtec.cat\/cfalloretdemar\/wp-json\/wp\/v2\/comments?post=312"}],"version-history":[{"count":3,"href":"https:\/\/agora.xtec.cat\/cfalloretdemar\/wp-json\/wp\/v2\/pages\/312\/revisions"}],"predecessor-version":[{"id":3117,"href":"https:\/\/agora.xtec.cat\/cfalloretdemar\/wp-json\/wp\/v2\/pages\/312\/revisions\/3117"}],"up":[{"embeddable":true,"href":"https:\/\/agora.xtec.cat\/cfalloretdemar\/wp-json\/wp\/v2\/pages\/274"}],"wp:attachment":[{"href":"https:\/\/agora.xtec.cat\/cfalloretdemar\/wp-json\/wp\/v2\/media?parent=312"}],"curies":[{"name":"wp","href":"https:\/\/api.w.org\/{rel}","templated":true}]}}