{"id":303,"date":"2015-01-28T11:23:05","date_gmt":"2015-01-28T10:23:05","guid":{"rendered":"http:\/\/agora.xtec.cat\/cfalloretdemar\/?page_id=303"},"modified":"2022-11-22T20:07:48","modified_gmt":"2022-11-22T19:07:48","slug":"graduat-en-educacio-secundaria-per-adults","status":"publish","type":"page","link":"https:\/\/agora.xtec.cat\/cfalloretdemar\/ensenyaments\/graduat-en-educacio-secundaria-per-adults\/","title":{"rendered":"Graduat en educaci\u00f3 secundaria (GES)"},"content":{"rendered":"<h3 id=\"sites-page-title-header\" style=\"text-align: justify;\" align=\"left\"><\/h3>\n<div id=\"sites-canvas-main\" class=\"sites-canvas-main\" style=\"text-align: justify;\"><\/div>\n<table class=\"sites-layout-name-one-column sites-layout-hbox\" cellspacing=\"0\">\n<tbody>\n<tr>\n<td class=\"sites-layout-tile sites-tile-name-content-1\">\n<h4 lang=\"es-ES\" align=\"justify\"><\/h4>\n<p>&nbsp;<\/p>\n<h4 lang=\"es-ES\" align=\"justify\"><em><strong><span style=\"color: #993366;\">Qu\u00e8 \u00e9s?<\/span><\/strong><\/em><\/h4>\n<h4 lang=\"es-ES\" align=\"justify\"><span style=\"color: #000000;\">El graduat en educaci\u00f3 secund\u00e0ria \u00e9s el t\u00edtol que obtenen els joves que han superat l&#8217;ESO o les persones adultes despr\u00e9s de seguir els estudis equivalents.<\/span><\/h4>\n<h4 style=\"text-align: justify;\"><span style=\"color: #000000;\">Aquest t\u00edtol ha substitu\u00eft l\u2019antic graduat escolar de l\u2019EGB i permet a tots els que vulguin cursar-lo poder continuar estudis de formaci\u00f3 professional de grau mitj\u00e0 (CFGM) o b\u00e9 de batxillerat, obtenir un t\u00edtol i millorar coneixements.Aquest curs s\u2019adre\u00e7a a estudiants que vulguin obtenir el graduat en educaci\u00f3 secund\u00e0ria.<\/span><\/h4>\n<p>&nbsp;<\/p>\n<h4 lang=\"es-ES\" align=\"justify\"><span style=\"color: #993366;\"><b><i>Requisits d&#8217;acc\u00e9s<\/i><\/b><\/span><\/h4>\n<h4><span style=\"color: #000000;\">Amb car\u00e0cter general poden accedir a l&#8217;educaci\u00f3 d&#8217;adults les persones que han complert 18 anys o b\u00e9 els compleixen durant l&#8217;any natural que inicien la formaci\u00f3.<\/span><br \/>\n<span style=\"color: #000000;\">Tamb\u00e9 hi poden accedir les persones que compleixen com a m\u00ednim 16 anys l&#8217;any natural que inicien la formaci\u00f3:<\/span><\/h4>\n<ul>\n<li>\n<h5><span style=\"color: #000000;\">si tenen un contracte laboral que els impedeix assistir als centres educatius en r\u00e8gim ordinari, si es troben en proc\u00e9s d&#8217;obtenci\u00f3 d&#8217;un perm\u00eds de treball, si s\u00f3n esportistes d&#8217;alt rendiment,<\/span><\/h5>\n<\/li>\n<li>\n<h5><span style=\"color: #000000;\">si han cursat un PFI (programa de formaci\u00f3 i inserci\u00f3),<\/span><\/h5>\n<\/li>\n<li>\n<h5><span style=\"color: #000000;\">si participen al programa d&#8217;experi\u00e8ncia professional per a l&#8217;ocupaci\u00f3 juvenil a Catalunya \u201cJoves per l&#8217;ocupaci\u00f3\u201d.<\/span><\/h5>\n<\/li>\n<\/ul>\n<h4><span style=\"color: #000000;\">Excepcionalment, el director\/a dels serveis territorials corresponents o pot autoritzar la incorporaci\u00f3 d&#8217;alumnes que no compleixen els requisits anteriors, previ informe de <\/span><span style=\"color: #000000;\">la Inspecci\u00f3 d&#8217;Educaci\u00f3.<\/span><\/h4>\n<p>&nbsp;<\/p>\n<h4 align=\"justify\"><span style=\"color: #993366;\"><b><i>Com s&#8217;organitza?<\/i><\/b><\/span><\/h4>\n<h4 style=\"text-align: justify;\"><span style=\"color: #000000;\">Les mat\u00e8ries que s&#8217;estudien per obtenir el GES s\u2019agrupen en tres grans \u00e0mbits de\u00a0<\/span><span style=\"color: #000000;\">coneixement:<\/span><\/h4>\n<p>&nbsp;<\/p>\n<ul>\n<li style=\"text-align: justify;\">\n<h4><span style=\"color: #000000;\">\u00e0mbit de la comunicaci\u00f3: inclou l\u2019estudi de les Lleng\u00fces i Literatures Catalana, Castellana i una Llengua Estrangera.<\/span><\/h4>\n<\/li>\n<li style=\"text-align: justify;\">\n<h4><span style=\"color: #000000;\">\u00e0mbit cient\u00edfic: inclou l\u2019estudi de les Matem\u00e0tiques, les Ci\u00e8ncies i la Tecnologia.<\/span><\/h4>\n<\/li>\n<li>\n<h4 style=\"text-align: justify;\"><span style=\"color: #000000;\">\u00e0mbit social: inclou l\u2019estudi de les Ci\u00e8ncies Socials, Geografia, Hist\u00f2ria, Educaci\u00f3 per a la Ciutadania, i aspectes de M\u00fasica i Educaci\u00f3 Visual i Pl\u00e0stica.<\/span><\/h4>\n<\/li>\n<\/ul>\n<h4 style=\"text-align: justify;\"><\/h4>\n<p>&nbsp;<\/p>\n<h4 style=\"text-align: justify;\"><span style=\"color: #000000;\">Cada \u00e0mbit de coneixement s\u2019organitza en <b>m\u00f2duls<\/b> trimestrals independents entre si, per\u00f2 que segueixen una progressi\u00f3, ordenats en dos nivells de dificultats: 1r <i>nivell <\/i>i <i>2n nivell. <\/i>Cada m\u00f2dul equival a 35 hores d&#8217;estudi.<\/span><\/h4>\n<p>&nbsp;<\/p>\n<h4 align=\"justify\"><span style=\"color: #993366;\"><b><i>Quants cursos s\u00f3n?\u00a0<\/i><\/b><\/span><\/h4>\n<h4 style=\"text-align: justify;\"><span style=\"color: #000000;\">Els estudis de GES s&#8217;organitzen en dos nivells (GES 1 i GES 2) que es poden cursar en dos cursos acad\u00e8mics (6 trimestres). Aquesta durada es pot flexibilitzar per a aquelles persones que ho necessitin en funci\u00f3 de la seva disponibilitat o ritme d&#8217;aprenentatge. <\/span><\/h4>\n<h4 style=\"text-align: justify;\"><span style=\"color: #000000;\">Segons els estudis o titulaci\u00f3 de l\u2019alumne se\u2019l matricula en el nivell que li correspongui. Els m\u00f2duls que un alumne no ha de cursar per la seva titulaci\u00f3 s\u00f3n convalidats. De la mateixa manera, un alumne pot acreditar alguns m\u00f2duls mitjan\u00e7ant una prova d&#8217;avaluaci\u00f3 inicial.<\/span><\/h4>\n<h4 style=\"text-align: justify;\"><span style=\"color: #000000;\">Per obtenir el t\u00edtol de GES l&#8217;alumnat ha de cursar i superar els 34 m\u00f2duls o, si escau, convalidar-los o acreditar-los.<\/span><\/h4>\n<p>&nbsp;<\/p>\n<h4 align=\"justify\"><span style=\"color: #993366;\"><b><i>En quines modalitats es pot cursar?\u00a0<\/i><\/b><\/span><\/h4>\n<h4 align=\"justify\"><span style=\"color: #000000;\">Els estudis de GES es poden cursar en tres modalitats :<\/span><\/h4>\n<p>&nbsp;<\/p>\n<ul>\n<li style=\"list-style-type: none;\">\n<ul>\n<li>\n<h4 style=\"text-align: justify;\"><span style=\"color: #000000;\">modalitat presencial, assistint a un centre o aula de formaci\u00f3 d&#8217;adults i assolint-ne els objectius.<\/span><\/h4>\n<\/li>\n<li style=\"text-align: justify;\">\n<h4><span style=\"color: #000000;\">modalitat a dist\u00e0ncia, a trav\u00e9s d&#8217;un centre de suport de l&#8217;Institut Obert de Catalunya.<\/span><\/h4>\n<\/li>\n<li>\n<h4><span style=\"color: #000000;\">modalitat a semipresencial, cursant alguns m\u00f2duls presencialment i d&#8217;altres a dist\u00e0ncia. a trav\u00e9s de l&#8217;Institut Obert de Catalunya.<\/span><\/h4>\n<\/li>\n<\/ul>\n<\/li>\n<\/ul>\n<h4 style=\"text-align: justify;\"><\/h4>\n<h4 style=\"text-align: justify;\"><span style=\"color: #000000;\">El CFA Lloret de Mar ofereix el GES en modalitat presencial, en modalitat semipresencial i en modalitat a dist\u00e0ncia, com a <b>centre de suport de l&#8217;IOC<\/b>.<\/span><\/h4>\n<p>&nbsp;<\/p>\n<h4 style=\"text-align: justify;\" align=\"justify\"><\/h4>\n<h4 style=\"text-align: justify;\" align=\"justify\"><\/h4>\n<h4 align=\"justify\"><\/h4>\n<h4 align=\"justify\"><span style=\"color: #993366;\"><b><i>Quan es pot comen\u00e7ar?<\/i><\/b><\/span><\/h4>\n<h4 style=\"text-align: justify;\"><span style=\"color: #000000;\">Com que els m\u00f2duls s\u00f3n trimestrals, cada trimestre s\u2019obre un per\u00edode de matr\u00edcula.<\/span><\/h4>\n<h4 align=\"justify\"><span style=\"color: #993366;\"><b><i>\u00a0<\/i><\/b><\/span><\/h4>\n<h5><\/h5>\n<h4 style=\"text-align: justify;\"><span style=\"color: #000000;\">\u00a0 \u00a0<\/span><\/h4>\n<\/td>\n<\/tr>\n<\/tbody>\n<\/table>\n<div id=\"sites-canvas-main\" class=\"sites-canvas-main\" style=\"text-align: justify;\"><\/div>\n","protected":false},"excerpt":{"rendered":"<p>&nbsp;<br \/>\nQu\u00e8 \u00e9s?<br \/>\nEl graduat en educaci\u00f3 secund\u00e0ria \u00e9s el t\u00edtol que obtenen els joves que han superat l&#8217;ESO o les persones adultes despr\u00e9s de seguir els estudis equivalents.<br \/>\nAquest t\u00edtol ha substitu\u00eft l\u2019antic graduat escolar de l\u2019EGB i permet a tots els que vulguin cursar-lo poder continuar&hellip;  <a href=\"https:\/\/agora.xtec.cat\/cfalloretdemar\/ensenyaments\/graduat-en-educacio-secundaria-per-adults\/\" title=\"Read Graduat en educaci\u00f3 secundaria (GES)\">Llegeix m\u00e9s\u00bb<\/a><\/p>\n","protected":false},"author":1,"featured_media":0,"parent":274,"menu_order":5,"comment_status":"closed","ping_status":"closed","template":"page-templates\/side-menu.php","meta":{"_bbp_topic_count":0,"_bbp_reply_count":0,"_bbp_total_topic_count":0,"_bbp_total_reply_count":0,"_bbp_voice_count":0,"_bbp_anonymous_reply_count":0,"_bbp_topic_count_hidden":0,"_bbp_reply_count_hidden":0,"_bbp_forum_subforum_count":0,"footnotes":""},"class_list":["post-303","page","type-page","status-publish","hentry"],"post_mailing_queue_ids":[],"_links":{"self":[{"href":"https:\/\/agora.xtec.cat\/cfalloretdemar\/wp-json\/wp\/v2\/pages\/303","targetHints":{"allow":["GET"]}}],"collection":[{"href":"https:\/\/agora.xtec.cat\/cfalloretdemar\/wp-json\/wp\/v2\/pages"}],"about":[{"href":"https:\/\/agora.xtec.cat\/cfalloretdemar\/wp-json\/wp\/v2\/types\/page"}],"author":[{"embeddable":true,"href":"https:\/\/agora.xtec.cat\/cfalloretdemar\/wp-json\/wp\/v2\/users\/1"}],"replies":[{"embeddable":true,"href":"https:\/\/agora.xtec.cat\/cfalloretdemar\/wp-json\/wp\/v2\/comments?post=303"}],"version-history":[{"count":4,"href":"https:\/\/agora.xtec.cat\/cfalloretdemar\/wp-json\/wp\/v2\/pages\/303\/revisions"}],"predecessor-version":[{"id":3432,"href":"https:\/\/agora.xtec.cat\/cfalloretdemar\/wp-json\/wp\/v2\/pages\/303\/revisions\/3432"}],"up":[{"embeddable":true,"href":"https:\/\/agora.xtec.cat\/cfalloretdemar\/wp-json\/wp\/v2\/pages\/274"}],"wp:attachment":[{"href":"https:\/\/agora.xtec.cat\/cfalloretdemar\/wp-json\/wp\/v2\/media?parent=303"}],"curies":[{"name":"wp","href":"https:\/\/api.w.org\/{rel}","templated":true}]}}