{"id":2597,"date":"2020-08-04T16:33:56","date_gmt":"2020-08-04T14:33:56","guid":{"rendered":"http:\/\/agora.xtec.cat\/cfalloretdemar\/?page_id=2597"},"modified":"2025-05-22T17:13:41","modified_gmt":"2025-05-22T15:13:41","slug":"organitzacio-interna","status":"publish","type":"page","link":"https:\/\/agora.xtec.cat\/cfalloretdemar\/el-centre\/organitzacio-interna\/","title":{"rendered":"Organitzaci\u00f3 interna"},"content":{"rendered":"<h4><\/h4>\n<h4><\/h4>\n<h4><strong>\u00a0<em>Equip directiu:<\/em><\/strong><\/h4>\n<p style=\"padding-left: 40px;\">Directora: <strong>Al\u00edcia Espuig Bermell<\/strong><\/p>\n<ul>\n<li style=\"list-style-type: none;\">\n<ul>\n<li style=\"list-style-type: none;\">\n<ul>\n<li style=\"list-style-type: none;\">\n<ul>\n<li style=\"list-style-type: none;\">\n<ul>\n<li>Llicenciada en matem\u00e0tiques (professora de l&#8217;\u00e0mbit cientificotecnol\u00f2gic)<\/li>\n<li>M\u00e9s de 25 anys a l\u2019ensenyament; dels quals, 14 anys al CFA Lloret de Mar.<\/li>\n<li>6 anys com a directora del CFA Lloret de Mar<\/li>\n<li>Actualment imparteix classes a GES i al curs de preparaci\u00f3 per a la prova d&#8217;acc\u00e9s a CFGS.<\/li>\n<\/ul>\n<\/li>\n<\/ul>\n<\/li>\n<\/ul>\n<\/li>\n<\/ul>\n<\/li>\n<\/ul>\n<p style=\"padding-left: 40px;\">Cap d\u2019estudis: <strong>Gemma Fradera i Barb\u00e9<\/strong><\/p>\n<ul>\n<li style=\"list-style-type: none;\">\n<ul>\n<li style=\"list-style-type: none;\">\n<ul>\n<li style=\"list-style-type: none;\">\n<ul>\n<li style=\"list-style-type: none;\">\n<ul>\n<li>Llicenciada en filologia hisp\u00e0nica i catalana (\u00e0mbit de comunicaci\u00f3)<\/li>\n<li>Actualment imparteix classes a GES i al curs de preparaci\u00f3 per a la prova d&#8217;acc\u00e9s a CFGS.<\/li>\n<\/ul>\n<\/li>\n<\/ul>\n<\/li>\n<\/ul>\n<\/li>\n<\/ul>\n<\/li>\n<\/ul>\n<p style=\"padding-left: 40px;\">Secret\u00e0ria<strong>: Rosa Serafini Cabanes<\/strong><\/p>\n<ul>\n<li style=\"list-style-type: none;\">\n<ul>\n<li style=\"list-style-type: none;\">\n<ul>\n<li style=\"list-style-type: none;\">\n<ul>\n<li style=\"list-style-type: none;\">\n<ul>\n<li>Mestra de prim\u00e0ria (especialitat educaci\u00f3 especial)<\/li>\n<li>M\u00e9s de 25 anys a l\u2019ensenyament; dels quals, 7 anys al CFA Lloret de Mar.<\/li>\n<li>Actualment imparteix classes de COMPETIC, de formaci\u00f3 instrumental i de llengua castellana per a estrangers.<\/li>\n<\/ul>\n<\/li>\n<\/ul>\n<\/li>\n<\/ul>\n<\/li>\n<\/ul>\n<\/li>\n<\/ul>\n<h4><strong><em>Professorat i coordinacions:<\/em><\/strong><\/h4>\n<p style=\"padding-left: 40px;\"><strong>Neus Masferrer Avellaneda <\/strong>(Coord. Conviv\u00e8ncia, coeducaci\u00f3 i benestar de l&#8217;alumnat)<\/p>\n<p style=\"padding-left: 40px;\"><strong>Carla P\u00e9rez Morell <\/strong>(Coord. Ensenyaments inicials i b\u00e0sics)<\/p>\n<p style=\"padding-left: 40px;\"><strong>Carolina Vernone Prim<\/strong><\/p>\n<p style=\"padding-left: 40px;\"><strong>Al\u00edcia Espuig Bermell\u00a0<\/strong><\/p>\n<p style=\"padding-left: 40px;\"><strong>Nat\u00e0lia Molodykh<\/strong><\/p>\n<p style=\"padding-left: 40px;\"><strong>Joan Mart\u00ed Castell\u00f3 <\/strong>(Coord. GES)<\/p>\n<p style=\"padding-left: 40px;\"><strong>Elena Au\u00f1\u00f3n Plandolit<\/strong><\/p>\n<p style=\"padding-left: 40px;\"><strong>Gemma Fradera i Barb\u00e9 <\/strong>(Coord. Proves d\u2019acc\u00e9s)<\/p>\n<p style=\"padding-left: 40px;\"><strong>Rosa Serafini Cabanes <\/strong>(Coord. de Compet\u00e8ncies per a la societat de la informaci\u00f3)<\/p>\n<h4><strong><em>Administraci\u00f3 i serveis:<\/em><\/strong><\/h4>\n<p style=\"padding-left: 40px;\"><strong>M\u00f2nica Losada Oncina<\/strong> (Administrativa)<\/p>\n","protected":false},"excerpt":{"rendered":"<p>\u00a0Equip directiu:<br \/>\nDirectora: Al\u00edcia Espuig Bermell<\/p>\n<ul>\n<li style=\"list-style-type: none;\">\n<ul>\n<li style=\"list-style-type: none;\">\n<ul>\n<li style=\"list-style-type: none;\">\n<ul>\n<li style=\"list-style-type: none;\">\n<ul>\n<li>Llicenciada en matem\u00e0tiques (professora de l&#8217;\u00e0mbit cientificotecnol\u00f2gic)<\/li>\n<li>M\u00e9s de 25 anys a l\u2019ensenyament; dels quals, 14 anys al CFA Lloret de Mar.<\/li>\n<li>6 anys com a directora del CFA Lloret de Mar<\/li>\n<li>Actualment imparteix classes a&hellip;  <a href=\"https:\/\/agora.xtec.cat\/cfalloretdemar\/el-centre\/organitzacio-interna\/\" title=\"Read Organitzaci\u00f3 interna\">Llegeix m\u00e9s\u00bb<\/a><br \/>\n","protected":false},"author":1,"featured_media":0,"parent":516,"menu_order":4,"comment_status":"closed","ping_status":"closed","template":"","meta":{"_bbp_topic_count":0,"_bbp_reply_count":0,"_bbp_total_topic_count":0,"_bbp_total_reply_count":0,"_bbp_voice_count":0,"_bbp_anonymous_reply_count":0,"_bbp_topic_count_hidden":0,"_bbp_reply_count_hidden":0,"_bbp_forum_subforum_count":0,"footnotes":""},"class_list":["post-2597","page","type-page","status-publish","hentry"],"post_mailing_queue_ids":[],"_links":{"self":[{"href":"https:\/\/agora.xtec.cat\/cfalloretdemar\/wp-json\/wp\/v2\/pages\/2597","targetHints":{"allow":["GET"]}}],"collection":[{"href":"https:\/\/agora.xtec.cat\/cfalloretdemar\/wp-json\/wp\/v2\/pages"}],"about":[{"href":"https:\/\/agora.xtec.cat\/cfalloretdemar\/wp-json\/wp\/v2\/types\/page"}],"author":[{"embeddable":true,"href":"https:\/\/agora.xtec.cat\/cfalloretdemar\/wp-json\/wp\/v2\/users\/1"}],"replies":[{"embeddable":true,"href":"https:\/\/agora.xtec.cat\/cfalloretdemar\/wp-json\/wp\/v2\/comments?post=2597"}],"version-history":[{"count":6,"href":"https:\/\/agora.xtec.cat\/cfalloretdemar\/wp-json\/wp\/v2\/pages\/2597\/revisions"}],"predecessor-version":[{"id":4122,"href":"https:\/\/agora.xtec.cat\/cfalloretdemar\/wp-json\/wp\/v2\/pages\/2597\/revisions\/4122"}],"up":[{"embeddable":true,"href":"https:\/\/agora.xtec.cat\/cfalloretdemar\/wp-json\/wp\/v2\/pages\/516"}],"wp:attachment":[{"href":"https:\/\/agora.xtec.cat\/cfalloretdemar\/wp-json\/wp\/v2\/media?parent=2597"}],"curies":[{"name":"wp","href":"https:\/\/api.w.org\/{rel}","templated":true}]}}