{"id":339,"date":"2015-01-28T12:22:56","date_gmt":"2015-01-28T11:22:56","guid":{"rendered":"http:\/\/agora.xtec.cat\/afalloreda\/?page_id=339"},"modified":"2024-06-07T12:42:41","modified_gmt":"2024-06-07T10:42:41","slug":"contacte","status":"publish","type":"page","link":"https:\/\/agora.xtec.cat\/cfalloredalapau\/escola\/contacte\/","title":{"rendered":"Documents de centre"},"content":{"rendered":"<h5><strong><span style=\"color: #993366;\">NOFC <\/span><\/strong>Normes d\u2019Organitzaci\u00f3 i Funcionament de Centre<\/h5>\n<p>Les NOFC cont\u00e9 elements relacionats amb l\u2019estructura organitzativa del centre, regula aspectes relacionats amb la participaci\u00f3 de la comunitat escolar en la vida del centre, concreta les normes de conviv\u00e8ncia del centre i l\u2019aplicaci\u00f3 de mesures per a la promoci\u00f3 de la conviv\u00e8ncia i dels mecanismes de mediaci\u00f3, i la definici\u00f3 de les faltes lleus dels alumnes i l\u2019establiment de mesures correctores i sancionadores.<\/p>\n<h5><strong><span style=\"color: #993366;\">PEC<span style=\"color: #000000;\"> Projecte Educatiu de Centre<\/span><\/span><\/strong><\/h5>\n<p>El projecte educatiu de centre (PEC) \u00e9s un document que inclou els trets d\u2019identitat del nostre centre, els principis pedag\u00f2gics, els principis organitzatius.<\/p>\n<p>El projecte educatiu incorpora el car\u00e0cter propi del centre i cont\u00e9 els elements seg\u00fcents:<\/p>\n<ul>\n<li>Criteris d\u2019ordenaci\u00f3 pedag\u00f2gica, prioritats i plantejaments educatius, procediments d\u2019inclusi\u00f3 i altres actuacions que caracteritzen el centre.<\/li>\n<li>Concreci\u00f3 i desenvolupament dels curr\u00edculums.<\/li>\n<li>Criteris que defineixen l\u2019estructura organitzativa.<\/li>\n<li>Car\u00e0cter propi del centre.<\/li>\n<\/ul>\n<p><a href=\"https:\/\/agora.xtec.cat\/cfalloredalapau\/wp-content\/uploads\/usu1854\/2024\/06\/CFA-Lloreda-PEC_2021-02-19.pdf\">CFA Lloreda PEC_2021-02-19<\/a><\/p>\n<h5><span style=\"color: #993366;\"><strong>Projecte Ling\u00fc\u00edstic<\/strong><br \/>\n<\/span><\/h5>\n<p>El projecte ling\u00fc\u00edstic \u00e9s el document que recull els aspectes relatius a l&#8217;ensenyament i a l&#8217;\u00fas de les lleng\u00fces en el centre educatiu.<\/p>\n<p>En aquest document queden definits el tractament de la llengua catalana com a llengua vehicular i d&#8217;aprenentatge, el proc\u00e9s d&#8217;ensenyament i aprenentatge de la llengua castellana, les diferents opcions amb refer\u00e8ncia a les lleng\u00fces estrangeres i els criteris generals per a les adequacions de les lleng\u00fces a la realitat socioling\u00fc\u00edstica del centre.<\/p>\n<p><a href=\"https:\/\/agora.xtec.cat\/cfalloredalapau\/wp-content\/uploads\/usu1854\/2024\/06\/CFA-Lloreda-Projecte-Linguistic-2022-06-10.pdf\">CFA Lloreda Projecte Ling\u00fc\u00edstic 2022-06-10<\/a><\/p>\n<h5><strong><span style=\"color: #993366;\">Pla d&#8217;Acollida i Acompanyament<\/span><\/strong><\/h5>\n<p>El Pla d\u2019Acollida defineixi els processos a seguir durant l\u2019arribada de nous membres de la comunitat escolar (alumnes, professorat, PAS, etc.) i contempla una estructura organitzativa que permet plantejar l\u2019acollida com un proc\u00e9s gradual i seq\u00fcenciat en el temps, no quedant restringida a un primer contacte o trobada inicial.<\/p>\n<p><a href=\"https:\/\/agora.xtec.cat\/cfalloredalapau\/wp-content\/uploads\/usu1854\/2024\/06\/CFA-Lloreda-Pla-Acollida-i-Acompanyamnet-2021-01-20.pdf\">CFA Lloreda Pla Acollida i Acompanyamnet 2021-01-20<\/a><\/p>\n","protected":false},"excerpt":{"rendered":"<p>NOFC Normes d\u2019Organitzaci\u00f3 i Funcionament de Centre<br \/>\nLes NOFC cont\u00e9 elements relacionats amb l\u2019estructura organitzativa del centre, regula aspectes relacionats amb la participaci\u00f3 de la comunitat escolar en la vida del centre, concreta les normes de conviv\u00e8ncia del centre i l\u2019aplicaci\u00f3 de mesures per a la&hellip;  <a href=\"https:\/\/agora.xtec.cat\/cfalloredalapau\/escola\/contacte\/\" title=\"Read Documents de centre\">Llegeix m\u00e9s\u00bb<\/a><\/p>\n","protected":false},"author":1,"featured_media":0,"parent":874,"menu_order":0,"comment_status":"closed","ping_status":"closed","template":"","meta":{"_bbp_topic_count":0,"_bbp_reply_count":0,"_bbp_total_topic_count":0,"_bbp_total_reply_count":0,"_bbp_voice_count":0,"_bbp_anonymous_reply_count":0,"_bbp_topic_count_hidden":0,"_bbp_reply_count_hidden":0,"_bbp_forum_subforum_count":0,"footnotes":""},"class_list":["post-339","page","type-page","status-publish","hentry"],"post_mailing_queue_ids":[],"_links":{"self":[{"href":"https:\/\/agora.xtec.cat\/cfalloredalapau\/wp-json\/wp\/v2\/pages\/339","targetHints":{"allow":["GET"]}}],"collection":[{"href":"https:\/\/agora.xtec.cat\/cfalloredalapau\/wp-json\/wp\/v2\/pages"}],"about":[{"href":"https:\/\/agora.xtec.cat\/cfalloredalapau\/wp-json\/wp\/v2\/types\/page"}],"author":[{"embeddable":true,"href":"https:\/\/agora.xtec.cat\/cfalloredalapau\/wp-json\/wp\/v2\/users\/1"}],"replies":[{"embeddable":true,"href":"https:\/\/agora.xtec.cat\/cfalloredalapau\/wp-json\/wp\/v2\/comments?post=339"}],"version-history":[{"count":6,"href":"https:\/\/agora.xtec.cat\/cfalloredalapau\/wp-json\/wp\/v2\/pages\/339\/revisions"}],"predecessor-version":[{"id":2410,"href":"https:\/\/agora.xtec.cat\/cfalloredalapau\/wp-json\/wp\/v2\/pages\/339\/revisions\/2410"}],"up":[{"embeddable":true,"href":"https:\/\/agora.xtec.cat\/cfalloredalapau\/wp-json\/wp\/v2\/pages\/874"}],"wp:attachment":[{"href":"https:\/\/agora.xtec.cat\/cfalloredalapau\/wp-json\/wp\/v2\/media?parent=339"}],"curies":[{"name":"wp","href":"https:\/\/api.w.org\/{rel}","templated":true}]}}