{"id":1660,"date":"2023-02-09T11:14:39","date_gmt":"2023-02-09T10:14:39","guid":{"rendered":"https:\/\/agora.xtec.cat\/cfalaverneda\/?page_id=1660"},"modified":"2025-06-30T16:43:24","modified_gmt":"2025-06-30T14:43:24","slug":"llengua-castellana","status":"publish","type":"page","link":"https:\/\/agora.xtec.cat\/cfalaverneda\/ensenyaments\/ensenyaments-inicials-i-formacio-basica\/llengua-castellana\/","title":{"rendered":"Llengua castellana"},"content":{"rendered":"<h3 data-start=\"130\" data-end=\"176\">\ud83d\udcd5 Cursos de castell\u00e0 \u2013 Nivells i durada<\/h3>\n<p data-start=\"210\" data-end=\"617\">Els cursos de <strong data-start=\"224\" data-end=\"269\">llengua castellana per a persones adultes<\/strong> estan especialment adre\u00e7ats a <strong data-start=\"300\" data-end=\"324\">persones nouvingudes<\/strong> o a qualsevol persona que vulgui <strong data-start=\"358\" data-end=\"393\">aprendre o refor\u00e7ar el castell\u00e0<\/strong> com a eina de comunicaci\u00f3 per a la vida quotidiana, els estudis o l\u2019\u00e0mbit laboral. L\u2019aprenentatge es fa de forma progressiva i pr\u00e0ctica, amb nivells adaptats al <strong data-start=\"555\" data-end=\"616\">Marc Europeu Com\u00fa de Refer\u00e8ncia per a les Lleng\u00fces (MECR)<\/strong>.<\/p>\n<h6>Nivells<\/h6>\n<p>Castell\u00e0 1 (A1) &#8211;\u00a0 2 grups de mat\u00ed<br \/>\nCastell\u00e0 2 (A2) &#8211; 2 grups de mat\u00ed<br \/>\nCastell\u00e0 3 (B1) &#8211; 1 grup de mat\u00ed<\/p>\n<h6>Durada<\/h6>\n<div class=\"_tableContainer_80l1q_1\">\n<div class=\"_tableWrapper_80l1q_14 group flex w-fit flex-col-reverse\" tabindex=\"-1\">\n<table class=\"w-fit min-w-(--thread-content-width)\" style=\"width: 100%; height: 208px;\" data-start=\"619\" data-end=\"991\">\n<thead data-start=\"619\" data-end=\"691\">\n<tr style=\"height: 52px;\" data-start=\"619\" data-end=\"691\">\n<th style=\"text-align: center; height: 52px;\" data-start=\"619\" data-end=\"640\" data-col-size=\"sm\"><strong data-start=\"621\" data-end=\"631\">Nivell<\/strong><\/th>\n<th style=\"text-align: center; height: 52px;\" data-start=\"640\" data-end=\"668\" data-col-size=\"sm\"><strong data-start=\"642\" data-end=\"667\">Hores lectives anuals<\/strong><\/th>\n<th style=\"text-align: center; height: 52px;\" data-start=\"668\" data-end=\"691\" data-col-size=\"sm\"><strong data-start=\"670\" data-end=\"689\">Hores setmanals<\/strong><\/th>\n<\/tr>\n<\/thead>\n<tbody data-start=\"767\" data-end=\"991\">\n<tr style=\"height: 52px;\" data-start=\"767\" data-end=\"841\">\n<td style=\"text-align: center; height: 52px;\" data-start=\"767\" data-end=\"788\" data-col-size=\"sm\">Castell\u00e0 1 (A1)<\/td>\n<td style=\"text-align: center; height: 52px;\" data-col-size=\"sm\" data-start=\"788\" data-end=\"817\">105 h<\/td>\n<td style=\"text-align: center; height: 52px;\" data-col-size=\"sm\" data-start=\"817\" data-end=\"841\">3 h \/ setmana<\/td>\n<\/tr>\n<tr style=\"height: 52px;\" data-start=\"842\" data-end=\"916\">\n<td style=\"text-align: center; height: 52px;\" data-start=\"842\" data-end=\"863\" data-col-size=\"sm\">Castell\u00e0 2 (A2)<\/td>\n<td style=\"text-align: center; height: 52px;\" data-col-size=\"sm\" data-start=\"863\" data-end=\"892\">140 h<\/td>\n<td style=\"text-align: center; height: 52px;\" data-col-size=\"sm\" data-start=\"892\" data-end=\"916\">4 h \/ setmana<\/td>\n<\/tr>\n<tr style=\"height: 52px;\" data-start=\"917\" data-end=\"991\">\n<td style=\"text-align: center; height: 52px;\" data-start=\"917\" data-end=\"938\" data-col-size=\"sm\">Castell\u00e0 3 (B1)<\/td>\n<td style=\"text-align: center; height: 52px;\" data-col-size=\"sm\" data-start=\"938\" data-end=\"967\">140 h<\/td>\n<td style=\"text-align: center; height: 52px;\" data-col-size=\"sm\" data-start=\"967\" data-end=\"991\">4 h \/ setmana<\/td>\n<\/tr>\n<\/tbody>\n<\/table>\n<div class=\"sticky end-(--thread-content-margin) h-0 self-end select-none\">\n<div class=\"absolute end-0 flex items-end\"><span style=\"font-size: 16px;\">Els cursos <\/span><span style=\"font-size: 16px;\">posen l\u2019\u00e8mfasi en la <\/span><strong style=\"font-size: 16px;\" data-start=\"1064\" data-end=\"1095\">comprensi\u00f3 i expressi\u00f3 oral<\/strong><span style=\"font-size: 16px;\">, sense oblidar la lectura i l\u2019escriptura. Ajuden l\u2019alumnat a <\/span><strong style=\"font-size: 16px;\" data-start=\"1157\" data-end=\"1224\">expressar-se amb m\u00e9s seguretat, entendre l\u2019entorn i fer tr\u00e0mits<\/strong><span style=\"font-size: 16px;\">, aix\u00ed com <\/span><strong style=\"font-size: 16px;\" data-start=\"1235\" data-end=\"1309\">accedir a formaci\u00f3 posterior o a noves oportunitats laborals i socials<\/strong><span style=\"font-size: 16px;\">.<\/span><\/div>\n<\/div>\n<\/div>\n<\/div>\n<h5><\/h5>\n<h5><strong>\ud83d\udd52\u00a0Horaris:<\/strong><\/h5>\n<p><a href=\"https:\/\/agora.xtec.cat\/cfalaverneda\/wp-content\/uploads\/usu1193\/2024\/06\/image-6.png\"><img loading=\"lazy\" decoding=\"async\" class=\"size-full wp-image-2272 aligncenter\" src=\"https:\/\/agora.xtec.cat\/cfalaverneda\/wp-content\/uploads\/usu1193\/2024\/06\/image-6.png\" alt=\"\" width=\"464\" height=\"357\" srcset=\"https:\/\/agora.xtec.cat\/cfalaverneda\/wp-content\/uploads\/usu1193\/2024\/06\/image-6.png 464w, https:\/\/agora.xtec.cat\/cfalaverneda\/wp-content\/uploads\/usu1193\/2024\/06\/image-6-300x231.png 300w\" sizes=\"auto, (max-width: 464px) 100vw, 464px\" \/><\/a><\/p>\n<h6>Curr\u00edculum<\/h6>\n<p style=\"text-align: justify;\">RESOLUCI\u00d3 de 10 de maig de 2013, per la qual s\u2019estableixen els curr\u00edculums dels ensenyaments corresponents a llengua catalana i castellana, llengua occitana, denominada aran\u00e8s a l\u2019Aran, i a les lleng\u00fces estrangeres, d\u2019aplicaci\u00f3 als centres de formaci\u00f3 d\u2019adults que depenen del Departament d\u2019Ensenyament.<\/p>\n<p style=\"text-align: justify;\"><a href=\"https:\/\/portaldogc.gencat.cat\/utilsEADOP\/PDF\/7652\/1683438.pdf\">Resoluci\u00f3 ENS\/1403\/2018, de 21 de juny, per la qual s&#8217;estableix el curr\u00edculum de lleng\u00fces estrangeres als centres de formaci\u00f3 d&#8217;adults del Departament d&#8217;Ensenyament<\/a><\/p>\n<h6>Recursos<\/h6>\n<p><a href=\"https:\/\/dle.rae.es\/\">Diccionario de la lengua espa\u00f1ola<\/a><\/p>\n<p>Diccionari en l\u00ednia de la Real Academia Espa\u00f1ola.<\/p>\n<p><a href=\"https:\/\/www.libreria.educacion.gob.es\/libro\/aprender-espanol-con-cortos_180652\/\">Aprender espa\u00f1ol con cortos<\/a><\/p>\n<p>&#8220;Aprender espa\u00f1ol con cortos&#8221; cont\u00e9 activitats per aprendre castell\u00e0 a partir de sis curtmetratges disponibles en l\u00ednia. Les activitats proposades estan concebudes per als nivells A2\/B1 del MCER.<\/p>\n<h6>Aula virtual<\/h6>\n<p>Tots els cursos de castell\u00e0 compten amb un entorn virtual d&#8217;aprenentatge google Classroom.<\/p>\n<h6>Avaluaci\u00f3<\/h6>\n<p style=\"text-align: justify;\">Es considerar\u00e0 que l\u2019alumnat ha superat un nivell d\u2019una llengua quan hagi assolit els objectius corresponents, en aquest cas rebr\u00e0 la qualificaci\u00f3 d\u2019\u201cApte\u201d. En cas contrari, se\u2019l qualificar\u00e0 com a \u201cNo apte\u201d del nivell corresponent. La superaci\u00f3 de cadascun dels nivells de les diferents lleng\u00fces dona dret a l\u2019obtenci\u00f3 d\u2019un certificat acreditatiu em\u00e8s pel centre de formaci\u00f3 d\u2019adults, en qu\u00e8 es far\u00e0 constar, si escau, la correspond\u00e8ncia del nivell assolit amb el seu equivalent segons el Marc Europeu Com\u00fa de Refer\u00e8ncia per a les Lleng\u00fces.<\/p>\n<p><!--a=1--><\/p>\n<p><!----comment node----><!--a=1--><\/p>\n<p><!----comment node----><!--a=1--><\/p>\n","protected":false},"excerpt":{"rendered":"<p>\ud83d\udcd5 Cursos de castell\u00e0 \u2013 Nivells i durada Els cursos de llengua castellana per a persones adultes estan especialment adre\u00e7ats a persones nouvingudes o a qualsevol persona que vulgui aprendre o refor\u00e7ar el castell\u00e0 com a eina de comunicaci\u00f3 per a la vida quotidiana, els estudis o l\u2019\u00e0mbit laboral. L\u2019aprenentatge es fa de forma progressiva [&hellip;]<\/p>\n","protected":false},"author":1,"featured_media":0,"parent":283,"menu_order":2,"comment_status":"closed","ping_status":"closed","template":"","meta":{"_bbp_topic_count":0,"_bbp_reply_count":0,"_bbp_total_topic_count":0,"_bbp_total_reply_count":0,"_bbp_voice_count":0,"_bbp_anonymous_reply_count":0,"_bbp_topic_count_hidden":0,"_bbp_reply_count_hidden":0,"_bbp_forum_subforum_count":0,"site-sidebar-layout":"default","site-content-layout":"","ast-site-content-layout":"default","site-content-style":"default","site-sidebar-style":"default","ast-global-header-display":"","ast-banner-title-visibility":"","ast-main-header-display":"","ast-hfb-above-header-display":"","ast-hfb-below-header-display":"","ast-hfb-mobile-header-display":"","site-post-title":"","ast-breadcrumbs-content":"","ast-featured-img":"","footer-sml-layout":"","theme-transparent-header-meta":"default","adv-header-id-meta":"","stick-header-meta":"","header-above-stick-meta":"","header-main-stick-meta":"","header-below-stick-meta":"","astra-migrate-meta-layouts":"set","ast-page-background-enabled":"default","ast-page-background-meta":{"desktop":{"background-color":"var(--ast-global-color-4)","background-image":"","background-repeat":"repeat","background-position":"center center","background-size":"auto","background-attachment":"scroll","background-type":"","background-media":"","overlay-type":"","overlay-color":"","overlay-opacity":"","overlay-gradient":""},"tablet":{"background-color":"","background-image":"","background-repeat":"repeat","background-position":"center center","background-size":"auto","background-attachment":"scroll","background-type":"","background-media":"","overlay-type":"","overlay-color":"","overlay-opacity":"","overlay-gradient":""},"mobile":{"background-color":"","background-image":"","background-repeat":"repeat","background-position":"center center","background-size":"auto","background-attachment":"scroll","background-type":"","background-media":"","overlay-type":"","overlay-color":"","overlay-opacity":"","overlay-gradient":""}},"ast-content-background-meta":{"desktop":{"background-color":"var(--ast-global-color-5)","background-image":"","background-repeat":"repeat","background-position":"center center","background-size":"auto","background-attachment":"scroll","background-type":"","background-media":"","overlay-type":"","overlay-color":"","overlay-opacity":"","overlay-gradient":""},"tablet":{"background-color":"var(--ast-global-color-5)","background-image":"","background-repeat":"repeat","background-position":"center center","background-size":"auto","background-attachment":"scroll","background-type":"","background-media":"","overlay-type":"","overlay-color":"","overlay-opacity":"","overlay-gradient":""},"mobile":{"background-color":"var(--ast-global-color-5)","background-image":"","background-repeat":"repeat","background-position":"center center","background-size":"auto","background-attachment":"scroll","background-type":"","background-media":"","overlay-type":"","overlay-color":"","overlay-opacity":"","overlay-gradient":""}},"footnotes":""},"class_list":["post-1660","page","type-page","status-publish","hentry"],"post_mailing_queue_ids":[],"_links":{"self":[{"href":"https:\/\/agora.xtec.cat\/cfalaverneda\/wp-json\/wp\/v2\/pages\/1660","targetHints":{"allow":["GET"]}}],"collection":[{"href":"https:\/\/agora.xtec.cat\/cfalaverneda\/wp-json\/wp\/v2\/pages"}],"about":[{"href":"https:\/\/agora.xtec.cat\/cfalaverneda\/wp-json\/wp\/v2\/types\/page"}],"author":[{"embeddable":true,"href":"https:\/\/agora.xtec.cat\/cfalaverneda\/wp-json\/wp\/v2\/users\/1"}],"replies":[{"embeddable":true,"href":"https:\/\/agora.xtec.cat\/cfalaverneda\/wp-json\/wp\/v2\/comments?post=1660"}],"version-history":[{"count":6,"href":"https:\/\/agora.xtec.cat\/cfalaverneda\/wp-json\/wp\/v2\/pages\/1660\/revisions"}],"predecessor-version":[{"id":2992,"href":"https:\/\/agora.xtec.cat\/cfalaverneda\/wp-json\/wp\/v2\/pages\/1660\/revisions\/2992"}],"up":[{"embeddable":true,"href":"https:\/\/agora.xtec.cat\/cfalaverneda\/wp-json\/wp\/v2\/pages\/283"}],"wp:attachment":[{"href":"https:\/\/agora.xtec.cat\/cfalaverneda\/wp-json\/wp\/v2\/media?parent=1660"}],"curies":[{"name":"wp","href":"https:\/\/api.w.org\/{rel}","templated":true}]}}